uawdijnntqw1x1x1
IP : 216.73.216.59
Hostname : server1.cognicert.com
Kernel : Linux server1.cognicert.com 4.18.0-553.109.1.el8_10.x86_64 #1 SMP Mon Mar 2 09:33:18 EST 2026 x86_64
Disable Function : None :)
OS : Linux
PATH:
/
home
/
cognqeap
/
.
/
.
/
.nc_plugin
/
..
/
access-logs
/
iscbonline.cognicert.com-ssl_log
/
/
85.208.96.207 - - [06/Apr/2026:05:22:31 +0000] "GET /item/3023857 HTTP/1.1" 404 30628 "-" "Mozilla/5.0 (compatible; SemrushBot/7~bl; +http://www.semrush.com/bot.html)"
85.208.96.207 - - [06/Apr/2026:05:22:34 +0000] "GET /item/3226304 HTTP/1.1" 404 30652 "-" "Mozilla/5.0 (compatible; SemrushBot/7~bl; +http://www.semrush.com/bot.html)"
125.94.144.102 - - [06/Apr/2026:05:22:36 +0000] "GET / HTTP/1.1" 200 52702 "http://iscbonline.com" "Mozilla/5.0 (iPhone; CPU iPhone OS 13_2_3 like Mac OS X) AppleWebKit/605.1.15 (KHTML, like Gecko) Version/13.0.3 Mobile/15E148 Safari/604.1"
185.191.171.16 - - [06/Apr/2026:05:22:37 +0000] "GET /item/4562716 HTTP/1.1" 404 30639 "-" "Mozilla/5.0 (compatible; SemrushBot/7~bl; +http://www.semrush.com/bot.html)"
85.208.96.208 - - [06/Apr/2026:05:22:42 +0000] "GET /item/3717519 HTTP/1.1" 404 30654 "-" "Mozilla/5.0 (compatible; SemrushBot/7~bl; +http://www.semrush.com/bot.html)"
185.191.171.12 - - [06/Apr/2026:05:22:49 +0000] "GET /item/4361317 HTTP/1.1" 404 30656 "-" "Mozilla/5.0 (compatible; SemrushBot/7~bl; +http://www.semrush.com/bot.html)"
185.191.171.3 - - [06/Apr/2026:05:23:10 +0000] "GET /item/3271292 HTTP/1.1" 404 30649 "-" "Mozilla/5.0 (compatible; SemrushBot/7~bl; +http://www.semrush.com/bot.html)"
185.191.171.16 - - [06/Apr/2026:05:23:29 +0000] "GET /item/5595562 HTTP/1.1" 404 30654 "-" "Mozilla/5.0 (compatible; SemrushBot/7~bl; +http://www.semrush.com/bot.html)"
85.208.96.205 - - [06/Apr/2026:05:23:35 +0000] "GET /item/3219593 HTTP/1.1" 404 30641 "-" "Mozilla/5.0 (compatible; SemrushBot/7~bl; +http://www.semrush.com/bot.html)"
185.191.171.9 - - [06/Apr/2026:05:23:53 +0000] "GET /item/5212443 HTTP/1.1" 404 30659 "-" "Mozilla/5.0 (compatible; SemrushBot/7~bl; +http://www.semrush.com/bot.html)"
185.191.171.19 - - [06/Apr/2026:05:23:55 +0000] "GET /item/2890857 HTTP/1.1" 404 30640 "-" "Mozilla/5.0 (compatible; SemrushBot/7~bl; +http://www.semrush.com/bot.html)"
185.191.171.3 - - [06/Apr/2026:05:24:09 +0000] "GET /item/5481087 HTTP/1.1" 404 30630 "-" "Mozilla/5.0 (compatible; SemrushBot/7~bl; +http://www.semrush.com/bot.html)"
185.191.171.16 - - [06/Apr/2026:05:24:27 +0000] "GET /item/3294172 HTTP/1.1" 404 30647 "-" "Mozilla/5.0 (compatible; SemrushBot/7~bl; +http://www.semrush.com/bot.html)"
185.191.171.2 - - [06/Apr/2026:05:24:43 +0000] "GET /item/3428800 HTTP/1.1" 404 30677 "-" "Mozilla/5.0 (compatible; SemrushBot/7~bl; +http://www.semrush.com/bot.html)"
85.208.96.207 - - [06/Apr/2026:05:24:58 +0000] "GET /item/4958077 HTTP/1.1" 404 30662 "-" "Mozilla/5.0 (compatible; SemrushBot/7~bl; +http://www.semrush.com/bot.html)"
85.208.96.204 - - [06/Apr/2026:05:25:06 +0000] "GET /item/3509407 HTTP/1.1" 404 30635 "-" "Mozilla/5.0 (compatible; SemrushBot/7~bl; +http://www.semrush.com/bot.html)"
185.191.171.2 - - [06/Apr/2026:05:25:23 +0000] "GET /item/3839133 HTTP/1.1" 404 30649 "-" "Mozilla/5.0 (compatible; SemrushBot/7~bl; +http://www.semrush.com/bot.html)"
85.208.96.205 - - [06/Apr/2026:05:25:54 +0000] "GET /item/4746186 HTTP/1.1" 404 30634 "-" "Mozilla/5.0 (compatible; SemrushBot/7~bl; +http://www.semrush.com/bot.html)"
85.208.96.208 - - [06/Apr/2026:05:25:57 +0000] "GET /item/5811020 HTTP/1.1" 404 30654 "-" "Mozilla/5.0 (compatible; SemrushBot/7~bl; +http://www.semrush.com/bot.html)"
85.208.96.207 - - [06/Apr/2026:05:26:20 +0000] "GET /item/3201471 HTTP/1.1" 404 30650 "-" "Mozilla/5.0 (compatible; SemrushBot/7~bl; +http://www.semrush.com/bot.html)"
85.208.96.206 - - [06/Apr/2026:05:26:33 +0000] "GET /item/4592845 HTTP/1.1" 404 30653 "-" "Mozilla/5.0 (compatible; SemrushBot/7~bl; +http://www.semrush.com/bot.html)"
85.208.96.206 - - [06/Apr/2026:05:26:43 +0000] "GET /item/5382548 HTTP/1.1" 404 30630 "-" "Mozilla/5.0 (compatible; SemrushBot/7~bl; +http://www.semrush.com/bot.html)"
185.191.171.13 - - [06/Apr/2026:05:26:49 +0000] "GET /item/4143533 HTTP/1.1" 404 30659 "-" "Mozilla/5.0 (compatible; SemrushBot/7~bl; +http://www.semrush.com/bot.html)"
185.191.171.9 - - [06/Apr/2026:05:26:53 +0000] "GET /item/4905952 HTTP/1.1" 404 30629 "-" "Mozilla/5.0 (compatible; SemrushBot/7~bl; +http://www.semrush.com/bot.html)"
85.208.96.196 - - [06/Apr/2026:05:26:55 +0000] "GET /item/5745318 HTTP/1.1" 404 30644 "-" "Mozilla/5.0 (compatible; SemrushBot/7~bl; +http://www.semrush.com/bot.html)"
85.208.96.196 - - [06/Apr/2026:05:27:23 +0000] "GET /item/5182099 HTTP/1.1" 404 30639 "-" "Mozilla/5.0 (compatible; SemrushBot/7~bl; +http://www.semrush.com/bot.html)"
185.191.171.16 - - [06/Apr/2026:05:27:26 +0000] "GET /item/5149546 HTTP/1.1" 404 30635 "-" "Mozilla/5.0 (compatible; SemrushBot/7~bl; +http://www.semrush.com/bot.html)"
85.208.96.196 - - [06/Apr/2026:05:27:36 +0000] "GET /item/2920672 HTTP/1.1" 404 30639 "-" "Mozilla/5.0 (compatible; SemrushBot/7~bl; +http://www.semrush.com/bot.html)"
85.208.96.200 - - [06/Apr/2026:05:27:40 +0000] "GET /item/2929315 HTTP/1.1" 404 30662 "-" "Mozilla/5.0 (compatible; SemrushBot/7~bl; +http://www.semrush.com/bot.html)"
185.191.171.10 - - [06/Apr/2026:05:28:09 +0000] "GET /item/3008246 HTTP/1.1" 404 30630 "-" "Mozilla/5.0 (compatible; SemrushBot/7~bl; +http://www.semrush.com/bot.html)"
185.191.171.16 - - [06/Apr/2026:05:28:15 +0000] "GET /item/3316612 HTTP/1.1" 404 30654 "-" "Mozilla/5.0 (compatible; SemrushBot/7~bl; +http://www.semrush.com/bot.html)"
85.208.96.207 - - [06/Apr/2026:05:28:22 +0000] "GET /item/4776275 HTTP/1.1" 404 30641 "-" "Mozilla/5.0 (compatible; SemrushBot/7~bl; +http://www.semrush.com/bot.html)"
197.0.8.69 - - [06/Apr/2026:05:28:24 +0000] "GET /?fluentcrm=1&route=open&_e_hash=ee4f6b21-faab-4ebf-96e8-8bdef97e0dbb&_e_id=15931 HTTP/1.1" 200 52670 "-" "Mozilla/4.0 (compatible; ms-office; MSOffice 16)"
197.0.8.69 - - [06/Apr/2026:05:28:35 +0000] "GET /?fluentcrm=1&route=open&_e_hash=ee4f6b21-faab-4ebf-96e8-8bdef97e0dbb&_e_id=15931 HTTP/1.1" 200 52637 "-" "Mozilla/4.0 (compatible; ms-office; MSOffice 16)"
85.208.96.203 - - [06/Apr/2026:05:28:39 +0000] "GET /item/3693454 HTTP/1.1" 404 30648 "-" "Mozilla/5.0 (compatible; SemrushBot/7~bl; +http://www.semrush.com/bot.html)"
185.191.171.16 - - [06/Apr/2026:05:28:44 +0000] "GET /item/5423349 HTTP/1.1" 404 30629 "-" "Mozilla/5.0 (compatible; SemrushBot/7~bl; +http://www.semrush.com/bot.html)"
185.191.171.9 - - [06/Apr/2026:05:29:05 +0000] "GET /item/5757007 HTTP/1.1" 404 30634 "-" "Mozilla/5.0 (compatible; SemrushBot/7~bl; +http://www.semrush.com/bot.html)"
85.208.96.197 - - [06/Apr/2026:05:29:07 +0000] "GET /item/3689203 HTTP/1.1" 404 30634 "-" "Mozilla/5.0 (compatible; SemrushBot/7~bl; +http://www.semrush.com/bot.html)"
185.191.171.9 - - [06/Apr/2026:05:29:16 +0000] "GET /item/4876961 HTTP/1.1" 404 30661 "-" "Mozilla/5.0 (compatible; SemrushBot/7~bl; +http://www.semrush.com/bot.html)"
185.191.171.19 - - [06/Apr/2026:05:29:36 +0000] "GET /item/5112590 HTTP/1.1" 404 30659 "-" "Mozilla/5.0 (compatible; SemrushBot/7~bl; +http://www.semrush.com/bot.html)"
85.208.96.197 - - [06/Apr/2026:05:30:02 +0000] "GET /item/5478863 HTTP/1.1" 404 30633 "-" "Mozilla/5.0 (compatible; SemrushBot/7~bl; +http://www.semrush.com/bot.html)"
185.191.171.13 - - [06/Apr/2026:05:30:45 +0000] "GET /item/5689512 HTTP/1.1" 404 30640 "-" "Mozilla/5.0 (compatible; SemrushBot/7~bl; +http://www.semrush.com/bot.html)"
85.208.96.205 - - [06/Apr/2026:05:30:48 +0000] "GET /item/5603430 HTTP/1.1" 404 30635 "-" "Mozilla/5.0 (compatible; SemrushBot/7~bl; +http://www.semrush.com/bot.html)"
85.208.96.200 - - [06/Apr/2026:05:30:50 +0000] "GET /item/5425377 HTTP/1.1" 404 30602 "-" "Mozilla/5.0 (compatible; SemrushBot/7~bl; +http://www.semrush.com/bot.html)"
85.208.96.200 - - [06/Apr/2026:05:31:04 +0000] "GET /item/5090082 HTTP/1.1" 404 30631 "-" "Mozilla/5.0 (compatible; SemrushBot/7~bl; +http://www.semrush.com/bot.html)"
85.208.96.195 - - [06/Apr/2026:05:31:06 +0000] "GET /item/3256141 HTTP/1.1" 404 30652 "-" "Mozilla/5.0 (compatible; SemrushBot/7~bl; +http://www.semrush.com/bot.html)"
85.208.96.207 - - [06/Apr/2026:05:31:11 +0000] "GET /item/3190570 HTTP/1.1" 404 30634 "-" "Mozilla/5.0 (compatible; SemrushBot/7~bl; +http://www.semrush.com/bot.html)"
185.191.171.11 - - [06/Apr/2026:05:31:30 +0000] "GET /item/5517546 HTTP/1.1" 404 30645 "-" "Mozilla/5.0 (compatible; SemrushBot/7~bl; +http://www.semrush.com/bot.html)"
172.237.147.67 - - [06/Apr/2026:05:31:30 +0000] "HEAD / HTTP/1.1" 200 - "-" "Mozilla/5.0 (compatible; SSL-Checker/1.0)"
185.191.171.17 - - [06/Apr/2026:05:31:45 +0000] "GET /item/4780471 HTTP/1.1" 404 30650 "-" "Mozilla/5.0 (compatible; SemrushBot/7~bl; +http://www.semrush.com/bot.html)"
185.191.171.12 - - [06/Apr/2026:05:31:49 +0000] "GET /item/3273444 HTTP/1.1" 404 30662 "-" "Mozilla/5.0 (compatible; SemrushBot/7~bl; +http://www.semrush.com/bot.html)"
85.208.96.198 - - [06/Apr/2026:05:31:56 +0000] "GET /item/3658826 HTTP/1.1" 404 30645 "-" "Mozilla/5.0 (compatible; SemrushBot/7~bl; +http://www.semrush.com/bot.html)"
185.191.171.7 - - [06/Apr/2026:05:32:07 +0000] "GET /item/4916775 HTTP/1.1" 404 30658 "-" "Mozilla/5.0 (compatible; SemrushBot/7~bl; +http://www.semrush.com/bot.html)"
85.208.96.199 - - [06/Apr/2026:05:32:27 +0000] "GET /item/4419331 HTTP/1.1" 404 30645 "-" "Mozilla/5.0 (compatible; SemrushBot/7~bl; +http://www.semrush.com/bot.html)"
185.191.171.16 - - [06/Apr/2026:05:32:37 +0000] "GET /item/3757003 HTTP/1.1" 404 30661 "-" "Mozilla/5.0 (compatible; SemrushBot/7~bl; +http://www.semrush.com/bot.html)"
85.208.96.195 - - [06/Apr/2026:05:32:40 +0000] "GET /item/5192337 HTTP/1.1" 404 30641 "-" "Mozilla/5.0 (compatible; SemrushBot/7~bl; +http://www.semrush.com/bot.html)"
185.191.171.16 - - [06/Apr/2026:05:33:06 +0000] "GET /item/3909305 HTTP/1.1" 404 30642 "-" "Mozilla/5.0 (compatible; SemrushBot/7~bl; +http://www.semrush.com/bot.html)"
85.208.96.195 - - [06/Apr/2026:05:33:10 +0000] "GET /item/4755652 HTTP/1.1" 404 30662 "-" "Mozilla/5.0 (compatible; SemrushBot/7~bl; +http://www.semrush.com/bot.html)"
185.191.171.16 - - [06/Apr/2026:05:33:13 +0000] "GET /item/3988372 HTTP/1.1" 404 30625 "-" "Mozilla/5.0 (compatible; SemrushBot/7~bl; +http://www.semrush.com/bot.html)"
185.191.171.3 - - [06/Apr/2026:05:33:20 +0000] "GET /item/5232557 HTTP/1.1" 404 30623 "-" "Mozilla/5.0 (compatible; SemrushBot/7~bl; +http://www.semrush.com/bot.html)"
85.208.96.195 - - [06/Apr/2026:05:33:51 +0000] "GET /item/4952256 HTTP/1.1" 404 30648 "-" "Mozilla/5.0 (compatible; SemrushBot/7~bl; +http://www.semrush.com/bot.html)"
85.208.96.195 - - [06/Apr/2026:05:34:22 +0000] "GET /item/3603575 HTTP/1.1" 404 30669 "-" "Mozilla/5.0 (compatible; SemrushBot/7~bl; +http://www.semrush.com/bot.html)"
185.191.171.15 - - [06/Apr/2026:05:34:36 +0000] "GET /item/5343768 HTTP/1.1" 404 30631 "-" "Mozilla/5.0 (compatible; SemrushBot/7~bl; +http://www.semrush.com/bot.html)"
85.208.96.200 - - [06/Apr/2026:05:34:45 +0000] "GET /item/5747839 HTTP/1.1" 404 30633 "-" "Mozilla/5.0 (compatible; SemrushBot/7~bl; +http://www.semrush.com/bot.html)"
185.191.171.3 - - [06/Apr/2026:05:34:51 +0000] "GET /item/3778271 HTTP/1.1" 404 30615 "-" "Mozilla/5.0 (compatible; SemrushBot/7~bl; +http://www.semrush.com/bot.html)"
85.208.96.200 - - [06/Apr/2026:05:35:03 +0000] "GET /item/3001328 HTTP/1.1" 404 30655 "-" "Mozilla/5.0 (compatible; SemrushBot/7~bl; +http://www.semrush.com/bot.html)"
185.191.171.7 - - [06/Apr/2026:05:35:10 +0000] "GET /item/3601992 HTTP/1.1" 404 30647 "-" "Mozilla/5.0 (compatible; SemrushBot/7~bl; +http://www.semrush.com/bot.html)"
85.208.96.195 - - [06/Apr/2026:05:35:12 +0000] "GET /item/3206968 HTTP/1.1" 404 30626 "-" "Mozilla/5.0 (compatible; SemrushBot/7~bl; +http://www.semrush.com/bot.html)"
185.191.171.13 - - [06/Apr/2026:05:35:34 +0000] "GET /item/5278575 HTTP/1.1" 404 30629 "-" "Mozilla/5.0 (compatible; SemrushBot/7~bl; +http://www.semrush.com/bot.html)"
85.208.96.200 - - [06/Apr/2026:05:35:47 +0000] "GET /item/4079929 HTTP/1.1" 404 30634 "-" "Mozilla/5.0 (compatible; SemrushBot/7~bl; +http://www.semrush.com/bot.html)"
85.208.96.202 - - [06/Apr/2026:05:35:59 +0000] "GET /item/5659054 HTTP/1.1" 404 30644 "-" "Mozilla/5.0 (compatible; SemrushBot/7~bl; +http://www.semrush.com/bot.html)"
85.208.96.194 - - [06/Apr/2026:05:36:18 +0000] "GET /item/4381392 HTTP/1.1" 404 30634 "-" "Mozilla/5.0 (compatible; SemrushBot/7~bl; +http://www.semrush.com/bot.html)"
85.208.96.195 - - [06/Apr/2026:05:36:25 +0000] "GET /item/4019124 HTTP/1.1" 404 30639 "-" "Mozilla/5.0 (compatible; SemrushBot/7~bl; +http://www.semrush.com/bot.html)"
185.191.171.13 - - [06/Apr/2026:05:36:30 +0000] "GET /item/5548988 HTTP/1.1" 404 30638 "-" "Mozilla/5.0 (compatible; SemrushBot/7~bl; +http://www.semrush.com/bot.html)"
185.191.171.12 - - [06/Apr/2026:05:36:35 +0000] "GET /item/5044987 HTTP/1.1" 404 30649 "-" "Mozilla/5.0 (compatible; SemrushBot/7~bl; +http://www.semrush.com/bot.html)"
185.191.171.12 - - [06/Apr/2026:05:36:53 +0000] "GET /item/3957194 HTTP/1.1" 404 30639 "-" "Mozilla/5.0 (compatible; SemrushBot/7~bl; +http://www.semrush.com/bot.html)"
185.191.171.1 - - [06/Apr/2026:05:36:58 +0000] "GET /item/4873399 HTTP/1.1" 404 30643 "-" "Mozilla/5.0 (compatible; SemrushBot/7~bl; +http://www.semrush.com/bot.html)"
85.208.96.210 - - [06/Apr/2026:05:37:00 +0000] "GET /item/3775677 HTTP/1.1" 404 30625 "-" "Mozilla/5.0 (compatible; SemrushBot/7~bl; +http://www.semrush.com/bot.html)"
85.208.96.196 - - [06/Apr/2026:05:37:12 +0000] "GET /item/3190578 HTTP/1.1" 404 30634 "-" "Mozilla/5.0 (compatible; SemrushBot/7~bl; +http://www.semrush.com/bot.html)"
185.191.171.12 - - [06/Apr/2026:05:37:33 +0000] "GET /item/4273734 HTTP/1.1" 404 30650 "-" "Mozilla/5.0 (compatible; SemrushBot/7~bl; +http://www.semrush.com/bot.html)"
85.208.96.211 - - [06/Apr/2026:05:37:52 +0000] "GET /item/3850341 HTTP/1.1" 404 30660 "-" "Mozilla/5.0 (compatible; SemrushBot/7~bl; +http://www.semrush.com/bot.html)"
69.30.225.34 - - [06/Apr/2026:05:38:06 +0000] "GET /?params=1 HTTP/1.1" 200 52667 "-" "Mozilla/5.0 (Windows NT 10.0; Win64; x64) AppleWebKit/537.36 (KHTML, like Gecko) Chrome/131.0.0.0 Safari/537.36"
216.73.216.87 - - [06/Apr/2026:05:38:13 +0000] "GET /robots.txt HTTP/1.1" 200 115 "-" "Mozilla/5.0 AppleWebKit/537.36 (KHTML, like Gecko; compatible; ClaudeBot/1.0; +claudebot@anthropic.com)"
216.73.216.87 - - [06/Apr/2026:05:38:14 +0000] "GET /wp-sitemap.xml HTTP/1.1" 200 532 "-" "Mozilla/5.0 AppleWebKit/537.36 (KHTML, like Gecko; compatible; ClaudeBot/1.0; +claudebot@anthropic.com)"
185.191.171.16 - - [06/Apr/2026:05:38:18 +0000] "GET /item/5689134 HTTP/1.1" 404 30667 "-" "Mozilla/5.0 (compatible; SemrushBot/7~bl; +http://www.semrush.com/bot.html)"
85.208.96.205 - - [06/Apr/2026:05:38:53 +0000] "GET /item/4396554 HTTP/1.1" 404 30656 "-" "Mozilla/5.0 (compatible; SemrushBot/7~bl; +http://www.semrush.com/bot.html)"
85.208.96.198 - - [06/Apr/2026:05:38:55 +0000] "GET /item/4856828 HTTP/1.1" 404 30659 "-" "Mozilla/5.0 (compatible; SemrushBot/7~bl; +http://www.semrush.com/bot.html)"
85.208.96.193 - - [06/Apr/2026:05:38:57 +0000] "GET /item/3219229 HTTP/1.1" 404 30656 "-" "Mozilla/5.0 (compatible; SemrushBot/7~bl; +http://www.semrush.com/bot.html)"
85.208.96.198 - - [06/Apr/2026:05:39:07 +0000] "GET /item/5040638 HTTP/1.1" 404 30644 "-" "Mozilla/5.0 (compatible; SemrushBot/7~bl; +http://www.semrush.com/bot.html)"
185.191.171.14 - - [06/Apr/2026:05:39:16 +0000] "GET /item/4277025 HTTP/1.1" 404 30678 "-" "Mozilla/5.0 (compatible; SemrushBot/7~bl; +http://www.semrush.com/bot.html)"
185.191.171.12 - - [06/Apr/2026:05:39:23 +0000] "GET /item/3851552 HTTP/1.1" 404 30648 "-" "Mozilla/5.0 (compatible; SemrushBot/7~bl; +http://www.semrush.com/bot.html)"
85.208.96.210 - - [06/Apr/2026:05:39:26 +0000] "GET /item/4824700 HTTP/1.1" 404 30647 "-" "Mozilla/5.0 (compatible; SemrushBot/7~bl; +http://www.semrush.com/bot.html)"
185.191.171.16 - - [06/Apr/2026:05:39:30 +0000] "GET /item/4014036 HTTP/1.1" 404 30629 "-" "Mozilla/5.0 (compatible; SemrushBot/7~bl; +http://www.semrush.com/bot.html)"
185.191.171.19 - - [06/Apr/2026:05:39:59 +0000] "GET /item/4543576 HTTP/1.1" 404 30652 "-" "Mozilla/5.0 (compatible; SemrushBot/7~bl; +http://www.semrush.com/bot.html)"
185.191.171.15 - - [06/Apr/2026:05:40:17 +0000] "GET /item/4500206 HTTP/1.1" 404 30629 "-" "Mozilla/5.0 (compatible; SemrushBot/7~bl; +http://www.semrush.com/bot.html)"
85.208.96.206 - - [06/Apr/2026:05:40:33 +0000] "GET /item/3445407 HTTP/1.1" 404 30649 "-" "Mozilla/5.0 (compatible; SemrushBot/7~bl; +http://www.semrush.com/bot.html)"
85.208.96.205 - - [06/Apr/2026:05:40:34 +0000] "GET /item/5776297 HTTP/1.1" 404 30666 "-" "Mozilla/5.0 (compatible; SemrushBot/7~bl; +http://www.semrush.com/bot.html)"
185.191.171.5 - - [06/Apr/2026:05:40:51 +0000] "GET /item/3079819 HTTP/1.1" 404 30653 "-" "Mozilla/5.0 (compatible; SemrushBot/7~bl; +http://www.semrush.com/bot.html)"
185.191.171.5 - - [06/Apr/2026:05:41:11 +0000] "GET /item/3797359 HTTP/1.1" 404 30655 "-" "Mozilla/5.0 (compatible; SemrushBot/7~bl; +http://www.semrush.com/bot.html)"
185.191.171.3 - - [06/Apr/2026:05:41:13 +0000] "GET /item/5119083 HTTP/1.1" 404 30655 "-" "Mozilla/5.0 (compatible; SemrushBot/7~bl; +http://www.semrush.com/bot.html)"
185.191.171.13 - - [06/Apr/2026:05:41:26 +0000] "GET /robots.txt HTTP/1.1" 200 115 "-" "Mozilla/5.0 (compatible; SemrushBot/7~bl; +http://www.semrush.com/bot.html)"
185.191.171.15 - - [06/Apr/2026:05:41:33 +0000] "GET /item/5464845 HTTP/1.1" 404 30629 "-" "Mozilla/5.0 (compatible; SemrushBot/7~bl; +http://www.semrush.com/bot.html)"
85.208.96.200 - - [06/Apr/2026:05:41:36 +0000] "GET /item/3752036 HTTP/1.1" 404 30638 "-" "Mozilla/5.0 (compatible; SemrushBot/7~bl; +http://www.semrush.com/bot.html)"
85.208.96.204 - - [06/Apr/2026:05:41:38 +0000] "GET /item/5347812 HTTP/1.1" 404 30624 "-" "Mozilla/5.0 (compatible; SemrushBot/7~bl; +http://www.semrush.com/bot.html)"
185.191.171.1 - - [06/Apr/2026:05:41:45 +0000] "GET /item/4681946 HTTP/1.1" 404 30657 "-" "Mozilla/5.0 (compatible; SemrushBot/7~bl; +http://www.semrush.com/bot.html)"
185.191.171.18 - - [06/Apr/2026:05:42:23 +0000] "GET /item/3198474 HTTP/1.1" 404 30664 "-" "Mozilla/5.0 (compatible; SemrushBot/7~bl; +http://www.semrush.com/bot.html)"
54.218.81.185 - - [06/Apr/2026:05:42:48 +0000] "POST /wp-login.php HTTP/1.1" 403 1007 "-" "Mozilla/5.0"
185.191.171.6 - - [06/Apr/2026:05:42:49 +0000] "GET /item/4427565 HTTP/1.1" 404 30620 "-" "Mozilla/5.0 (compatible; SemrushBot/7~bl; +http://www.semrush.com/bot.html)"
85.208.96.211 - - [06/Apr/2026:05:42:53 +0000] "GET /item/3121090 HTTP/1.1" 404 30650 "-" "Mozilla/5.0 (compatible; SemrushBot/7~bl; +http://www.semrush.com/bot.html)"
85.208.96.199 - - [06/Apr/2026:05:43:05 +0000] "GET /item/5400348 HTTP/1.1" 404 30629 "-" "Mozilla/5.0 (compatible; SemrushBot/7~bl; +http://www.semrush.com/bot.html)"
85.208.96.195 - - [06/Apr/2026:05:43:13 +0000] "GET /item/3469849 HTTP/1.1" 404 30660 "-" "Mozilla/5.0 (compatible; SemrushBot/7~bl; +http://www.semrush.com/bot.html)"
2.57.168.24 - - [06/Apr/2026:05:43:15 +0000] "POST /wp-login.php HTTP/1.1" 200 7047 "-" "Mozilla/5.0"
85.208.96.201 - - [06/Apr/2026:05:43:30 +0000] "GET /item/4460710 HTTP/1.1" 404 30639 "-" "Mozilla/5.0 (compatible; SemrushBot/7~bl; +http://www.semrush.com/bot.html)"
185.191.171.11 - - [06/Apr/2026:05:43:44 +0000] "GET /item/5148168 HTTP/1.1" 404 30645 "-" "Mozilla/5.0 (compatible; SemrushBot/7~bl; +http://www.semrush.com/bot.html)"
85.208.96.210 - - [06/Apr/2026:05:43:50 +0000] "GET /item/5098981 HTTP/1.1" 404 30662 "-" "Mozilla/5.0 (compatible; SemrushBot/7~bl; +http://www.semrush.com/bot.html)"
185.191.171.10 - - [06/Apr/2026:05:43:54 +0000] "GET /item/5076553 HTTP/1.1" 404 30632 "-" "Mozilla/5.0 (compatible; SemrushBot/7~bl; +http://www.semrush.com/bot.html)"
85.208.96.211 - - [06/Apr/2026:05:44:17 +0000] "GET /item/3034842 HTTP/1.1" 404 30638 "-" "Mozilla/5.0 (compatible; SemrushBot/7~bl; +http://www.semrush.com/bot.html)"
85.208.96.200 - - [06/Apr/2026:05:44:44 +0000] "GET /item/3845445 HTTP/1.1" 404 30639 "-" "Mozilla/5.0 (compatible; SemrushBot/7~bl; +http://www.semrush.com/bot.html)"
185.191.171.10 - - [06/Apr/2026:05:44:47 +0000] "GET /item/5474041 HTTP/1.1" 404 30669 "-" "Mozilla/5.0 (compatible; SemrushBot/7~bl; +http://www.semrush.com/bot.html)"
185.191.171.6 - - [06/Apr/2026:05:44:49 +0000] "GET /item/3876471 HTTP/1.1" 404 30659 "-" "Mozilla/5.0 (compatible; SemrushBot/7~bl; +http://www.semrush.com/bot.html)"
185.191.171.8 - - [06/Apr/2026:05:44:52 +0000] "GET /item/4740441 HTTP/1.1" 404 30631 "-" "Mozilla/5.0 (compatible; SemrushBot/7~bl; +http://www.semrush.com/bot.html)"
85.208.96.204 - - [06/Apr/2026:05:44:54 +0000] "GET /item/4546825 HTTP/1.1" 404 30653 "-" "Mozilla/5.0 (compatible; SemrushBot/7~bl; +http://www.semrush.com/bot.html)"
213.111.152.181 - - [06/Apr/2026:05:45:25 +0000] "GET /wp-includes__a674280/Requests/src/Cookie/index.php?520&d_time HTTP/1.1" 301 - "-" "Mozilla/5.0 (Windows NT 10.0; Win64; x64) AppleWebKit/537.36 (KHTML, like Gecko) Chrome/136.0.0.0 Safari/537.36 Edg/136.0.0.0"
213.111.152.181 - - [06/Apr/2026:05:45:26 +0000] "GET /wp-includes__a674280/Requests/src/Cookie/?520&d_time HTTP/1.1" 404 30660 "-" "Mozilla/5.0 (Windows NT 10.0; Win64; x64) AppleWebKit/537.36 (KHTML, like Gecko) Chrome/136.0.0.0 Safari/537.36 Edg/136.0.0.0"
85.208.96.197 - - [06/Apr/2026:05:45:31 +0000] "GET /item/3005267 HTTP/1.1" 404 30652 "-" "Mozilla/5.0 (compatible; SemrushBot/7~bl; +http://www.semrush.com/bot.html)"
185.191.171.6 - - [06/Apr/2026:05:45:36 +0000] "GET /item/5886584 HTTP/1.1" 404 30629 "-" "Mozilla/5.0 (compatible; SemrushBot/7~bl; +http://www.semrush.com/bot.html)"
85.208.96.209 - - [06/Apr/2026:05:45:38 +0000] "GET /item/3348666 HTTP/1.1" 404 30658 "-" "Mozilla/5.0 (compatible; SemrushBot/7~bl; +http://www.semrush.com/bot.html)"
185.191.171.9 - - [06/Apr/2026:05:45:41 +0000] "GET /item/2918884 HTTP/1.1" 404 30651 "-" "Mozilla/5.0 (compatible; SemrushBot/7~bl; +http://www.semrush.com/bot.html)"
85.208.96.207 - - [06/Apr/2026:05:45:44 +0000] "GET /item/5226326 HTTP/1.1" 404 30659 "-" "Mozilla/5.0 (compatible; SemrushBot/7~bl; +http://www.semrush.com/bot.html)"
85.208.96.207 - - [06/Apr/2026:05:46:39 +0000] "GET /item/2949944 HTTP/1.1" 404 30647 "-" "Mozilla/5.0 (compatible; SemrushBot/7~bl; +http://www.semrush.com/bot.html)"
185.191.171.13 - - [06/Apr/2026:05:46:44 +0000] "GET /item/5682932 HTTP/1.1" 404 30667 "-" "Mozilla/5.0 (compatible; SemrushBot/7~bl; +http://www.semrush.com/bot.html)"
185.191.171.11 - - [06/Apr/2026:05:47:06 +0000] "GET /item/3314338 HTTP/1.1" 404 30643 "-" "Mozilla/5.0 (compatible; SemrushBot/7~bl; +http://www.semrush.com/bot.html)"
85.208.96.195 - - [06/Apr/2026:05:47:14 +0000] "GET /item/5485118 HTTP/1.1" 404 30633 "-" "Mozilla/5.0 (compatible; SemrushBot/7~bl; +http://www.semrush.com/bot.html)"
185.191.171.11 - - [06/Apr/2026:05:47:33 +0000] "GET /item/3429045 HTTP/1.1" 404 30634 "-" "Mozilla/5.0 (compatible; SemrushBot/7~bl; +http://www.semrush.com/bot.html)"
185.191.171.12 - - [06/Apr/2026:05:47:36 +0000] "GET /item/3042221 HTTP/1.1" 404 30629 "-" "Mozilla/5.0 (compatible; SemrushBot/7~bl; +http://www.semrush.com/bot.html)"
85.208.96.203 - - [06/Apr/2026:05:47:42 +0000] "GET /item/5026472 HTTP/1.1" 404 30609 "-" "Mozilla/5.0 (compatible; SemrushBot/7~bl; +http://www.semrush.com/bot.html)"
185.191.171.10 - - [06/Apr/2026:05:48:07 +0000] "GET /item/4997945 HTTP/1.1" 404 30654 "-" "Mozilla/5.0 (compatible; SemrushBot/7~bl; +http://www.semrush.com/bot.html)"
213.111.152.181 - - [06/Apr/2026:05:48:35 +0000] "GET /wp-mail.php?d_time HTTP/1.1" 403 2520 "-" "Mozilla/5.0 (Windows NT 10.0; Win64; x64) AppleWebKit/537.36 (KHTML, like Gecko) Chrome/136.0.0.0 Safari/537.36 Edg/136.0.0.0"
185.191.171.19 - - [06/Apr/2026:05:48:37 +0000] "GET /item/3032794 HTTP/1.1" 404 30630 "-" "Mozilla/5.0 (compatible; SemrushBot/7~bl; +http://www.semrush.com/bot.html)"
185.191.171.12 - - [06/Apr/2026:05:48:50 +0000] "GET /item/4554853 HTTP/1.1" 404 30654 "-" "Mozilla/5.0 (compatible; SemrushBot/7~bl; +http://www.semrush.com/bot.html)"
185.191.171.16 - - [06/Apr/2026:05:49:00 +0000] "GET /item/4748570 HTTP/1.1" 404 30654 "-" "Mozilla/5.0 (compatible; SemrushBot/7~bl; +http://www.semrush.com/bot.html)"
85.208.96.207 - - [06/Apr/2026:05:49:03 +0000] "GET /item/5634279 HTTP/1.1" 404 30663 "-" "Mozilla/5.0 (compatible; SemrushBot/7~bl; +http://www.semrush.com/bot.html)"
185.191.171.10 - - [06/Apr/2026:05:49:06 +0000] "GET /item/5810902 HTTP/1.1" 404 30633 "-" "Mozilla/5.0 (compatible; SemrushBot/7~bl; +http://www.semrush.com/bot.html)"
85.208.96.194 - - [06/Apr/2026:05:49:09 +0000] "GET /item/3954607 HTTP/1.1" 404 30640 "-" "Mozilla/5.0 (compatible; SemrushBot/7~bl; +http://www.semrush.com/bot.html)"
192.64.115.199 - - [06/Apr/2026:05:49:27 +0000] "POST /wp-cron.php?doing_wp_cron=1775454567.5161659717559814453125 HTTP/1.1" 200 - "-" "WordPress/6.9.4; https://iscbonline.com"
85.208.96.210 - - [06/Apr/2026:05:49:27 +0000] "GET /item/3014449 HTTP/1.1" 404 30645 "-" "Mozilla/5.0 (compatible; SemrushBot/7~bl; +http://www.semrush.com/bot.html)"
114.119.145.125 - - [06/Apr/2026:05:49:31 +0000] "GET /wp-content/uploads/2025/12/ISCB-MEDICAL-TESTING-LABORATORY-ACCREDITATION-APPLICATION-FORM.doc HTTP/1.1" 200 81920 "https://iscbonline.com/apply-for-accreditation/" "Mozilla/5.0 (Linux; Android 7.0;) AppleWebKit/537.36 (KHTML, like Gecko) Mobile Safari/537.36 (compatible; PetalBot;+https://webmaster.petalsearch.com/site/petalbot)"
185.191.171.12 - - [06/Apr/2026:05:49:30 +0000] "GET /item/3798587 HTTP/1.1" 404 30643 "-" "Mozilla/5.0 (compatible; SemrushBot/7~bl; +http://www.semrush.com/bot.html)"
85.208.96.208 - - [06/Apr/2026:05:49:39 +0000] "GET /item/5029498 HTTP/1.1" 404 30625 "-" "Mozilla/5.0 (compatible; SemrushBot/7~bl; +http://www.semrush.com/bot.html)"
85.208.96.194 - - [06/Apr/2026:05:49:41 +0000] "GET /item/3648236 HTTP/1.1" 404 30639 "-" "Mozilla/5.0 (compatible; SemrushBot/7~bl; +http://www.semrush.com/bot.html)"
185.191.171.9 - - [06/Apr/2026:05:49:43 +0000] "GET /item/3025614 HTTP/1.1" 404 30639 "-" "Mozilla/5.0 (compatible; SemrushBot/7~bl; +http://www.semrush.com/bot.html)"
185.191.171.10 - - [06/Apr/2026:05:49:51 +0000] "GET /item/4202940 HTTP/1.1" 404 30643 "-" "Mozilla/5.0 (compatible; SemrushBot/7~bl; +http://www.semrush.com/bot.html)"
66.249.66.199 - - [06/Apr/2026:05:50:46 +0000] "GET /shopdetail/rrveuy/i10518080 HTTP/1.1" 404 30651 "-" "Mozilla/5.0 (compatible; Googlebot/2.1; +http://www.google.com/bot.html)"
85.208.96.202 - - [06/Apr/2026:05:50:55 +0000] "GET /item/3748080 HTTP/1.1" 404 30628 "-" "Mozilla/5.0 (compatible; SemrushBot/7~bl; +http://www.semrush.com/bot.html)"
185.191.171.16 - - [06/Apr/2026:05:50:57 +0000] "GET /item/4048133 HTTP/1.1" 404 30639 "-" "Mozilla/5.0 (compatible; SemrushBot/7~bl; +http://www.semrush.com/bot.html)"
185.191.171.4 - - [06/Apr/2026:05:51:09 +0000] "GET /item/4832257 HTTP/1.1" 404 30642 "-" "Mozilla/5.0 (compatible; SemrushBot/7~bl; +http://www.semrush.com/bot.html)"
185.191.171.18 - - [06/Apr/2026:05:51:20 +0000] "GET /item/5827999 HTTP/1.1" 404 30645 "-" "Mozilla/5.0 (compatible; SemrushBot/7~bl; +http://www.semrush.com/bot.html)"
85.208.96.202 - - [06/Apr/2026:05:51:25 +0000] "GET /item/3133635 HTTP/1.1" 404 30650 "-" "Mozilla/5.0 (compatible; SemrushBot/7~bl; +http://www.semrush.com/bot.html)"
185.191.171.16 - - [06/Apr/2026:05:51:38 +0000] "GET /item/3732359 HTTP/1.1" 404 30642 "-" "Mozilla/5.0 (compatible; SemrushBot/7~bl; +http://www.semrush.com/bot.html)"
85.208.96.200 - - [06/Apr/2026:05:51:57 +0000] "GET /item/3727317 HTTP/1.1" 404 30648 "-" "Mozilla/5.0 (compatible; SemrushBot/7~bl; +http://www.semrush.com/bot.html)"
85.208.96.204 - - [06/Apr/2026:05:52:18 +0000] "GET /item/5217494 HTTP/1.1" 404 30640 "-" "Mozilla/5.0 (compatible; SemrushBot/7~bl; +http://www.semrush.com/bot.html)"
185.191.171.2 - - [06/Apr/2026:05:52:25 +0000] "GET /item/4235591 HTTP/1.1" 404 30657 "-" "Mozilla/5.0 (compatible; SemrushBot/7~bl; +http://www.semrush.com/bot.html)"
85.208.96.202 - - [06/Apr/2026:05:52:49 +0000] "GET /item/5230171 HTTP/1.1" 404 30645 "-" "Mozilla/5.0 (compatible; SemrushBot/7~bl; +http://www.semrush.com/bot.html)"
185.191.171.8 - - [06/Apr/2026:05:53:06 +0000] "GET /item/4253255 HTTP/1.1" 404 30647 "-" "Mozilla/5.0 (compatible; SemrushBot/7~bl; +http://www.semrush.com/bot.html)"
185.191.171.10 - - [06/Apr/2026:05:53:10 +0000] "GET /item/3156388 HTTP/1.1" 404 30659 "-" "Mozilla/5.0 (compatible; SemrushBot/7~bl; +http://www.semrush.com/bot.html)"
85.208.96.201 - - [06/Apr/2026:05:53:24 +0000] "GET /item/4803767 HTTP/1.1" 404 30658 "-" "Mozilla/5.0 (compatible; SemrushBot/7~bl; +http://www.semrush.com/bot.html)"
85.208.96.198 - - [06/Apr/2026:05:53:26 +0000] "GET /item/4632334 HTTP/1.1" 404 30654 "-" "Mozilla/5.0 (compatible; SemrushBot/7~bl; +http://www.semrush.com/bot.html)"
103.149.93.19 - - [06/Apr/2026:05:53:32 +0000] "GET /feed/ HTTP/1.1" 301 - "-" "FeedBot/1.0"
185.191.171.12 - - [06/Apr/2026:05:53:33 +0000] "GET /item/3400637 HTTP/1.1" 404 30663 "-" "Mozilla/5.0 (compatible; SemrushBot/7~bl; +http://www.semrush.com/bot.html)"
103.149.93.19 - - [06/Apr/2026:05:53:33 +0000] "GET /feed/ HTTP/1.1" 200 14654 "https://www.iscbonline.com/feed/" "FeedBot/1.0"
185.191.171.8 - - [06/Apr/2026:05:53:53 +0000] "GET /item/5531982 HTTP/1.1" 404 30629 "-" "Mozilla/5.0 (compatible; SemrushBot/7~bl; +http://www.semrush.com/bot.html)"
85.208.96.201 - - [06/Apr/2026:05:53:56 +0000] "GET /item/4853696 HTTP/1.1" 404 30635 "-" "Mozilla/5.0 (compatible; SemrushBot/7~bl; +http://www.semrush.com/bot.html)"
85.208.96.209 - - [06/Apr/2026:05:53:58 +0000] "GET /item/5511724 HTTP/1.1" 404 30652 "-" "Mozilla/5.0 (compatible; SemrushBot/7~bl; +http://www.semrush.com/bot.html)"
85.208.96.206 - - [06/Apr/2026:05:54:09 +0000] "GET /item/3871237 HTTP/1.1" 404 30642 "-" "Mozilla/5.0 (compatible; SemrushBot/7~bl; +http://www.semrush.com/bot.html)"
85.208.96.202 - - [06/Apr/2026:05:54:11 +0000] "GET /item/4609199 HTTP/1.1" 404 30644 "-" "Mozilla/5.0 (compatible; SemrushBot/7~bl; +http://www.semrush.com/bot.html)"
185.191.171.13 - - [06/Apr/2026:05:54:57 +0000] "GET /item/4971763 HTTP/1.1" 404 30663 "-" "Mozilla/5.0 (compatible; SemrushBot/7~bl; +http://www.semrush.com/bot.html)"
185.191.171.13 - - [06/Apr/2026:05:55:09 +0000] "GET /item/4744397 HTTP/1.1" 404 30654 "-" "Mozilla/5.0 (compatible; SemrushBot/7~bl; +http://www.semrush.com/bot.html)"
85.208.96.207 - - [06/Apr/2026:05:55:13 +0000] "GET /item/3185503 HTTP/1.1" 404 30654 "-" "Mozilla/5.0 (compatible; SemrushBot/7~bl; +http://www.semrush.com/bot.html)"
185.191.171.11 - - [06/Apr/2026:05:55:17 +0000] "GET /item/3920990 HTTP/1.1" 404 30641 "-" "Mozilla/5.0 (compatible; SemrushBot/7~bl; +http://www.semrush.com/bot.html)"
185.191.171.14 - - [06/Apr/2026:05:55:25 +0000] "GET /item/4240392 HTTP/1.1" 404 30678 "-" "Mozilla/5.0 (compatible; SemrushBot/7~bl; +http://www.semrush.com/bot.html)"
85.208.96.202 - - [06/Apr/2026:05:55:37 +0000] "GET /item/4017749 HTTP/1.1" 404 30644 "-" "Mozilla/5.0 (compatible; SemrushBot/7~bl; +http://www.semrush.com/bot.html)"
85.208.96.208 - - [06/Apr/2026:05:55:53 +0000] "GET /item/5765216 HTTP/1.1" 404 30665 "-" "Mozilla/5.0 (compatible; SemrushBot/7~bl; +http://www.semrush.com/bot.html)"
85.208.96.209 - - [06/Apr/2026:05:56:41 +0000] "GET /item/4467135 HTTP/1.1" 404 30638 "-" "Mozilla/5.0 (compatible; SemrushBot/7~bl; +http://www.semrush.com/bot.html)"
185.191.171.3 - - [06/Apr/2026:05:56:45 +0000] "GET /item/3067549 HTTP/1.1" 404 30645 "-" "Mozilla/5.0 (compatible; SemrushBot/7~bl; +http://www.semrush.com/bot.html)"
85.208.96.212 - - [06/Apr/2026:05:56:50 +0000] "GET /item/5257454 HTTP/1.1" 404 30654 "-" "Mozilla/5.0 (compatible; SemrushBot/7~bl; +http://www.semrush.com/bot.html)"
185.191.171.12 - - [06/Apr/2026:05:56:52 +0000] "GET /item/4629184 HTTP/1.1" 404 30652 "-" "Mozilla/5.0 (compatible; SemrushBot/7~bl; +http://www.semrush.com/bot.html)"
85.208.96.206 - - [06/Apr/2026:05:57:07 +0000] "GET /item/4796253 HTTP/1.1" 404 30634 "-" "Mozilla/5.0 (compatible; SemrushBot/7~bl; +http://www.semrush.com/bot.html)"
185.191.171.17 - - [06/Apr/2026:05:57:14 +0000] "GET /item/5535503 HTTP/1.1" 404 30653 "-" "Mozilla/5.0 (compatible; SemrushBot/7~bl; +http://www.semrush.com/bot.html)"
185.191.171.11 - - [06/Apr/2026:05:57:19 +0000] "GET /item/3995182 HTTP/1.1" 404 30635 "-" "Mozilla/5.0 (compatible; SemrushBot/7~bl; +http://www.semrush.com/bot.html)"
85.208.96.202 - - [06/Apr/2026:05:57:35 +0000] "GET /item/3773401 HTTP/1.1" 404 30664 "-" "Mozilla/5.0 (compatible; SemrushBot/7~bl; +http://www.semrush.com/bot.html)"
85.208.96.197 - - [06/Apr/2026:05:57:37 +0000] "GET /item/4302035 HTTP/1.1" 404 30632 "-" "Mozilla/5.0 (compatible; SemrushBot/7~bl; +http://www.semrush.com/bot.html)"
103.187.99.210 - - [06/Apr/2026:05:57:53 +0000] "GET /wp-login.php HTTP/1.1" 200 6628 "-" "Mozilla/5.0 (Macintosh; Intel Mac OS X 13_6_2) AppleWebKit/537.36 (KHTML, like Gecko) Chrome/119.0.6045.159 Safari/537.36"
103.187.99.210 - - [06/Apr/2026:05:58:07 +0000] "GET /wp-json/wp/v2/users HTTP/1.1" 403 874 "-" "Mozilla/5.0 (X11; Linux x86_64) AppleWebKit/537.36 (KHTML, like Gecko) Chrome/118.0.5993.88 Safari/537.36"
103.187.99.210 - - [06/Apr/2026:05:58:08 +0000] "GET /?rest_route=/wp/v2/users HTTP/1.1" 200 874 "-" "Mozilla/5.0 (X11; Linux x86_64) AppleWebKit/537.36 (KHTML, like Gecko) Chrome/118.0.5993.88 Safari/537.36"
103.187.99.210 - - [06/Apr/2026:05:58:08 +0000] "GET /wp-json/wp/v2/users?per_page=100 HTTP/1.1" 403 874 "-" "Mozilla/5.0 (X11; Linux x86_64) AppleWebKit/537.36 (KHTML, like Gecko) Chrome/118.0.5993.88 Safari/537.36"
85.208.96.197 - - [06/Apr/2026:05:58:10 +0000] "GET /item/3425996 HTTP/1.1" 404 30623 "-" "Mozilla/5.0 (compatible; SemrushBot/7~bl; +http://www.semrush.com/bot.html)"
85.208.96.197 - - [06/Apr/2026:05:58:16 +0000] "GET /item/4133963 HTTP/1.1" 404 30655 "-" "Mozilla/5.0 (compatible; SemrushBot/7~bl; +http://www.semrush.com/bot.html)"
185.191.171.16 - - [06/Apr/2026:05:58:41 +0000] "GET /item/5328639 HTTP/1.1" 404 30625 "-" "Mozilla/5.0 (compatible; SemrushBot/7~bl; +http://www.semrush.com/bot.html)"
103.187.99.210 - - [06/Apr/2026:05:58:43 +0000] "POST /wp-login.php HTTP/1.1" 200 7047 "https://iscbonline.com/wp-login.php" "Mozilla/5.0 (X11; Ubuntu; Linux x86_64) AppleWebKit/537.36 (KHTML, like Gecko) Chrome/120.0.6099.130 Safari/537.36"
103.187.99.210 - - [06/Apr/2026:05:58:47 +0000] "GET /wp-admin/index.php HTTP/1.1" 302 - "https://iscbonline.com/wp-login.php" "Mozilla/5.0 (X11; Ubuntu; Linux x86_64) AppleWebKit/537.36 (KHTML, like Gecko) Chrome/120.0.6099.130 Safari/537.36"
103.187.99.210 - - [06/Apr/2026:05:58:52 +0000] "GET /wp-login.php?redirect_to=https%3A%2F%2Fiscbonline.com%2Fwp-admin%2Findex.php&reauth=1 HTTP/1.1" 200 6741 "https://iscbonline.com/wp-login.php" "Mozilla/5.0 (X11; Ubuntu; Linux x86_64) AppleWebKit/537.36 (KHTML, like Gecko) Chrome/120.0.6099.130 Safari/537.36"
103.187.99.210 - - [06/Apr/2026:05:58:56 +0000] "GET /wp-admin/profile.php HTTP/1.1" 302 - "https://iscbonline.com/wp-login.php" "Mozilla/5.0 (X11; Ubuntu; Linux x86_64) AppleWebKit/537.36 (KHTML, like Gecko) Chrome/120.0.6099.130 Safari/537.36"
103.187.99.210 - - [06/Apr/2026:05:59:01 +0000] "GET /wp-login.php?redirect_to=https%3A%2F%2Fiscbonline.com%2Fwp-admin%2Fprofile.php&reauth=1 HTTP/1.1" 200 6745 "https://iscbonline.com/wp-login.php" "Mozilla/5.0 (X11; Ubuntu; Linux x86_64) AppleWebKit/537.36 (KHTML, like Gecko) Chrome/120.0.6099.130 Safari/537.36"
185.191.171.3 - - [06/Apr/2026:05:59:04 +0000] "GET /item/4644152 HTTP/1.1" 404 30644 "-" "Mozilla/5.0 (compatible; SemrushBot/7~bl; +http://www.semrush.com/bot.html)"
103.187.99.210 - - [06/Apr/2026:05:59:07 +0000] "GET /wp-admin/edit.php HTTP/1.1" 302 - "https://iscbonline.com/wp-login.php" "Mozilla/5.0 (X11; Ubuntu; Linux x86_64) AppleWebKit/537.36 (KHTML, like Gecko) Chrome/120.0.6099.130 Safari/537.36"
185.191.171.8 - - [06/Apr/2026:05:59:07 +0000] "GET /item/3767212 HTTP/1.1" 404 30658 "-" "Mozilla/5.0 (compatible; SemrushBot/7~bl; +http://www.semrush.com/bot.html)"
103.187.99.210 - - [06/Apr/2026:05:59:12 +0000] "GET /wp-login.php?redirect_to=https%3A%2F%2Fiscbonline.com%2Fwp-admin%2Fedit.php&reauth=1 HTTP/1.1" 200 6739 "https://iscbonline.com/wp-login.php" "Mozilla/5.0 (X11; Ubuntu; Linux x86_64) AppleWebKit/537.36 (KHTML, like Gecko) Chrome/120.0.6099.130 Safari/537.36"
103.187.99.210 - - [06/Apr/2026:05:59:17 +0000] "GET /wp-admin/plugins.php HTTP/1.1" 302 - "https://iscbonline.com/wp-login.php" "Mozilla/5.0 (X11; Ubuntu; Linux x86_64) AppleWebKit/537.36 (KHTML, like Gecko) Chrome/120.0.6099.130 Safari/537.36"
103.187.99.210 - - [06/Apr/2026:05:59:22 +0000] "GET /wp-login.php?redirect_to=https%3A%2F%2Fiscbonline.com%2Fwp-admin%2Fplugins.php&reauth=1 HTTP/1.1" 200 6745 "https://iscbonline.com/wp-login.php" "Mozilla/5.0 (X11; Ubuntu; Linux x86_64) AppleWebKit/537.36 (KHTML, like Gecko) Chrome/120.0.6099.130 Safari/537.36"
185.191.171.4 - - [06/Apr/2026:05:59:26 +0000] "GET /item/3313737 HTTP/1.1" 404 30659 "-" "Mozilla/5.0 (compatible; SemrushBot/7~bl; +http://www.semrush.com/bot.html)"
185.191.171.16 - - [06/Apr/2026:05:59:30 +0000] "GET /item/4061343 HTTP/1.1" 404 30639 "-" "Mozilla/5.0 (compatible; SemrushBot/7~bl; +http://www.semrush.com/bot.html)"
103.187.99.210 - - [06/Apr/2026:05:59:30 +0000] "POST /xmlrpc.php HTTP/1.1" 404 30644 "-" "Mozilla/5.0 (Windows NT 10.0; Win64; x64) Gecko/20100101 Firefox/121.0"
85.208.96.193 - - [06/Apr/2026:05:59:32 +0000] "GET /item/5166522 HTTP/1.1" 404 30643 "-" "Mozilla/5.0 (compatible; SemrushBot/7~bl; +http://www.semrush.com/bot.html)"
185.191.171.4 - - [06/Apr/2026:05:59:38 +0000] "GET /item/5633169 HTTP/1.1" 404 30667 "-" "Mozilla/5.0 (compatible; SemrushBot/7~bl; +http://www.semrush.com/bot.html)"
103.187.99.210 - - [06/Apr/2026:05:59:39 +0000] "POST /wp-login.php HTTP/1.1" 200 7047 "https://iscbonline.com/wp-login.php" "Mozilla/5.0 (X11; Linux x86_64) Gecko/20100101 Firefox/121.0"
103.187.99.210 - - [06/Apr/2026:05:59:46 +0000] "GET /wp-admin/index.php HTTP/1.1" 302 - "https://iscbonline.com/wp-login.php" "Mozilla/5.0 (X11; Linux x86_64) Gecko/20100101 Firefox/121.0"
103.187.99.210 - - [06/Apr/2026:05:59:52 +0000] "GET /wp-login.php?redirect_to=https%3A%2F%2Fiscbonline.com%2Fwp-admin%2Findex.php&reauth=1 HTTP/1.1" 200 6741 "https://iscbonline.com/wp-login.php" "Mozilla/5.0 (X11; Linux x86_64) Gecko/20100101 Firefox/121.0"
103.187.99.210 - - [06/Apr/2026:05:59:58 +0000] "GET /wp-admin/profile.php HTTP/1.1" 302 - "https://iscbonline.com/wp-login.php" "Mozilla/5.0 (X11; Linux x86_64) Gecko/20100101 Firefox/121.0"
103.187.99.210 - - [06/Apr/2026:06:00:02 +0000] "GET /wp-login.php?redirect_to=https%3A%2F%2Fiscbonline.com%2Fwp-admin%2Fprofile.php&reauth=1 HTTP/1.1" 200 6745 "https://iscbonline.com/wp-login.php" "Mozilla/5.0 (X11; Linux x86_64) Gecko/20100101 Firefox/121.0"
185.191.171.3 - - [06/Apr/2026:06:00:03 +0000] "GET /item/4581468 HTTP/1.1" 404 30646 "-" "Mozilla/5.0 (compatible; SemrushBot/7~bl; +http://www.semrush.com/bot.html)"
185.191.171.14 - - [06/Apr/2026:06:00:08 +0000] "GET /item/4039199 HTTP/1.1" 404 30644 "-" "Mozilla/5.0 (compatible; SemrushBot/7~bl; +http://www.semrush.com/bot.html)"
103.187.99.210 - - [06/Apr/2026:06:00:09 +0000] "GET /wp-admin/edit.php HTTP/1.1" 302 - "https://iscbonline.com/wp-login.php" "Mozilla/5.0 (X11; Linux x86_64) Gecko/20100101 Firefox/121.0"
85.208.96.207 - - [06/Apr/2026:06:00:11 +0000] "GET /item/5235218 HTTP/1.1" 404 30640 "-" "Mozilla/5.0 (compatible; SemrushBot/7~bl; +http://www.semrush.com/bot.html)"
103.187.99.210 - - [06/Apr/2026:06:00:17 +0000] "GET /wp-login.php?redirect_to=https%3A%2F%2Fiscbonline.com%2Fwp-admin%2Fedit.php&reauth=1 HTTP/1.1" 200 6739 "https://iscbonline.com/wp-login.php" "Mozilla/5.0 (X11; Linux x86_64) Gecko/20100101 Firefox/121.0"
103.187.99.210 - - [06/Apr/2026:06:00:25 +0000] "GET /wp-admin/plugins.php HTTP/1.1" 302 - "https://iscbonline.com/wp-login.php" "Mozilla/5.0 (X11; Linux x86_64) Gecko/20100101 Firefox/121.0"
103.187.99.210 - - [06/Apr/2026:06:00:31 +0000] "GET /wp-login.php?redirect_to=https%3A%2F%2Fiscbonline.com%2Fwp-admin%2Fplugins.php&reauth=1 HTTP/1.1" 200 6745 "https://iscbonline.com/wp-login.php" "Mozilla/5.0 (X11; Linux x86_64) Gecko/20100101 Firefox/121.0"
103.187.99.210 - - [06/Apr/2026:06:00:40 +0000] "POST /xmlrpc.php HTTP/1.1" 404 30634 "-" "Mozilla/5.0 (X11; Linux x86_64) Gecko/20100101 Firefox/118.0.2"
103.187.99.210 - - [06/Apr/2026:06:00:46 +0000] "POST /wp-login.php HTTP/1.1" 200 7047 "https://iscbonline.com/wp-login.php" "Mozilla/5.0 (Windows NT 10.0; Win64; x64) Gecko/20100101 Firefox/122.0"
85.208.96.205 - - [06/Apr/2026:06:00:50 +0000] "GET /item/5488296 HTTP/1.1" 404 30647 "-" "Mozilla/5.0 (compatible; SemrushBot/7~bl; +http://www.semrush.com/bot.html)"
103.187.99.210 - - [06/Apr/2026:06:00:52 +0000] "GET /wp-admin/index.php HTTP/1.1" 302 - "https://iscbonline.com/wp-login.php" "Mozilla/5.0 (Windows NT 10.0; Win64; x64) Gecko/20100101 Firefox/122.0"
185.191.171.19 - - [06/Apr/2026:06:00:53 +0000] "GET /item/5501735 HTTP/1.1" 404 30636 "-" "Mozilla/5.0 (compatible; SemrushBot/7~bl; +http://www.semrush.com/bot.html)"
103.187.99.210 - - [06/Apr/2026:06:01:00 +0000] "GET /wp-login.php?redirect_to=https%3A%2F%2Fiscbonline.com%2Fwp-admin%2Findex.php&reauth=1 HTTP/1.1" 200 6741 "https://iscbonline.com/wp-login.php" "Mozilla/5.0 (Windows NT 10.0; Win64; x64) Gecko/20100101 Firefox/122.0"
85.208.96.194 - - [06/Apr/2026:06:01:05 +0000] "GET /item/3715676 HTTP/1.1" 404 30640 "-" "Mozilla/5.0 (compatible; SemrushBot/7~bl; +http://www.semrush.com/bot.html)"
103.187.99.210 - - [06/Apr/2026:06:01:09 +0000] "GET /wp-admin/profile.php HTTP/1.1" 302 - "https://iscbonline.com/wp-login.php" "Mozilla/5.0 (Windows NT 10.0; Win64; x64) Gecko/20100101 Firefox/122.0"
103.187.99.210 - - [06/Apr/2026:06:01:14 +0000] "GET /wp-login.php?redirect_to=https%3A%2F%2Fiscbonline.com%2Fwp-admin%2Fprofile.php&reauth=1 HTTP/1.1" 200 6745 "https://iscbonline.com/wp-login.php" "Mozilla/5.0 (Windows NT 10.0; Win64; x64) Gecko/20100101 Firefox/122.0"
85.208.96.208 - - [06/Apr/2026:06:01:16 +0000] "GET /item/3021882 HTTP/1.1" 404 30653 "-" "Mozilla/5.0 (compatible; SemrushBot/7~bl; +http://www.semrush.com/bot.html)"
185.191.171.2 - - [06/Apr/2026:06:01:19 +0000] "GET /item/4619988 HTTP/1.1" 404 30616 "-" "Mozilla/5.0 (compatible; SemrushBot/7~bl; +http://www.semrush.com/bot.html)"
103.187.99.210 - - [06/Apr/2026:06:01:22 +0000] "GET /wp-admin/edit.php HTTP/1.1" 302 - "https://iscbonline.com/wp-login.php" "Mozilla/5.0 (Windows NT 10.0; Win64; x64) Gecko/20100101 Firefox/122.0"
103.187.99.210 - - [06/Apr/2026:06:01:27 +0000] "GET /wp-login.php?redirect_to=https%3A%2F%2Fiscbonline.com%2Fwp-admin%2Fedit.php&reauth=1 HTTP/1.1" 200 6739 "https://iscbonline.com/wp-login.php" "Mozilla/5.0 (Windows NT 10.0; Win64; x64) Gecko/20100101 Firefox/122.0"
185.191.171.17 - - [06/Apr/2026:06:01:28 +0000] "GET /item/3994922 HTTP/1.1" 404 30663 "-" "Mozilla/5.0 (compatible; SemrushBot/7~bl; +http://www.semrush.com/bot.html)"
185.191.171.4 - - [06/Apr/2026:06:01:34 +0000] "GET /item/3587452 HTTP/1.1" 404 30639 "-" "Mozilla/5.0 (compatible; SemrushBot/7~bl; +http://www.semrush.com/bot.html)"
103.187.99.210 - - [06/Apr/2026:06:01:36 +0000] "GET /wp-admin/plugins.php HTTP/1.1" 302 - "https://iscbonline.com/wp-login.php" "Mozilla/5.0 (Windows NT 10.0; Win64; x64) Gecko/20100101 Firefox/122.0"
185.191.171.2 - - [06/Apr/2026:06:01:38 +0000] "GET /item/5293706 HTTP/1.1" 404 30620 "-" "Mozilla/5.0 (compatible; SemrushBot/7~bl; +http://www.semrush.com/bot.html)"
103.187.99.210 - - [06/Apr/2026:06:01:41 +0000] "GET /wp-login.php?redirect_to=https%3A%2F%2Fiscbonline.com%2Fwp-admin%2Fplugins.php&reauth=1 HTTP/1.1" 200 6745 "https://iscbonline.com/wp-login.php" "Mozilla/5.0 (Windows NT 10.0; Win64; x64) Gecko/20100101 Firefox/122.0"
103.187.99.210 - - [06/Apr/2026:06:01:50 +0000] "POST /xmlrpc.php HTTP/1.1" 404 30645 "-" "Mozilla/5.0 (X11; Ubuntu; Linux x86_64) AppleWebKit/537.36 (KHTML, like Gecko) Chrome/122.0.6261.57 Safari/537.36"
85.208.96.202 - - [06/Apr/2026:06:01:54 +0000] "GET /item/5852209 HTTP/1.1" 404 30635 "-" "Mozilla/5.0 (compatible; SemrushBot/7~bl; +http://www.semrush.com/bot.html)"
103.187.99.210 - - [06/Apr/2026:06:01:56 +0000] "POST /wp-login.php HTTP/1.1" 200 7047 "https://iscbonline.com/wp-login.php" "Mozilla/5.0 (Windows NT 11.0; Win64; x64) AppleWebKit/537.36 (KHTML, like Gecko) Chrome/121.0.6167.85 Safari/537.36"
103.187.99.210 - - [06/Apr/2026:06:02:02 +0000] "GET /wp-admin/index.php HTTP/1.1" 302 - "https://iscbonline.com/wp-login.php" "Mozilla/5.0 (Windows NT 11.0; Win64; x64) AppleWebKit/537.36 (KHTML, like Gecko) Chrome/121.0.6167.85 Safari/537.36"
103.187.99.210 - - [06/Apr/2026:06:02:07 +0000] "GET /wp-login.php?redirect_to=https%3A%2F%2Fiscbonline.com%2Fwp-admin%2Findex.php&reauth=1 HTTP/1.1" 200 6741 "https://iscbonline.com/wp-login.php" "Mozilla/5.0 (Windows NT 11.0; Win64; x64) AppleWebKit/537.36 (KHTML, like Gecko) Chrome/121.0.6167.85 Safari/537.36"
185.191.171.4 - - [06/Apr/2026:06:02:14 +0000] "GET /item/4820186 HTTP/1.1" 404 30635 "-" "Mozilla/5.0 (compatible; SemrushBot/7~bl; +http://www.semrush.com/bot.html)"
103.187.99.210 - - [06/Apr/2026:06:02:16 +0000] "GET /wp-admin/profile.php HTTP/1.1" 302 - "https://iscbonline.com/wp-login.php" "Mozilla/5.0 (Windows NT 11.0; Win64; x64) AppleWebKit/537.36 (KHTML, like Gecko) Chrome/121.0.6167.85 Safari/537.36"
103.187.99.210 - - [06/Apr/2026:06:02:21 +0000] "GET /wp-login.php?redirect_to=https%3A%2F%2Fiscbonline.com%2Fwp-admin%2Fprofile.php&reauth=1 HTTP/1.1" 200 6745 "https://iscbonline.com/wp-login.php" "Mozilla/5.0 (Windows NT 11.0; Win64; x64) AppleWebKit/537.36 (KHTML, like Gecko) Chrome/121.0.6167.85 Safari/537.36"
103.187.99.210 - - [06/Apr/2026:06:02:30 +0000] "GET /wp-admin/edit.php HTTP/1.1" 302 - "https://iscbonline.com/wp-login.php" "Mozilla/5.0 (Windows NT 11.0; Win64; x64) AppleWebKit/537.36 (KHTML, like Gecko) Chrome/121.0.6167.85 Safari/537.36"
185.191.171.17 - - [06/Apr/2026:06:02:34 +0000] "GET /item/3802990 HTTP/1.1" 404 30660 "-" "Mozilla/5.0 (compatible; SemrushBot/7~bl; +http://www.semrush.com/bot.html)"
103.187.99.210 - - [06/Apr/2026:06:02:37 +0000] "GET /wp-login.php?redirect_to=https%3A%2F%2Fiscbonline.com%2Fwp-admin%2Fedit.php&reauth=1 HTTP/1.1" 200 6739 "https://iscbonline.com/wp-login.php" "Mozilla/5.0 (Windows NT 11.0; Win64; x64) AppleWebKit/537.36 (KHTML, like Gecko) Chrome/121.0.6167.85 Safari/537.36"
103.187.99.210 - - [06/Apr/2026:06:02:46 +0000] "GET /wp-admin/plugins.php HTTP/1.1" 302 - "https://iscbonline.com/wp-login.php" "Mozilla/5.0 (Windows NT 11.0; Win64; x64) AppleWebKit/537.36 (KHTML, like Gecko) Chrome/121.0.6167.85 Safari/537.36"
103.187.99.210 - - [06/Apr/2026:06:02:51 +0000] "GET /wp-login.php?redirect_to=https%3A%2F%2Fiscbonline.com%2Fwp-admin%2Fplugins.php&reauth=1 HTTP/1.1" 200 6745 "https://iscbonline.com/wp-login.php" "Mozilla/5.0 (Windows NT 11.0; Win64; x64) AppleWebKit/537.36 (KHTML, like Gecko) Chrome/121.0.6167.85 Safari/537.36"
185.191.171.5 - - [06/Apr/2026:06:03:08 +0000] "GET /item/3348569 HTTP/1.1" 404 30644 "-" "Mozilla/5.0 (compatible; SemrushBot/7~bl; +http://www.semrush.com/bot.html)"
31.94.8.140 - - [06/Apr/2026:06:03:17 +0000] "GET / HTTP/1.1" 200 52739 "-" "Mozilla/5.0 (Linux; Android 10; K) AppleWebKit/537.36 (KHTML, like Gecko) Chrome/126.0.0.0 Mobile Safari/537.36"
31.94.8.140 - - [06/Apr/2026:06:03:18 +0000] "GET /wp-content/plugins/custom-searchable-data-system/css/sds-table-style.css?ver=6.9.4 HTTP/1.1" 200 1192 "https://iscbonline.com/" "Mozilla/5.0 (Linux; Android 10; K) AppleWebKit/537.36 (KHTML, like Gecko) Chrome/126.0.0.0 Mobile Safari/537.36"
31.94.8.140 - - [06/Apr/2026:06:03:18 +0000] "GET /wp-content/themes/cognicert-enterprise/assets/css/theme.css?ver=1.8.4-menu-no-arrows HTTP/1.1" 200 52606 "https://iscbonline.com/" "Mozilla/5.0 (Linux; Android 10; K) AppleWebKit/537.36 (KHTML, like Gecko) Chrome/126.0.0.0 Mobile Safari/537.36"
31.94.8.140 - - [06/Apr/2026:06:03:18 +0000] "GET /wp-content/themes/cognicert-enterprise/assets/js/theme.js?ver=1.8.4-menu-no-arrows HTTP/1.1" 200 9380 "https://iscbonline.com/" "Mozilla/5.0 (Linux; Android 10; K) AppleWebKit/537.36 (KHTML, like Gecko) Chrome/126.0.0.0 Mobile Safari/537.36"
31.94.8.140 - - [06/Apr/2026:06:03:19 +0000] "GET /wp-content/themes/cognicert-enterprise/assets/images/iscb/slide-3.jpg HTTP/1.1" 304 - "https://iscbonline.com/wp-content/themes/cognicert-enterprise/assets/css/theme.css?ver=1.8.4-menu-no-arrows" "Mozilla/5.0 (Linux; Android 10; K) AppleWebKit/537.36 (KHTML, like Gecko) Chrome/126.0.0.0 Mobile Safari/537.36"
31.94.8.140 - - [06/Apr/2026:06:03:19 +0000] "GET /wp-content/themes/cognicert-enterprise/assets/images/iscb/slide-1.jpg HTTP/1.1" 304 - "https://iscbonline.com/wp-content/themes/cognicert-enterprise/assets/css/theme.css?ver=1.8.4-menu-no-arrows" "Mozilla/5.0 (Linux; Android 10; K) AppleWebKit/537.36 (KHTML, like Gecko) Chrome/126.0.0.0 Mobile Safari/537.36"
31.94.8.140 - - [06/Apr/2026:06:03:19 +0000] "GET /wp-content/themes/cognicert-enterprise/assets/images/iscb/slide-2.jpg HTTP/1.1" 304 - "https://iscbonline.com/wp-content/themes/cognicert-enterprise/assets/css/theme.css?ver=1.8.4-menu-no-arrows" "Mozilla/5.0 (Linux; Android 10; K) AppleWebKit/537.36 (KHTML, like Gecko) Chrome/126.0.0.0 Mobile Safari/537.36"
31.94.8.140 - - [06/Apr/2026:06:03:19 +0000] "GET /wp-content/themes/cognicert-enterprise/assets/images/iscb/slide-4.jpg HTTP/1.1" 304 - "https://iscbonline.com/wp-content/themes/cognicert-enterprise/assets/css/theme.css?ver=1.8.4-menu-no-arrows" "Mozilla/5.0 (Linux; Android 10; K) AppleWebKit/537.36 (KHTML, like Gecko) Chrome/126.0.0.0 Mobile Safari/537.36"
