184.154.139.38 - - [05/Apr/2026:16:43:09 +0000] "GET /wp-json/oembed/1.0/embed?url=https%3A%2F%2Fdutconsulting.com%2F2026%2F01%2F08%2Fiso-14001-lead-implementer%2F HTTP/1.1" 200 2274 "-" "SiteLockSpider [en] (WinNT; I ;Nav)"
184.154.139.38 - - [05/Apr/2026:16:43:09 +0000] "GET /wp-json/oembed/1.0/embed?url=https%3A%2F%2Fdutconsulting.com%2Feducation%2F HTTP/1.1" 200 2265 "-" "SiteLockSpider [en] (WinNT; I ;Nav)"
184.154.139.38 - - [05/Apr/2026:16:43:10 +0000] "GET /wp-json/oembed/1.0/embed?url=https%3A%2F%2Fdutconsulting.com%2F2021%2F01%2F18%2Fcognicert-corporate-governance-professional%2F HTTP/1.1" 200 2427 "-" "SiteLockSpider [en] (WinNT; I ;Nav)"
184.154.139.38 - - [05/Apr/2026:16:43:11 +0000] "GET /wp-json/oembed/1.0/embed?url=https%3A%2F%2Fdutconsulting.com%2F2017%2F07%2F24%2Fasq-certified-six-sigma-black-belt-30-september-4th-october-2017%2F HTTP/1.1" 200 2442 "-" "SiteLockSpider [en] (WinNT; I ;Nav)"
202.76.143.57 - - [05/Apr/2026:16:43:15 +0000] "GET /pin/content-marketing/002181390856901.html HTTP/1.1" 404 36107 "-" "Mozilla/5.0 (Macintosh; Intel Mac OS X 15.4; rv:128.0) Gecko/20100101 Firefox/128.0"
184.154.139.38 - - [05/Apr/2026:16:43:16 +0000] "GET /wp-json/oembed/1.0/embed?url=https%3A%2F%2Fdutconsulting.com%2F2015%2F03%2F31%2Fcertified-reliability-engineer%2F&format=xml HTTP/1.1" 200 2526 "-" "SiteLockSpider [en] (WinNT; I ;Nav)"
184.154.139.38 - - [05/Apr/2026:16:43:17 +0000] "GET /wp-json/oembed/1.0/embed?url=https%3A%2F%2Fdutconsulting.com%2F2020%2F12%2F15%2Fproject-audit-services%2F&format=xml HTTP/1.1" 200 2400 "-" "SiteLockSpider [en] (WinNT; I ;Nav)"
184.154.139.38 - - [05/Apr/2026:16:43:17 +0000] "GET /wp-json/oembed/1.0/embed?url=https%3A%2F%2Fdutconsulting.com%2F2024%2F11%2F23%2Fsustainability-leadership-and-corporate-responsibility-course%2F&format=xml HTTP/1.1" 200 2595 "-" "SiteLockSpider [en] (WinNT; I ;Nav)"
184.154.139.38 - - [05/Apr/2026:16:43:18 +0000] "GET /wp-json/oembed/1.0/embed?url=https%3A%2F%2Fdutconsulting.com%2F2019%2F03%2F20%2Fbusiness-development-course%2F&format=xml HTTP/1.1" 200 2508 "-" "SiteLockSpider [en] (WinNT; I ;Nav)"
184.154.139.38 - - [05/Apr/2026:16:43:18 +0000] "GET /wp-json/oembed/1.0/embed?url=https%3A%2F%2Fdutconsulting.com%2F2018%2F01%2F28%2Fics-certified-iso-140012015-environmental-management-system-internal-auditor-course%2F&format=xml HTTP/1.1" 200 2737 "-" "SiteLockSpider [en] (WinNT; I ;Nav)"
184.154.139.38 - - [05/Apr/2026:16:43:19 +0000] "GET /wp-json/oembed/1.0/embed?url=https%3A%2F%2Fdutconsulting.com%2Fcompany-overview%2F&format=xml HTTP/1.1" 200 2348 "-" "SiteLockSpider [en] (WinNT; I ;Nav)"
184.154.139.38 - - [05/Apr/2026:16:43:20 +0000] "GET /wp-json/oembed/1.0/embed?url=https%3A%2F%2Fdutconsulting.com%2F2018%2F01%2F28%2Fcognicert-iso-220002005-lead-auditor-course%2F&format=xml HTTP/1.1" 200 2561 "-" "SiteLockSpider [en] (WinNT; I ;Nav)"
184.154.139.38 - - [05/Apr/2026:16:43:20 +0000] "GET /wp-json/oembed/1.0/embed?url=https%3A%2F%2Fdutconsulting.com%2Fjobs%2F&format=xml HTTP/1.1" 200 2288 "-" "SiteLockSpider [en] (WinNT; I ;Nav)"
184.154.139.38 - - [05/Apr/2026:16:43:21 +0000] "GET /wp-json/oembed/1.0/embed?url=https%3A%2F%2Fdutconsulting.com%2F2017%2F08%2F15%2Fasq-certified-quality-inspector%2F&format=xml HTTP/1.1" 200 2498 "-" "SiteLockSpider [en] (WinNT; I ;Nav)"
184.154.139.38 - - [05/Apr/2026:16:43:22 +0000] "GET /wp-json/oembed/1.0/embed?url=https%3A%2F%2Fdutconsulting.com%2F2020%2F06%2F28%2Fiqs-certified-iso-223012019-lead-auditor-course%2F&format=xml HTTP/1.1" 200 2569 "-" "SiteLockSpider [en] (WinNT; I ;Nav)"
184.154.139.38 - - [05/Apr/2026:16:43:28 +0000] "GET /wp-json/oembed/1.0/embed?url=https%3A%2F%2Fdutconsulting.com%2F2020%2F12%2F15%2Fsupplier-audit-services%2F HTTP/1.1" 200 2259 "-" "SiteLockSpider [en] (WinNT; I ;Nav)"
184.154.139.38 - - [05/Apr/2026:16:43:29 +0000] "GET /wp-json/oembed/1.0/embed?url=https%3A%2F%2Fdutconsulting.com%2F2016%2F07%2F06%2Fasq-certified-software-quality-engineer%2F HTTP/1.1" 200 2339 "-" "SiteLockSpider [en] (WinNT; I ;Nav)"
184.154.139.38 - - [05/Apr/2026:16:43:29 +0000] "GET /wp-json/oembed/1.0/embed?url=https%3A%2F%2Fdutconsulting.com%2F2026%2F01%2F08%2Fiso-14046-lead-verifier-course%2F HTTP/1.1" 200 2294 "-" "SiteLockSpider [en] (WinNT; I ;Nav)"
184.154.139.38 - - [05/Apr/2026:16:43:30 +0000] "GET /wp-json/oembed/1.0/embed?url=https%3A%2F%2Fdutconsulting.com%2F2024%2F08%2F13%2Fiso-9001-course%2F HTTP/1.1" 200 2395 "-" "SiteLockSpider [en] (WinNT; I ;Nav)"
184.154.139.38 - - [05/Apr/2026:16:43:31 +0000] "GET /wp-json/oembed/1.0/embed?url=https%3A%2F%2Fdutconsulting.com%2F2022%2F11%2F01%2Fcertificate-in-warehouse-safety-management%2F HTTP/1.1" 200 2354 "-" "SiteLockSpider [en] (WinNT; I ;Nav)"
184.154.139.38 - - [05/Apr/2026:16:43:32 +0000] "GET /wp-json/oembed/1.0/embed?url=https%3A%2F%2Fdutconsulting.com%2F2026%2F01%2F08%2Fdesignated-person-ashore%2F HTTP/1.1" 200 2264 "-" "SiteLockSpider [en] (WinNT; I ;Nav)"
184.154.139.38 - - [05/Apr/2026:16:43:33 +0000] "GET /wp-json/oembed/1.0/embed?url=https%3A%2F%2Fdutconsulting.com%2F2026%2F01%2F08%2Fiso-27017-cloud-security-lead-implementer%2F HTTP/1.1" 200 2349 "-" "SiteLockSpider [en] (WinNT; I ;Nav)"
184.154.139.38 - - [05/Apr/2026:16:43:33 +0000] "GET /wp-json/oembed/1.0/embed?url=https%3A%2F%2Fdutconsulting.com%2F2018%2F07%2F05%2Fcertified-onshore-offshore-risk-manager%2F HTTP/1.1" 200 2407 "-" "SiteLockSpider [en] (WinNT; I ;Nav)"
184.154.139.38 - - [05/Apr/2026:16:43:34 +0000] "GET /wp-json/oembed/1.0/embed?url=https%3A%2F%2Fdutconsulting.com%2F2017%2F08%2F15%2Fasq-certified-quality-inspector%2F HTTP/1.1" 200 2367 "-" "SiteLockSpider [en] (WinNT; I ;Nav)"
184.154.139.38 - - [05/Apr/2026:16:43:35 +0000] "GET /wp-json/oembed/1.0/embed?url=https%3A%2F%2Fdutconsulting.com%2F2024%2F11%2F17%2Fleadership-and-wellness-course%2F HTTP/1.1" 200 2294 "-" "SiteLockSpider [en] (WinNT; I ;Nav)"
14.242.183.163 - - [05/Apr/2026:16:43:45 +0000] "GET /pin/content-marketing/02358421686903.html HTTP/1.1" 404 36091 "-" "Mozilla/5.0 (Macintosh; Intel Mac OS X 13.1; rv:132.0) Gecko/20100101 Firefox/132.0"
66.249.77.231 - - [05/Apr/2026:16:43:58 +0000] "GET /shopdetail/331/10034753 HTTP/1.1" 404 36116 "-" "Mozilla/5.0 (compatible; Googlebot/2.1; +http://www.google.com/bot.html)"
184.154.139.38 - - [05/Apr/2026:16:44:02 +0000] "GET /wp-json/oembed/1.0/embed?url=https%3A%2F%2Fdutconsulting.com%2F2024%2F11%2F17%2Fleadership-competencies-development-course%2F&format=xml HTTP/1.1" 200 2503 "-" "SiteLockSpider [en] (WinNT; I ;Nav)"
184.154.139.38 - - [05/Apr/2026:16:44:03 +0000] "GET /wp-json/oembed/1.0/embed?url=https%3A%2F%2Fdutconsulting.com%2F2026%2F01%2F08%2Fiso-59004-lead-assessor-course%2F&format=xml HTTP/1.1" 200 2440 "-" "SiteLockSpider [en] (WinNT; I ;Nav)"
184.154.139.38 - - [05/Apr/2026:16:44:04 +0000] "GET /wp-json/oembed/1.0/embed?url=https%3A%2F%2Fdutconsulting.com%2F2026%2F01%2F08%2Fiso-27017-cloud-security-lead-implementer%2F&format=xml HTTP/1.1" 200 2495 "-" "SiteLockSpider [en] (WinNT; I ;Nav)"
66.249.77.230 - - [05/Apr/2026:16:44:06 +0000] "GET /item/6019574 HTTP/1.1" 404 36068 "-" "Mozilla/5.0 (Linux; Android 6.0.1; Nexus 5X Build/MMB29P) AppleWebKit/537.36 (KHTML, like Gecko) Chrome/146.0.7680.177 Mobile Safari/537.36 (compatible; Googlebot/2.1; +http://www.google.com/bot.html)"
184.154.139.38 - - [05/Apr/2026:16:44:07 +0000] "GET /wp-json/oembed/1.0/embed?url=https%3A%2F%2Fdutconsulting.com%2F2023%2F10%2F13%2Ffleet-management-class%2F&format=xml HTTP/1.1" 200 2778 "-" "SiteLockSpider [en] (WinNT; I ;Nav)"
136.144.35.49 - - [05/Apr/2026:16:44:08 +0000] "POST /wp-login.php HTTP/1.1" 200 6546 "-" "Mozilla/5.0"
184.154.139.38 - - [05/Apr/2026:16:44:08 +0000] "GET /wp-json/oembed/1.0/embed?url=https%3A%2F%2Fdutconsulting.com%2F2022%2F10%2F13%2Fcognicert-ship-security-officer-course%2F&format=xml HTTP/1.1" 200 2480 "-" "SiteLockSpider [en] (WinNT; I ;Nav)"
184.154.139.38 - - [05/Apr/2026:16:44:10 +0000] "GET /wp-json/oembed/1.0/embed?url=https%3A%2F%2Fdutconsulting.com%2F2021%2F01%2F18%2Fcognicert-auditing-and-internal-control-professional%2F&format=xml HTTP/1.1" 200 2603 "-" "SiteLockSpider [en] (WinNT; I ;Nav)"
184.154.139.38 - - [05/Apr/2026:16:44:11 +0000] "GET /wp-json/oembed/1.0/embed?url=https%3A%2F%2Fdutconsulting.com%2F2025%2F01%2F15%2Fleadership-in-government-and-public-policy-course%2F&format=xml HTTP/1.1" 200 2535 "-" "SiteLockSpider [en] (WinNT; I ;Nav)"
184.154.139.38 - - [05/Apr/2026:16:44:12 +0000] "GET /wp-json/oembed/1.0/embed?url=https%3A%2F%2Fdutconsulting.com%2F2016%2F04%2F23%2Fiso-consultancy%2F&format=xml HTTP/1.1" 200 2445 "-" "SiteLockSpider [en] (WinNT; I ;Nav)"
184.154.139.38 - - [05/Apr/2026:16:44:14 +0000] "GET /wp-json/oembed/1.0/embed?url=https%3A%2F%2Fdutconsulting.com%2F2024%2F11%2F23%2Fleading-change-and-innovation-course%2F&format=xml HTTP/1.1" 200 2470 "-" "SiteLockSpider [en] (WinNT; I ;Nav)"
184.154.139.38 - - [05/Apr/2026:16:44:15 +0000] "GET /wp-json/oembed/1.0/embed?url=https%3A%2F%2Fdutconsulting.com%2F2021%2F01%2F18%2Fcognicert-corporate-governance-professional%2F&format=xml HTTP/1.1" 200 2558 "-" "SiteLockSpider [en] (WinNT; I ;Nav)"
45.131.195.26 - - [05/Apr/2026:16:44:21 +0000] "POST /wp-login.php HTTP/1.1" 200 6546 "-" "Mozilla/5.0"
66.249.77.229 - - [05/Apr/2026:16:44:35 +0000] "GET /shopdetail/331/10064609 HTTP/1.1" 404 36086 "-" "Mozilla/5.0 (Linux; Android 6.0.1; Nexus 5X Build/MMB29P) AppleWebKit/537.36 (KHTML, like Gecko) Chrome/146.0.7680.177 Mobile Safari/537.36 (compatible; Googlebot/2.1; +http://www.google.com/bot.html)"
66.148.55.77 - - [05/Apr/2026:16:44:44 +0000] "GET /pin/content-marketing/0794e1796016902.html HTTP/1.1" 404 36073 "-" "Mozilla/5.0 (Windows NT 10.0; Win64; x64) AppleWebKit/537.36 (KHTML, like Gecko) Chrome/127.0.6533.120 Safari/537.36"
184.154.139.38 - - [05/Apr/2026:16:45:00 +0000] "GET /wp-json/oembed/1.0/embed?url=https%3A%2F%2Fdutconsulting.com%2F2018%2F03%2F28%2Fcognicert-quality-management-professional-course%2F HTTP/1.1" 200 2384 "-" "SiteLockSpider [en] (WinNT; I ;Nav)"
184.154.139.38 - - [05/Apr/2026:16:45:01 +0000] "GET /wp-json/oembed/1.0/embed?url=https%3A%2F%2Fdutconsulting.com%2F2015%2F03%2F31%2Fcertify-quality-auditor%2F HTTP/1.1" 200 2345 "-" "SiteLockSpider [en] (WinNT; I ;Nav)"
184.154.139.38 - - [05/Apr/2026:16:45:02 +0000] "GET /wp-json/oembed/1.0/embed?url=https%3A%2F%2Fdutconsulting.com%2Fevents-management%2F HTTP/1.1" 200 2269 "-" "SiteLockSpider [en] (WinNT; I ;Nav)"
184.154.139.38 - - [05/Apr/2026:16:45:03 +0000] "GET /wp-json/oembed/1.0/embed?url=https%3A%2F%2Fdutconsulting.com%2F2017%2F09%2F08%2Fiso-90012015-quality-management-system-13-15-october-2017%2F HTTP/1.1" 200 2533 "-" "SiteLockSpider [en] (WinNT; I ;Nav)"
184.154.139.38 - - [05/Apr/2026:16:45:04 +0000] "GET /wp-json/oembed/1.0/embed?url=https%3A%2F%2Fdutconsulting.com%2F2024%2F11%2F23%2Fethical-leadership-and-corporate-governance-course%2F HTTP/1.1" 200 2394 "-" "SiteLockSpider [en] (WinNT; I ;Nav)"
184.154.139.38 - - [05/Apr/2026:16:45:04 +0000] "GET /wp-json/oembed/1.0/embed?url=https%3A%2F%2Fdutconsulting.com%2F2023%2F03%2F25%2Fiso-22000-awareness-sessions-for-presco-plc%2F HTTP/1.1" 200 2527 "-" "SiteLockSpider [en] (WinNT; I ;Nav)"
184.154.139.38 - - [05/Apr/2026:16:45:05 +0000] "GET /wp-json/oembed/1.0/embed?url=https%3A%2F%2Fdutconsulting.com%2F2026%2F01%2F08%2Fiso-24419-lead-auditor%2F HTTP/1.1" 200 2254 "-" "SiteLockSpider [en] (WinNT; I ;Nav)"
184.154.139.38 - - [05/Apr/2026:16:45:06 +0000] "GET /wp-json/oembed/1.0/embed?url=https%3A%2F%2Fdutconsulting.com%2F2026%2F01%2F08%2Fiso-22483-lead-auditor%2F HTTP/1.1" 200 2254 "-" "SiteLockSpider [en] (WinNT; I ;Nav)"
184.154.139.38 - - [05/Apr/2026:16:45:06 +0000] "GET /wp-json/oembed/1.0/embed?url=https%3A%2F%2Fdutconsulting.com%2F2024%2F11%2F17%2Ftaking-on-greater-responsibilities-course%2F HTTP/1.1" 200 2349 "-" "SiteLockSpider [en] (WinNT; I ;Nav)"
146.174.166.37 - - [05/Apr/2026:16:45:11 +0000] "GET /pin/content-marketing/09776444546901.html HTTP/1.1" 404 36087 "-" "Mozilla/5.0 (Macintosh; Intel Mac OS X 14.1; rv:126.0) Gecko/20100101 Firefox/126.0"
66.249.77.230 - - [05/Apr/2026:16:45:21 +0000] "GET /sitemap.rss HTTP/1.1" 404 36099 "-" "Mozilla/5.0 (compatible; Googlebot/2.1; +http://www.google.com/bot.html)"
184.154.139.38 - - [05/Apr/2026:16:45:29 +0000] "GET /wp-json/oembed/1.0/embed?url=https%3A%2F%2Fdutconsulting.com%2Fpost-a-job%2F&format=xml HTTP/1.1" 200 2318 "-" "SiteLockSpider [en] (WinNT; I ;Nav)"
184.154.139.38 - - [05/Apr/2026:16:45:29 +0000] "GET /wp-json/oembed/1.0/embed?url=https%3A%2F%2Fdutconsulting.com%2F2021%2F09%2F24%2F4873-2%2F&format=xml HTTP/1.1" 200 2392 "-" "SiteLockSpider [en] (WinNT; I ;Nav)"
184.154.139.38 - - [05/Apr/2026:16:45:30 +0000] "GET /wp-json/oembed/1.0/embed?url=https%3A%2F%2Fdutconsulting.com%2F2016%2F07%2F06%2Fasq-certified-quality-process-analyst%2F&format=xml HTTP/1.1" 200 2475 "-" "SiteLockSpider [en] (WinNT; I ;Nav)"
184.154.139.38 - - [05/Apr/2026:16:45:31 +0000] "GET /wp-json/oembed/1.0/embed?url=https%3A%2F%2Fdutconsulting.com%2F2019%2F11%2F23%2Fiqs-certified-security-operations-manager%2F&format=xml HTTP/1.1" 200 2483 "-" "SiteLockSpider [en] (WinNT; I ;Nav)"
184.154.139.38 - - [05/Apr/2026:16:45:31 +0000] "GET /wp-json/oembed/1.0/embed?url=https%3A%2F%2Fdutconsulting.com%2F2022%2F10%2F19%2Fcognicert-iso-17020-lead-assessor-course%2F&format=xml HTTP/1.1" 200 2490 "-" "SiteLockSpider [en] (WinNT; I ;Nav)"
184.154.139.38 - - [05/Apr/2026:16:45:32 +0000] "GET /wp-json/oembed/1.0/embed?url=https%3A%2F%2Fdutconsulting.com%2F2024%2F11%2F17%2Fleadership-and-wellness-course%2F&format=xml HTTP/1.1" 200 2440 "-" "SiteLockSpider [en] (WinNT; I ;Nav)"
184.154.139.38 - - [05/Apr/2026:16:45:33 +0000] "GET /wp-json/oembed/1.0/embed?url=https%3A%2F%2Fdutconsulting.com%2F2026%2F01%2F08%2Fiso-14051-material-flow-cost-accounting-mfca-professional-course%2F&format=xml HTTP/1.1" 200 2649 "-" "SiteLockSpider [en] (WinNT; I ;Nav)"
184.154.139.38 - - [05/Apr/2026:16:45:34 +0000] "GET /wp-json/oembed/1.0/embed?url=https%3A%2F%2Fdutconsulting.com%2F2020%2F04%2F20%2Fcognicert-isps-code-lead-assessor-course%2F&format=xml HTTP/1.1" 200 2540 "-" "SiteLockSpider [en] (WinNT; I ;Nav)"
103.10.194.76 - - [05/Apr/2026:16:45:42 +0000] "GET /pin/content-marketing/0c3d31453926902.html HTTP/1.1" 404 36087 "-" "Mozilla/5.0 (Windows NT 10.0; WOW64; rv:134.0) Gecko/20100101 Firefox/134.0"
184.154.139.38 - - [05/Apr/2026:16:45:43 +0000] "GET /wp-json/oembed/1.0/embed?url=https%3A%2F%2Fdutconsulting.com%2Fsupply-chain%2F HTTP/1.1" 200 2277 "-" "SiteLockSpider [en] (WinNT; I ;Nav)"
184.154.139.38 - - [05/Apr/2026:16:45:43 +0000] "GET /wp-json/oembed/1.0/embed?url=https%3A%2F%2Fdutconsulting.com%2F2020%2F12%2F14%2Fcorporate-governance%2F HTTP/1.1" 200 2312 "-" "SiteLockSpider [en] (WinNT; I ;Nav)"
184.154.139.38 - - [05/Apr/2026:16:45:48 +0000] "GET /wp-json/oembed/1.0/embed?url=https%3A%2F%2Fdutconsulting.com%2F2016%2F04%2F25%2Fexpansion-africa-project%2F HTTP/1.1" 200 2252 "-" "SiteLockSpider [en] (WinNT; I ;Nav)"
184.154.139.38 - - [05/Apr/2026:16:45:48 +0000] "GET /wp-json/oembed/1.0/embed?url=https%3A%2F%2Fdutconsulting.com%2F2020%2F04%2F20%2Fcognicert-isps-code-lead-assessor-course%2F HTTP/1.1" 200 2409 "-" "SiteLockSpider [en] (WinNT; I ;Nav)"
184.154.139.38 - - [05/Apr/2026:16:45:54 +0000] "GET /wp-json/oembed/1.0/embed?url=https%3A%2F%2Fdutconsulting.com%2F2018%2F03%2F02%2Four-policies%2F HTTP/1.1" 200 2204 "-" "SiteLockSpider [en] (WinNT; I ;Nav)"
184.154.139.38 - - [05/Apr/2026:16:45:55 +0000] "GET /wp-json/oembed/1.0/embed?url=https%3A%2F%2Fdutconsulting.com%2F2026%2F02%2F27%2Fenquire-now%2F HTTP/1.1" 200 2199 "-" "SiteLockSpider [en] (WinNT; I ;Nav)"
184.154.139.38 - - [05/Apr/2026:16:45:55 +0000] "GET /wp-json/oembed/1.0/embed?url=https%3A%2F%2Fdutconsulting.com%2F2015%2F03%2F31%2Fcertified-reliability-engineer%2F HTTP/1.1" 200 2395 "-" "SiteLockSpider [en] (WinNT; I ;Nav)"
184.154.139.38 - - [05/Apr/2026:16:45:56 +0000] "GET /wp-json/oembed/1.0/embed?url=https%3A%2F%2Fdutconsulting.com%2F2024%2F11%2F23%2Fteam-building-course%2F HTTP/1.1" 200 2244 "-" "SiteLockSpider [en] (WinNT; I ;Nav)"
184.154.139.38 - - [05/Apr/2026:16:45:56 +0000] "GET /wp-json/oembed/1.0/embed?url=https%3A%2F%2Fdutconsulting.com%2F2024%2F11%2F23%2Fgovernance-and-board-leadership-course%2F HTTP/1.1" 200 2334 "-" "SiteLockSpider [en] (WinNT; I ;Nav)"
184.154.139.38 - - [05/Apr/2026:16:45:57 +0000] "GET /wp-json/oembed/1.0/embed?url=https%3A%2F%2Fdutconsulting.com%2F2020%2F05%2F01%2Fbusiness-continuity-and-supply-chain-resilience-management%2F HTTP/1.1" 200 2484 "-" "SiteLockSpider [en] (WinNT; I ;Nav)"
184.154.139.38 - - [05/Apr/2026:16:45:58 +0000] "GET /wp-json/oembed/1.0/embed?url=https%3A%2F%2Fdutconsulting.com%2F2024%2F10%2F01%2Fleadership-and-emotional-intelligence-class%2F HTTP/1.1" 200 2533 "-" "SiteLockSpider [en] (WinNT; I ;Nav)"
184.154.139.38 - - [05/Apr/2026:16:45:58 +0000] "GET /wp-json/oembed/1.0/embed?url=https%3A%2F%2Fdutconsulting.com%2F2019%2F03%2F15%2Fcognicert-facility-manager-course%2F HTTP/1.1" 200 2407 "-" "SiteLockSpider [en] (WinNT; I ;Nav)"
146.174.168.15 - - [05/Apr/2026:16:46:09 +0000] "GET /pin/content-marketing/1490048426901.html HTTP/1.1" 404 36091 "-" "Mozilla/5.0 (Macintosh; Intel Mac OS X 11.3; rv:135.0) Gecko/20100101 Firefox/135.0"
66.249.77.229 - - [05/Apr/2026:16:46:23 +0000] "GET /pin/discount/3166a42500402.html HTTP/1.1" 404 36076 "-" "Mozilla/5.0 (compatible; Googlebot/2.1; +http://www.google.com/bot.html)"
184.154.139.38 - - [05/Apr/2026:16:46:23 +0000] "GET /wp-json/oembed/1.0/embed?url=https%3A%2F%2Fdutconsulting.com%2F2026%2F01%2F08%2Fdesignated-person-ashore%2F&format=xml HTTP/1.1" 200 2410 "-" "SiteLockSpider [en] (WinNT; I ;Nav)"
184.154.139.38 - - [05/Apr/2026:16:46:24 +0000] "GET /wp-json/oembed/1.0/embed?url=https%3A%2F%2Fdutconsulting.com%2F2024%2F06%2F04%2Fcognicert-iso-41001-facility-manager-course%2F&format=xml HTTP/1.1" 200 2558 "-" "SiteLockSpider [en] (WinNT; I ;Nav)"
184.154.139.38 - - [05/Apr/2026:16:46:24 +0000] "GET /wp-json/oembed/1.0/embed?url=https%3A%2F%2Fdutconsulting.com%2Fmanagement-team-2%2F&format=xml HTTP/1.1" 200 2347 "-" "SiteLockSpider [en] (WinNT; I ;Nav)"
184.154.139.38 - - [05/Apr/2026:16:46:25 +0000] "GET /wp-json/oembed/1.0/embed?url=https%3A%2F%2Fdutconsulting.com%2F2023%2F10%2F05%2Ffleet-management-course-for-managers-from-crown-flours-mills-limited%2F&format=xml HTTP/1.1" 200 2834 "-" "SiteLockSpider [en] (WinNT; I ;Nav)"
184.154.139.38 - - [05/Apr/2026:16:46:26 +0000] "GET /wp-json/oembed/1.0/embed?url=https%3A%2F%2Fdutconsulting.com%2F2026%2F01%2F08%2Fiso-14046-lead-verifier-course%2F&format=xml HTTP/1.1" 200 2440 "-" "SiteLockSpider [en] (WinNT; I ;Nav)"
184.154.139.38 - - [05/Apr/2026:16:46:26 +0000] "GET /wp-json/oembed/1.0/embed?url=https%3A%2F%2Fdutconsulting.com%2F2017%2F09%2F09%2Fics-certified-iso-170252005-laboratory-management-system-internal-auditor-course-20-22-october-2017%2F&format=xml HTTP/1.1" 200 2769 "-" "SiteLockSpider [en] (WinNT; I ;Nav)"
184.154.139.38 - - [05/Apr/2026:16:46:27 +0000] "GET /wp-json/oembed/1.0/embed?url=https%3A%2F%2Fdutconsulting.com%2F2017%2F07%2F06%2Fcognicert-procurement-and-contract-manager-course%2F&format=xml HTTP/1.1" 200 2588 "-" "SiteLockSpider [en] (WinNT; I ;Nav)"
184.154.139.38 - - [05/Apr/2026:16:46:27 +0000] "GET /wp-json/oembed/1.0/embed?url=https%3A%2F%2Fdutconsulting.com%2F2024%2F08%2F15%2Fiso-14064-lead-auditor-course%2F&format=xml HTTP/1.1" 200 2435 "-" "SiteLockSpider [en] (WinNT; I ;Nav)"
184.154.139.38 - - [05/Apr/2026:16:46:28 +0000] "GET /wp-json/oembed/1.0/embed?url=https%3A%2F%2Fdutconsulting.com%2F2021%2F01%2F18%2Fcognicert-corporate-governance-auditor%2F&format=xml HTTP/1.1" 200 2533 "-" "SiteLockSpider [en] (WinNT; I ;Nav)"
184.154.139.38 - - [05/Apr/2026:16:46:29 +0000] "GET /wp-json/oembed/1.0/embed?url=https%3A%2F%2Fdutconsulting.com%2F2026%2F01%2F08%2Fiso-14298-lead-auditor-course%2F&format=xml HTTP/1.1" 200 2435 "-" "SiteLockSpider [en] (WinNT; I ;Nav)"
184.154.139.38 - - [05/Apr/2026:16:46:34 +0000] "GET /wp-json/oembed/1.0/embed?url=https%3A%2F%2Fdutconsulting.com%2F2021%2F01%2F18%2Fcognicert-quality-engineering-system-auditor%2F HTTP/1.1" 200 2432 "-" "SiteLockSpider [en] (WinNT; I ;Nav)"
184.154.139.38 - - [05/Apr/2026:16:46:35 +0000] "GET /wp-json/oembed/1.0/embed?url=https%3A%2F%2Fdutconsulting.com%2F2015%2F03%2F31%2Fcertified-quality-engineer%2F HTTP/1.1" 200 2375 "-" "SiteLockSpider [en] (WinNT; I ;Nav)"
184.154.139.38 - - [05/Apr/2026:16:46:36 +0000] "GET /wp-json/oembed/1.0/embed?url=https%3A%2F%2Fdutconsulting.com%2F2019%2F01%2F13%2Fcertified-education-management-professional-course%2F HTTP/1.1" 200 2468 "-" "SiteLockSpider [en] (WinNT; I ;Nav)"
184.154.139.38 - - [05/Apr/2026:16:46:36 +0000] "GET /wp-json/oembed/1.0/embed?url=https%3A%2F%2Fdutconsulting.com%2F2021%2F01%2F18%2Fcognicert-auditing-and-internal-control-professional%2F HTTP/1.1" 200 2472 "-" "SiteLockSpider [en] (WinNT; I ;Nav)"
184.154.139.38 - - [05/Apr/2026:16:46:37 +0000] "GET /wp-json/oembed/1.0/embed?url=https%3A%2F%2Fdutconsulting.com%2F2024%2F10%2F02%2Fleadership-and-emotional-intelligence-class-3%2F HTTP/1.1" 200 2537 "-" "SiteLockSpider [en] (WinNT; I ;Nav)"
184.154.139.38 - - [05/Apr/2026:16:46:37 +0000] "GET /wp-json/oembed/1.0/embed?url=https%3A%2F%2Fdutconsulting.com%2F2024%2F10%2F01%2Fleadership-and-emotional-intelligence-class-2%2F HTTP/1.1" 200 2537 "-" "SiteLockSpider [en] (WinNT; I ;Nav)"
184.154.139.38 - - [05/Apr/2026:16:46:38 +0000] "GET /wp-json/oembed/1.0/embed?url=https%3A%2F%2Fdutconsulting.com%2F2025%2F01%2F15%2Fleadership-in-government-and-public-policy-course%2F HTTP/1.1" 200 2389 "-" "SiteLockSpider [en] (WinNT; I ;Nav)"
184.154.139.38 - - [05/Apr/2026:16:46:38 +0000] "GET /wp-json/oembed/1.0/embed?url=https%3A%2F%2Fdutconsulting.com%2Fcompany-overview%2F HTTP/1.1" 200 2196 "-" "SiteLockSpider [en] (WinNT; I ;Nav)"
184.154.139.38 - - [05/Apr/2026:16:46:39 +0000] "GET /wp-json/oembed/1.0/embed?url=https%3A%2F%2Fdutconsulting.com%2F2017%2F09%2F09%2Fics-certified-iso-170252005-laboratory-management-system-internal-auditor-course-20-22-october-2017%2F HTTP/1.1" 200 2638 "-" "SiteLockSpider [en] (WinNT; I ;Nav)"
14.173.4.59 - - [05/Apr/2026:16:46:39 +0000] "GET /pin/content-marketing/16387478916904.html HTTP/1.1" 404 36088 "-" "Mozilla/5.0 (Macintosh; Intel Mac OS X 14_3_1) AppleWebKit/537.36 (KHTML, like Gecko) Chrome/131.0.6778.204 Safari/537.36"
184.154.139.38 - - [05/Apr/2026:16:46:40 +0000] "GET /wp-json/oembed/1.0/embed?url=https%3A%2F%2Fdutconsulting.com%2F2016%2F07%2F06%2Fasq-certified-quality-process-analyst%2F HTTP/1.1" 200 2329 "-" "SiteLockSpider [en] (WinNT; I ;Nav)"
184.154.139.38 - - [05/Apr/2026:16:47:03 +0000] "GET /wp-json/oembed/1.0/embed?url=https%3A%2F%2Fdutconsulting.com%2F2024%2F11%2F23%2Fstorytelling-for-leadership-impact-course%2F&format=xml HTTP/1.1" 200 2495 "-" "SiteLockSpider [en] (WinNT; I ;Nav)"
184.154.139.38 - - [05/Apr/2026:16:47:04 +0000] "GET /wp-json/oembed/1.0/embed?url=https%3A%2F%2Fdutconsulting.com%2F2026%2F01%2F08%2Fiso-42001-lead-auditor%2F&format=xml HTTP/1.1" 200 2400 "-" "SiteLockSpider [en] (WinNT; I ;Nav)"
184.154.139.38 - - [05/Apr/2026:16:47:04 +0000] "GET /wp-json/oembed/1.0/embed?url=https%3A%2F%2Fdutconsulting.com%2F2026%2F01%2F08%2Fiso-14067-carbon-footprint-for-products-lead-verifier%2F&format=xml HTTP/1.1" 200 2555 "-" "SiteLockSpider [en] (WinNT; I ;Nav)"
184.154.139.38 - - [05/Apr/2026:16:47:05 +0000] "GET /wp-json/oembed/1.0/embed?url=https%3A%2F%2Fdutconsulting.com%2F2017%2F07%2F07%2Fcustomer-support-manager%2F&format=xml HTTP/1.1" 200 2514 "-" "SiteLockSpider [en] (WinNT; I ;Nav)"
184.154.139.38 - - [05/Apr/2026:16:47:05 +0000] "GET /wp-json/oembed/1.0/embed?url=https%3A%2F%2Fdutconsulting.com%2F2019%2F01%2F11%2Fdistribution-channel-management-course%2F&format=xml HTTP/1.1" 200 2563 "-" "SiteLockSpider [en] (WinNT; I ;Nav)"
184.154.139.38 - - [05/Apr/2026:16:47:06 +0000] "GET /wp-json/oembed/1.0/embed?url=https%3A%2F%2Fdutconsulting.com%2F2023%2F06%2F09%2Fiso-9001-lead-auditor-class-for-renogas%2F&format=xml HTTP/1.1" 200 2691 "-" "SiteLockSpider [en] (WinNT; I ;Nav)"
184.154.139.38 - - [05/Apr/2026:16:47:07 +0000] "GET /wp-json/oembed/1.0/embed?url=https%3A%2F%2Fdutconsulting.com%2F2018%2F03%2F28%2Fcognicert-quality-management-professional-course%2F&format=xml HTTP/1.1" 200 2530 "-" "SiteLockSpider [en] (WinNT; I ;Nav)"
184.154.139.38 - - [05/Apr/2026:16:47:07 +0000] "GET /wp-json/oembed/1.0/embed?url=https%3A%2F%2Fdutconsulting.com%2F2024%2F11%2F23%2Fleadership-in-disruptive-environments-course%2F&format=xml HTTP/1.1" 200 2510 "-" "SiteLockSpider [en] (WinNT; I ;Nav)"
98.84.70.201 - - [05/Apr/2026:16:47:08 +0000] "GET /supply-chain/ HTTP/1.1" 200 43848 "-" "Mozilla/5.0 AppleWebKit/537.36 (KHTML, like Gecko; compatible; Amazonbot/0.1; +https://developer.amazon.com/support/amazonbot) Chrome/119.0.6045.214 Safari/537.36"
184.154.139.38 - - [05/Apr/2026:16:47:08 +0000] "GET /wp-json/oembed/1.0/embed?url=https%3A%2F%2Fdutconsulting.com%2F2022%2F10%2F20%2Fcognicert-inspection-manager-course%2F&format=xml HTTP/1.1" 200 2465 "-" "SiteLockSpider [en] (WinNT; I ;Nav)"
184.154.139.38 - - [05/Apr/2026:16:47:08 +0000] "GET /wp-json/oembed/1.0/embed?url=https%3A%2F%2Fdutconsulting.com%2F2018%2F07%2F05%2Fcertified-onshore-offshore-risk-manager%2F&format=xml HTTP/1.1" 200 2538 "-" "SiteLockSpider [en] (WinNT; I ;Nav)"
177.200.34.247 - - [05/Apr/2026:16:47:10 +0000] "GET /pin/content-marketing/1b712874566903.html HTTP/1.1" 404 36106 "-" "Mozilla/5.0 (Macintosh; Intel Mac OS X 14.4; rv:132.0) Gecko/20100101 Firefox/132.0"
184.154.139.38 - - [05/Apr/2026:16:47:14 +0000] "GET /wp-json/oembed/1.0/embed?url=https%3A%2F%2Fdutconsulting.com%2F2024%2F08%2F13%2Fiso-50001-lead-auditor-class%2F HTTP/1.1" 200 2458 "-" "SiteLockSpider [en] (WinNT; I ;Nav)"
184.154.139.38 - - [05/Apr/2026:16:47:15 +0000] "GET /wp-json/oembed/1.0/embed?url=https%3A%2F%2Fdutconsulting.com%2Fiso-certification%2F HTTP/1.1" 200 2338 "-" "SiteLockSpider [en] (WinNT; I ;Nav)"
184.154.139.38 - - [05/Apr/2026:16:47:15 +0000] "GET /wp-json/oembed/1.0/embed?url=https%3A%2F%2Fdutconsulting.com%2F2022%2F12%2F29%2Fcognicert-healthcare-quality-manager-course-2%2F HTTP/1.1" 200 2363 "-" "SiteLockSpider [en] (WinNT; I ;Nav)"
184.154.139.38 - - [05/Apr/2026:16:47:16 +0000] "GET /wp-json/oembed/1.0/embed?url=https%3A%2F%2Fdutconsulting.com%2F2024%2F06%2F04%2Fcognicert-iso-41001-facility-manager-course%2F HTTP/1.1" 200 2427 "-" "SiteLockSpider [en] (WinNT; I ;Nav)"
184.154.139.38 - - [05/Apr/2026:16:47:16 +0000] "GET /wp-json/oembed/1.0/embed?url=https%3A%2F%2Fdutconsulting.com%2F2023%2F03%2F25%2Fiso-22000-lead-auditor-course-for-presco-plc%2F HTTP/1.1" 200 2530 "-" "SiteLockSpider [en] (WinNT; I ;Nav)"
184.154.139.38 - - [05/Apr/2026:16:47:17 +0000] "GET /wp-json/oembed/1.0/embed?url=https%3A%2F%2Fdutconsulting.com%2F2022%2F10%2F20%2Fcognicert-inspection-manager-course%2F HTTP/1.1" 200 2319 "-" "SiteLockSpider [en] (WinNT; I ;Nav)"
184.154.139.38 - - [05/Apr/2026:16:47:18 +0000] "GET /wp-json/oembed/1.0/embed?url=https%3A%2F%2Fdutconsulting.com%2F2017%2F10%2F19%2Fcognicert-supply-chain-assurance-manager%2F HTTP/1.1" 200 2412 "-" "SiteLockSpider [en] (WinNT; I ;Nav)"
184.154.139.38 - - [05/Apr/2026:16:47:18 +0000] "GET /wp-json/oembed/1.0/embed?url=https%3A%2F%2Fdutconsulting.com%2F2017%2F12%2F25%2Fleadership-boot-camp%2F HTTP/1.1" 200 2244 "-" "SiteLockSpider [en] (WinNT; I ;Nav)"
184.154.139.38 - - [05/Apr/2026:16:47:19 +0000] "GET /wp-json/oembed/1.0/embed?url=https%3A%2F%2Fdutconsulting.com%2F2019%2F03%2F20%2Fbusiness-development-course%2F HTTP/1.1" 200 2377 "-" "SiteLockSpider [en] (WinNT; I ;Nav)"
184.154.139.38 - - [05/Apr/2026:16:47:19 +0000] "GET /wp-json/oembed/1.0/embed?url=https%3A%2F%2Fdutconsulting.com%2F2017%2F08%2F09%2Fproject-management-courses%2F HTTP/1.1" 200 2387 "-" "SiteLockSpider [en] (WinNT; I ;Nav)"
106.215.163.10 - - [05/Apr/2026:16:47:38 +0000] "GET /pin/content-marketing/2247a250776904.html HTTP/1.1" 404 36094 "-" "Mozilla/5.0 (Macintosh; Intel Mac OS X 13_3_1) AppleWebKit/537.36 (KHTML, like Gecko) Chrome/124.0.6367.207 Safari/537.36"
184.154.139.38 - - [05/Apr/2026:16:47:43 +0000] "GET /wp-json/oembed/1.0/embed?url=https%3A%2F%2Fdutconsulting.com%2F2024%2F10%2F02%2Fleadership-and-emotional-intelligence-class-3%2F&format=xml HTTP/1.1" 200 2721 "-" "SiteLockSpider [en] (WinNT; I ;Nav)"
184.154.139.38 - - [05/Apr/2026:16:47:44 +0000] "GET /wp-json/oembed/1.0/embed?url=https%3A%2F%2Fdutconsulting.com%2F2018%2F11%2F14%2Fcognicert-quality-laboratory-professional%2F&format=xml HTTP/1.1" 200 2569 "-" "SiteLockSpider [en] (WinNT; I ;Nav)"
184.154.139.38 - - [05/Apr/2026:16:47:44 +0000] "GET /wp-json/oembed/1.0/embed?url=https%3A%2F%2Fdutconsulting.com%2F2018%2F04%2F30%2Fglobal-certification-courses%2F&format=xml HTTP/1.1" 200 2430 "-" "SiteLockSpider [en] (WinNT; I ;Nav)"
184.154.139.38 - - [05/Apr/2026:16:47:45 +0000] "GET /wp-json/oembed/1.0/embed?url=https%3A%2F%2Fdutconsulting.com%2F2024%2F11%2F17%2Fbuilding-leading-the-21st-century-team-course%2F&format=xml HTTP/1.1" 200 2533 "-" "SiteLockSpider [en] (WinNT; I ;Nav)"
184.154.139.38 - - [05/Apr/2026:16:47:45 +0000] "GET /wp-json/oembed/1.0/embed?url=https%3A%2F%2Fdutconsulting.com%2F2023%2F11%2F27%2Fcognicert-iso-22000-internal-auditor-class-21-23-november-2023%2F&format=xml HTTP/1.1" 200 2714 "-" "SiteLockSpider [en] (WinNT; I ;Nav)"
184.154.139.38 - - [05/Apr/2026:16:47:46 +0000] "GET /wp-json/oembed/1.0/embed?url=https%3A%2F%2Fdutconsulting.com%2F2018%2F04%2F01%2Fcognicert-quality-assurance-engineer%2F&format=xml HTTP/1.1" 200 2470 "-" "SiteLockSpider [en] (WinNT; I ;Nav)"
184.154.139.38 - - [05/Apr/2026:16:47:47 +0000] "GET /wp-json/oembed/1.0/embed?url=https%3A%2F%2Fdutconsulting.com%2F2016%2F04%2F25%2Fexpansion-africa-project%2F&format=xml HTTP/1.1" 200 2398 "-" "SiteLockSpider [en] (WinNT; I ;Nav)"
184.154.139.38 - - [05/Apr/2026:16:47:47 +0000] "GET /wp-json/oembed/1.0/embed?url=https%3A%2F%2Fdutconsulting.com%2F2017%2F12%2F25%2Fleadership-boot-camp%2F&format=xml HTTP/1.1" 200 2390 "-" "SiteLockSpider [en] (WinNT; I ;Nav)"
184.154.139.38 - - [05/Apr/2026:16:47:48 +0000] "GET /wp-json/oembed/1.0/embed?url=https%3A%2F%2Fdutconsulting.com%2F2018%2F09%2F14%2Fcertified-risks-management-professional%2F&format=xml HTTP/1.1" 200 2464 "-" "SiteLockSpider [en] (WinNT; I ;Nav)"
184.154.139.38 - - [05/Apr/2026:16:47:48 +0000] "GET /wp-json/oembed/1.0/embed?url=https%3A%2F%2Fdutconsulting.com%2F2022%2F12%2F29%2Fcognicert-healthcare-quality-manager-course-2%2F&format=xml HTTP/1.1" 200 2509 "-" "SiteLockSpider [en] (WinNT; I ;Nav)"
184.154.139.38 - - [05/Apr/2026:16:47:54 +0000] "GET /wp-json/oembed/1.0/embed?url=https%3A%2F%2Fdutconsulting.com%2F2024%2F11%2F23%2Fleadership-and-emotional-intelligence-skills%2F HTTP/1.1" 200 2364 "-" "SiteLockSpider [en] (WinNT; I ;Nav)"
184.154.139.38 - - [05/Apr/2026:16:47:54 +0000] "GET /wp-json/oembed/1.0/embed?url=https%3A%2F%2Fdutconsulting.com%2F2023%2F06%2F09%2Fiso-9001-lead-auditor-class-for-renogas%2F HTTP/1.1" 200 2507 "-" "SiteLockSpider [en] (WinNT; I ;Nav)"
184.154.139.38 - - [05/Apr/2026:16:47:55 +0000] "GET /wp-json/oembed/1.0/embed?url=https%3A%2F%2Fdutconsulting.com%2F2024%2F11%2F23%2Fleadership-legacy-and-succession-planning-course%2F HTTP/1.1" 200 2384 "-" "SiteLockSpider [en] (WinNT; I ;Nav)"
184.154.139.38 - - [05/Apr/2026:16:47:56 +0000] "GET /wp-json/oembed/1.0/embed?url=https%3A%2F%2Fdutconsulting.com%2F2022%2F12%2F29%2Fcognicert-healthcare-quality-manager-course%2F HTTP/1.1" 200 2359 "-" "SiteLockSpider [en] (WinNT; I ;Nav)"
184.154.139.38 - - [05/Apr/2026:16:47:56 +0000] "GET /wp-json/oembed/1.0/embed?url=https%3A%2F%2Fdutconsulting.com%2F2023%2F10%2F05%2Ffleet-management-course-for-managers-from-crown-flours-mills-limited%2F HTTP/1.1" 200 2650 "-" "SiteLockSpider [en] (WinNT; I ;Nav)"
184.154.139.38 - - [05/Apr/2026:16:47:57 +0000] "GET /wp-json/oembed/1.0/embed?url=https%3A%2F%2Fdutconsulting.com%2F2026%2F01%2F08%2Fiso-14051-material-flow-cost-accounting-mfca-professional-course%2F HTTP/1.1" 200 2503 "-" "SiteLockSpider [en] (WinNT; I ;Nav)"
184.154.139.38 - - [05/Apr/2026:16:47:57 +0000] "GET /wp-json/oembed/1.0/embed?url=https%3A%2F%2Fdutconsulting.com%2F2026%2F01%2F08%2Fiso-24419-lead-auditor%2F&format=xml HTTP/1.1" 200 2400 "-" "SiteLockSpider [en] (WinNT; I ;Nav)"
184.154.139.38 - - [05/Apr/2026:16:47:58 +0000] "GET /wp-json/oembed/1.0/embed?url=https%3A%2F%2Fdutconsulting.com%2F2026%2F02%2F27%2Fenquire-now%2F&format=xml HTTP/1.1" 200 2345 "-" "SiteLockSpider [en] (WinNT; I ;Nav)"
184.154.139.38 - - [05/Apr/2026:16:47:58 +0000] "GET /wp-json/oembed/1.0/embed?url=https%3A%2F%2Fdutconsulting.com%2F2020%2F12%2F14%2Fcorporate-governance%2F&format=xml HTTP/1.1" 200 2443 "-" "SiteLockSpider [en] (WinNT; I ;Nav)"
184.154.139.38 - - [05/Apr/2026:16:47:59 +0000] "GET /wp-json/oembed/1.0/embed?url=https%3A%2F%2Fdutconsulting.com%2F2016%2F04%2F24%2Four-consultants%2F&format=xml HTTP/1.1" 200 2365 "-" "SiteLockSpider [en] (WinNT; I ;Nav)"
105.112.26.225 - - [05/Apr/2026:16:48:08 +0000] "GET /pin/content-marketing/234a2811856903.html HTTP/1.1" 404 36093 "-" "Mozilla/5.0 (Macintosh; Intel Mac OS X 15_1_0) AppleWebKit/537.36 (KHTML, like Gecko) Chrome/129.0.6668.100 Safari/537.36"
184.154.139.38 - - [05/Apr/2026:16:48:21 +0000] "GET /wp-login.php?action=lostpassword&g-recaptcha-response=1&redirect_to=1&user_login=1&wp-submit=Get%20New%20Password HTTP/1.1" 200 3227 "-" "SiteLockSpider [en] (WinNT; I ;Nav)"
184.154.139.38 - - [05/Apr/2026:16:48:23 +0000] "GET /wp-login.php?action=lostpassword&redirect_to=1&user_login=1&wp-submit=Get%20New%20Password HTTP/1.1" 200 3227 "-" "SiteLockSpider [en] (WinNT; I ;Nav)"
184.154.139.38 - - [05/Apr/2026:16:48:24 +0000] "GET /wp-admin/css/forms.min.css?ver=6.9.4 HTTP/1.1" 200 28422 "http://www.google.com/url?url=dutconsulting.com&yahoo.com" "Mozilla/5.0 (compatible; MSIE 9.0; Windows NT 6.1; WOW64; Trident/6.0)"
184.154.139.38 - - [05/Apr/2026:16:48:24 +0000] "GET /wp-includes/css/buttons.min.css?ver=6.9.4 HTTP/1.1" 200 6061 "http://www.google.com/url?url=dutconsulting.com&yahoo.com" "Mozilla/5.0 (compatible; MSIE 9.0; Windows NT 6.1; WOW64; Trident/6.0)"
184.154.139.38 - - [05/Apr/2026:16:48:25 +0000] "GET /wp-admin/css/l10n.min.css?ver=6.9.4 HTTP/1.1" 200 3200 "-" "SiteLockSpider [en] (WinNT; I ;Nav)"
184.154.139.38 - - [05/Apr/2026:16:48:25 +0000] "GET /wp-admin/css/login.min.css?ver=6.9.4 HTTP/1.1" 200 6381 "-" "SiteLockSpider [en] (WinNT; I ;Nav)"
184.154.139.38 - - [05/Apr/2026:16:48:25 +0000] "GET /wp-includes/css/dashicons.min.css?ver=6.9.4 HTTP/1.1" 200 59004 "-" "SiteLockSpider [en] (WinNT; I ;Nav)"
184.154.139.38 - - [05/Apr/2026:16:48:29 +0000] "GET /wp-login.php?action=lostpassword HTTP/1.1" 200 3226 "-" "SiteLockSpider [en] (WinNT; I ;Nav)"
184.154.139.38 - - [05/Apr/2026:16:48:30 +0000] "GET /wp-admin/js/user-profile.min.js?ver=6.9.4 HTTP/1.1" 200 7997 "http://www.google.com/url?url=dutconsulting.com&yahoo.com" "Mozilla/5.0 (compatible; MSIE 9.0; Windows NT 6.1; WOW64; Trident/6.0)"
184.154.139.38 - - [05/Apr/2026:16:48:30 +0000] "GET /wp-includes/js/dist/dom-ready.min.js?ver=f77871ff7694fffea381 HTTP/1.1" 200 457 "http://www.google.com/url?url=dutconsulting.com&yahoo.com" "Mozilla/5.0 (compatible; MSIE 9.0; Windows NT 6.1; WOW64; Trident/6.0)"
184.154.139.38 - - [05/Apr/2026:16:48:30 +0000] "GET /wp-includes/js/dist/i18n.min.js?ver=c26c3dc7bed366793375 HTTP/1.1" 200 5314 "-" "SiteLockSpider [en] (WinNT; I ;Nav)"
184.154.139.38 - - [05/Apr/2026:16:48:30 +0000] "GET /wp-includes/js/dist/a11y.min.js?ver=cb460b4676c94bd228ed HTTP/1.1" 200 2212 "-" "SiteLockSpider [en] (WinNT; I ;Nav)"
184.154.139.38 - - [05/Apr/2026:16:48:31 +0000] "GET /wp-includes/js/dist/hooks.min.js?ver=dd5603f07f9220ed27f1 HTTP/1.1" 200 5661 "-" "SiteLockSpider [en] (WinNT; I ;Nav)"
184.154.139.38 - - [05/Apr/2026:16:48:31 +0000] "GET /wp-includes/js/jquery/ui/core.min.js?ver=1.13.3 HTTP/1.1" 200 21464 "http://www.google.com/url?url=dutconsulting.com&yahoo.com" "Mozilla/5.0 (compatible; MSIE 9.0; Windows NT 6.1; WOW64; Trident/6.0)"
184.154.139.38 - - [05/Apr/2026:16:48:32 +0000] "GET /wp-includes/js/dist/vendor/wp-polyfill.min.js?ver=3.15.0 HTTP/1.1" 200 33548 "http://www.google.com/url?url=dutconsulting.com&yahoo.com" "Mozilla/5.0 (compatible; MSIE 9.0; Windows NT 6.1; WOW64; Trident/6.0)"
184.154.139.38 - - [05/Apr/2026:16:48:33 +0000] "GET /wp-content/plugins/revslider/public/assets/js/rs6.min.js?ver=6.5.14 HTTP/1.1" 404 36113 "http://www.google.com/url?url=dutconsulting.com&yahoo.com" "Mozilla/5.0 (compatible; MSIE 9.0; Windows NT 6.1; WOW64; Trident/6.0)"
146.174.169.29 - - [05/Apr/2026:16:48:34 +0000] "GET /pin/content-marketing/2679184566903.html HTTP/1.1" 404 36085 "-" "Mozilla/5.0 (Windows NT 10.0; Win64; x64) AppleWebKit/537.36 (KHTML, like Gecko) Chrome/131.0.6778.265 Safari/537.36"
184.154.139.38 - - [05/Apr/2026:16:48:35 +0000] "GET /jobs/?=Submit&CourseofInterest=1&Name=1&PhoneNumber=1&YourEmail=1&_wpcf7=27610&_wpcf7_ak_hp_textarea=1&_wpcf7_ak_js=154&_wpcf7_container_post=29462&_wpcf7_locale=en_US&_wpcf7_posted_data_hash=1&_wpcf7_recaptcha_response=1&_wpcf7_unit_tag=wpcf7-f27610-p29462-o1&_wpcf7_version=6.1.5&crs_location=1&crs_source=1 HTTP/1.1" 200 40333 "-" "SiteLockSpider [en] (WinNT; I ;Nav)"
184.154.139.38 - - [05/Apr/2026:16:48:36 +0000] "GET /post-a-job/?27610=_wpcf7_ak_hp_textarea&110=_wpcf7_container_post&_wpcf7_version HTTP/1.1" 200 40400 "-" "SiteLockSpider [en] (WinNT; I ;Nav)"
184.154.139.38 - - [05/Apr/2026:16:48:39 +0000] "GET /jobs/?=1&_wpcf7_ak_js=1&_wpcf7_recaptcha_response=1&crs_keyword=1&crs_location=1&crs_remote=1&crs_source=1 HTTP/1.1" 200 40337 "-" "SiteLockSpider [en] (WinNT; I ;Nav)"
184.154.139.38 - - [05/Apr/2026:16:48:40 +0000] "GET /post-a-job/?password=1&_wp_http_referer=%2Fpost-a-job%2F%3F_wpcf7%3D27610&email=1 HTTP/1.1" 200 40398 "-" "SiteLockSpider [en] (WinNT; I ;Nav)"
184.154.139.38 - - [05/Apr/2026:16:48:42 +0000] "GET /wp-login.php HTTP/1.1" 200 6175 "-" "SiteLockSpider [en] (WinNT; I ;Nav)"
184.154.139.38 - - [05/Apr/2026:16:48:44 +0000] "GET /post-a-job/?crs_signup_nonce HTTP/1.1" 200 40391 "-" "SiteLockSpider [en] (WinNT; I ;Nav)"
184.154.139.38 - - [05/Apr/2026:16:48:45 +0000] "GET /jobs/?PhoneNumber=1&crs_source=1 HTTP/1.1" 200 40331 "-" "SiteLockSpider [en] (WinNT; I ;Nav)"
184.154.139.38 - - [05/Apr/2026:16:48:45 +0000] "GET /post-a-job/?=Submit&1=_wpcf7_unit_tag&CourseofInterest=1&Name=1&PhoneNumber=1&YourEmail=1&_wpcf7=27610&_wpcf7_ak_hp_textarea=1&_wpcf7_ak_js=17&_wpcf7_container_post=29460&_wpcf7_locale=en_US&_wpcf7_posted_data_hash=1&_wpcf7_recaptcha_response=1&_wpcf7_unit_tag=wpcf7-f27610-p29460-o1&_wpcf7_version=6.1.5&company_name=1&wpcf7-f27610-p29460-o1=email HTTP/1.1" 200 40366 "-" "SiteLockSpider [en] (WinNT; I ;Nav)"
184.154.139.38 - - [05/Apr/2026:16:48:46 +0000] "GET /post-a-job/?=Submit&1=_wpcf7_unit_tag&110=_wpcf7_container_post&27610=_wpcf7_ak_hp_textarea&29460=_wpcf7_locale&CourseofInterest=en_US&Name=1&PhoneNumber=1&YourEmail=1&_wpcf7=27610&_wpcf7_ak_hp_textarea=1&_wpcf7_ak_js=95&_wpcf7_container_post=29460&_wpcf7_locale=en_US&_wpcf7_posted_data_hash=wpcf7-f27610-p29460-o1&_wpcf7_recaptcha_response=1&_wpcf7_unit_tag=wpcf7-f27610-p29460-o1&_wpcf7_version=6.1.5&company_name=email HTTP/1.1" 200 40370 "-" "SiteLockSpider [en] (WinNT; I ;Nav)"
184.154.139.38 - - [05/Apr/2026:16:48:47 +0000] "GET /wp-admin/js/password-strength-meter.min.js?ver=6.9.4 HTTP/1.1" 200 1123 "-" "SiteLockSpider [en] (WinNT; I ;Nav)"
184.154.139.38 - - [05/Apr/2026:16:48:48 +0000] "GET /wp-includes/js/wp-util.min.js?ver=6.9.4 HTTP/1.1" 200 1431 "http://www.google.com/url?url=dutconsulting.com&yahoo.com" "Mozilla/5.0 (compatible; MSIE 9.0; Windows NT 6.1; WOW64; Trident/6.0)"
184.154.139.38 - - [05/Apr/2026:16:48:48 +0000] "GET /wp-includes/js/underscore.min.js?ver=1.13.7 HTTP/1.1" 200 18905 "-" "SiteLockSpider [en] (WinNT; I ;Nav)"
184.154.139.38 - - [05/Apr/2026:16:48:48 +0000] "GET /wp-includes/js/zxcvbn-async.min.js?ver=1.0 HTTP/1.1" 200 351 "-" "SiteLockSpider [en] (WinNT; I ;Nav)"
184.154.139.38 - - [05/Apr/2026:16:48:48 +0000] "GET /wp-includes/js/clipboard.min.js?ver=2.0.11 HTTP/1.1" 200 9009 "-" "SiteLockSpider [en] (WinNT; I ;Nav)"
184.154.139.38 - - [05/Apr/2026:16:48:48 +0000] "GET /wp-login.php?=1&log=1&pwd=1&redirect_to=https://dutconsulting.com/wp-admin/&rememberme=1&testcookie=1&wp-submit=Log%20In HTTP/1.1" 200 6175 "http://www.google.com/url?url=dutconsulting.com&yahoo.com" "Mozilla/5.0 (compatible; MSIE 9.0; Windows NT 6.1; WOW64; Trident/6.0)"
184.154.139.38 - - [05/Apr/2026:16:48:51 +0000] "GET /jobs/?_wpcf7=27610&_wpcf7_unit_tag=wpcf7-f27610-p29462-o1&Name=1&_wpcf7_locale=en_US&CourseofInterest=1&YourEmail=1&_wpcf7_recaptcha_response=1&_wpcf7_ak_hp_textarea=1&_wpcf7_posted_data_hash=1&PhoneNumber=1&crs_source=1 HTTP/1.1" 200 40338 "-" "SiteLockSpider [en] (WinNT; I ;Nav)"
184.154.139.38 - - [05/Apr/2026:16:48:52 +0000] "GET /jobs/?_wpcf7_recaptcha_response=1&crs_keyword=1&crs_source=1 HTTP/1.1" 200 40346 "-" "SiteLockSpider [en] (WinNT; I ;Nav)"
184.154.139.38 - - [05/Apr/2026:16:48:56 +0000] "GET /wp-login.php?=1&g-recaptcha-response=1&log=1&pwd=1&redirect_to=https://dutconsulting.com/post-a-job/&rememberme=1&testcookie=1&wp-submit=Log%20In HTTP/1.1" 200 6177 "http://www.google.com/url?url=dutconsulting.com&yahoo.com" "Mozilla/5.0 (compatible; MSIE 9.0; Windows NT 6.1; WOW64; Trident/6.0)"
184.154.139.38 - - [05/Apr/2026:16:48:58 +0000] "GET /wp-login.php?=1&g-recaptcha-response=1&log=1&pwd=1&redirect_to=https://dutconsulting.com/wp-admin/&rememberme=1&testcookie=1&wp-submit=Log%20In HTTP/1.1" 200 6175 "http://www.google.com/url?url=dutconsulting.com&yahoo.com" "Mozilla/5.0 (compatible; MSIE 9.0; Windows NT 6.1; WOW64; Trident/6.0)"
184.154.139.38 - - [05/Apr/2026:16:48:58 +0000] "GET /wp-login.php?g-recaptcha-response=1&log=1&pwd=1&redirect_to=https://dutconsulting.com/post-a-job/&rememberme=1&wp-submit=Log%20In HTTP/1.1" 200 6177 "http://www.google.com/url?url=dutconsulting.com&yahoo.com" "Mozilla/5.0 (compatible; MSIE 9.0; Windows NT 6.1; WOW64; Trident/6.0)"
184.154.139.38 - - [05/Apr/2026:16:48:59 +0000] "GET /post-a-job/?_wpcf7=27610&_wpcf7_ak_hp_textarea=1&_wpcf7_posted_data_hash=1&_wpcf7_container_post=29460&YourEmail=1&CourseofInterest=1&wpcf7-f27610-p29460-o1=email HTTP/1.1" 200 40359 "-" "SiteLockSpider [en] (WinNT; I ;Nav)"
184.154.139.38 - - [05/Apr/2026:16:49:00 +0000] "GET /post-a-job/?=Submit&1=_wpcf7_unit_tag&113=_wpcf7_container_post&158=_wpcf7_container_post&27610=_wpcf7_ak_hp_textarea&29460=_wpcf7_locale&6_1_5=CourseofInterest&CourseofInterest=1&Name=1&PhoneNumber=1&YourEmail=1&_wpcf7=27610&_wpcf7_ak_hp_textarea=1&_wpcf7_ak_js=8&_wpcf7_container_post=29460&_wpcf7_locale=en_US&_wpcf7_posted_data_hash=wpcf7-f27610-p29460-o1&_wpcf7_recaptcha_response=1&_wpcf7_unit_tag=wpcf7-f27610-p29460-o1&_wpcf7_version=6.1.5&en_US=_wpcf7_posted_data_hash&wpcf7-f27610-p29460-o1=_wpcf7_version HTTP/1.1" 200 40389 "-" "SiteLockSpider [en] (WinNT; I ;Nav)"
184.154.139.38 - - [05/Apr/2026:16:49:01 +0000] "GET /post-a-job/?YourEmail=1&_wpcf7_container_post=29460&_wpcf7_posted_data_hash=wpcf7-f27610-p29460-o1&27610=_wpcf7_ak_hp_textarea&110=_wpcf7_container_post&_wpcf7_ak_hp_textarea=1&_wpcf7=27610&_wpcf7_version HTTP/1.1" 200 40356 "-" "SiteLockSpider [en] (WinNT; I ;Nav)"
184.154.139.38 - - [05/Apr/2026:16:49:02 +0000] "GET /wp-login.php?=1&log=1&pwd=1&redirect_to=https://dutconsulting.com/post-a-job/&rememberme=1&testcookie=1&wp-submit=Log%20In HTTP/1.1" 200 6177 "http://www.google.com/url?url=dutconsulting.com&yahoo.com" "Mozilla/5.0 (compatible; MSIE 9.0; Windows NT 6.1; WOW64; Trident/6.0)"
184.154.139.38 - - [05/Apr/2026:16:49:03 +0000] "GET /jobs/?_wpcf7_recaptcha_response=1&_wpcf7_locale=en_US&PhoneNumber=1&_wpcf7_unit_tag=wpcf7-f27610-p29462-o1&crs_source=1 HTTP/1.1" 200 40326 "-" "SiteLockSpider [en] (WinNT; I ;Nav)"
184.154.139.38 - - [05/Apr/2026:16:49:04 +0000] "GET /jobs/?_wpcf7_unit_tag=wpcf7-f27610-p29462-o1&PhoneNumber=1&_wpcf7_locale=en_US&_wpcf7_version=6.1.5&crs_location=1&crs_source=1 HTTP/1.1" 200 40318 "-" "SiteLockSpider [en] (WinNT; I ;Nav)"
184.154.139.38 - - [05/Apr/2026:16:49:04 +0000] "GET /jobs/?=1&crs_keyword=1&crs_location=1&crs_remote=1&crs_source=1 HTTP/1.1" 200 40329 "-" "SiteLockSpider [en] (WinNT; I ;Nav)"
91.106.42.214 - - [05/Apr/2026:16:49:05 +0000] "GET /pin/content-marketing/28a182303296901.html HTTP/1.1" 404 36086 "-" "Mozilla/5.0 (Windows NT 10.0; WOW64; rv:135.0) Gecko/20100101 Firefox/135.0"
184.154.139.38 - - [05/Apr/2026:16:49:05 +0000] "GET /jobs/?crs_remote=1&crs_keyword=1&crs_location=1&crs_source=1 HTTP/1.1" 200 40341 "-" "SiteLockSpider [en] (WinNT; I ;Nav)"
184.154.139.38 - - [05/Apr/2026:16:49:06 +0000] "GET /jobs/?crs_remote=1&_wpcf7_posted_data_hash=1&YourEmail=1&_wpcf7_container_post=29462&_wpcf7_ak_hp_textarea=1&_wpcf7=27610&Name=1&CourseofInterest=1&_wpcf7_ak_js=114&_wpcf7_recaptcha_response=1&PhoneNumber=1&_wpcf7_locale=en_US&_wpcf7_unit_tag=wpcf7-f27610-p29462-o1&crs_source=1 HTTP/1.1" 200 40340 "-" "SiteLockSpider [en] (WinNT; I ;Nav)"
184.154.139.38 - - [05/Apr/2026:16:49:07 +0000] "GET /jobs/?crs_remote=1&_wpcf7_recaptcha_response=1&_wpcf7_ak_js=1&crs_keyword=1&crs_location=1&crs_source=1 HTTP/1.1" 200 40324 "-" "SiteLockSpider [en] (WinNT; I ;Nav)"
184.154.139.38 - - [05/Apr/2026:16:49:08 +0000] "GET /jobs/?=1&CourseofInterest=1&Name=1&YourEmail=1&_wpcf7=27610&_wpcf7_ak_hp_textarea=1&_wpcf7_ak_js=114&_wpcf7_container_post=29462&_wpcf7_posted_data_hash=1&_wpcf7_recaptcha_response=1&crs_keyword=1&crs_location=1&crs_remote=1&crs_source=1 HTTP/1.1" 200 40337 "-" "SiteLockSpider [en] (WinNT; I ;Nav)"
66.249.73.96 - - [05/Apr/2026:16:49:17 +0000] "GET /shopdetail/yxgucg_d100116117 HTTP/1.1" 301 - "-" "Mozilla/5.0 (compatible; Googlebot/2.1; +http://www.google.com/bot.html)"
184.154.139.38 - - [05/Apr/2026:16:49:18 +0000] "GET /post-a-job/?=Submit&CourseofInterest=1&Name=1&PhoneNumber=1&YourEmail=1&_wpcf7=27610&_wpcf7_ak_hp_textarea=1&_wpcf7_ak_js=154&_wpcf7_container_post=29460&_wpcf7_locale=en_US&_wpcf7_posted_data_hash=1&_wpcf7_recaptcha_response=1&_wpcf7_unit_tag=wpcf7-f27610-p29460-o1&_wpcf7_version=6.1.5&password=1 HTTP/1.1" 200 40402 "-" "SiteLockSpider [en] (WinNT; I ;Nav)"
184.154.139.38 - - [05/Apr/2026:16:49:19 +0000] "GET /post-a-job/?_wpcf7_recaptcha_response=1&_wpcf7_ak_js=2&6_1_5=CourseofInterest&_wpcf7_unit_tag=wpcf7-f27610-p29460-o1&PhoneNumber=1&_wpcf7_locale=en_US&224=_wpcf7_container_post&_wpcf7_version=6.1.5 HTTP/1.1" 200 40381 "-" "SiteLockSpider [en] (WinNT; I ;Nav)"
184.154.139.38 - - [05/Apr/2026:16:49:20 +0000] "GET /post-a-job/?1=_wpcf7_unit_tag&wpcf7-f27610-p29460-o1=_wpcf7_version&29460=_wpcf7_locale&en_US=_wpcf7_posted_data_hash&_wpcf7_version HTTP/1.1" 200 40379 "-" "SiteLockSpider [en] (WinNT; I ;Nav)"
184.154.139.38 - - [05/Apr/2026:16:49:21 +0000] "GET /post-a-job/?en_US=PhoneNumber&crs_action=employer_signup&_wpcf7=27610&_wpcf7_ak_hp_textarea=1&27610=_wpcf7_recaptcha_response&_wpcf7_posted_data_hash=1&_wpcf7_container_post=29460&YourEmail=1&company_name=1&1=_wpcf7_unit_tag&wpcf7-f27610-p29460-o1=email HTTP/1.1" 200 40376 "-" "SiteLockSpider [en] (WinNT; I ;Nav)"
184.154.139.38 - - [05/Apr/2026:16:49:22 +0000] "GET /post-a-job/?_wpcf7_posted_data_hash=1&_wpcf7_container_post=29460&YourEmail=1&_wpcf7=27610&_wpcf7_ak_js=142&_wpcf7_ak_hp_textarea=1&_wpcf7_recaptcha_response=1&PhoneNumber=1&Name=1&crs_signup_nonce HTTP/1.1" 200 40381 "-" "SiteLockSpider [en] (WinNT; I ;Nav)"
184.154.139.38 - - [05/Apr/2026:16:49:23 +0000] "GET /post-a-job/?=Submit&1=_wpcf7_unit_tag&224=_wpcf7_container_post&27610=_wpcf7_ak_hp_textarea&6_1_5=CourseofInterest&CourseofInterest=1&Name=1&PhoneNumber=1&YourEmail=1&_wpcf7=27610&_wpcf7_ak_hp_textarea=1&_wpcf7_ak_js=186&_wpcf7_container_post=29460&_wpcf7_locale=en_US&_wpcf7_posted_data_hash=wpcf7-f27610-p29460-o1&_wpcf7_recaptcha_response=1&_wpcf7_unit_tag=wpcf7-f27610-p29460-o1&_wpcf7_version=6.1.5&en_US=_wpcf7_posted_data_hash&wpcf7-f27610-p29460-o1=_wpcf7_version HTTP/1.1" 200 40347 "-" "SiteLockSpider [en] (WinNT; I ;Nav)"
184.154.139.38 - - [05/Apr/2026:16:49:24 +0000] "GET /post-a-job/?_wpcf7_recaptcha_response=1&_wpcf7_ak_js=2&6_1_5=CourseofInterest&224=_wpcf7_container_post&_wpcf7_version=6.1.5 HTTP/1.1" 200 40370 "-" "SiteLockSpider [en] (WinNT; I ;Nav)"
184.154.139.38 - - [05/Apr/2026:16:49:25 +0000] "GET /post-a-job/?=Submit&1=&CourseofInterest=1&Name=1&PhoneNumber=1&YourEmail=1&_wpcf7=27610&_wpcf7_ak_hp_textarea=1&_wpcf7_ak_js=113&_wpcf7_container_post=29460&_wpcf7_locale=en_US&_wpcf7_posted_data_hash=1&_wpcf7_recaptcha_response=1&_wpcf7_unit_tag=wpcf7-f27610-p29460-o1&_wpcf7_version=6.1.5 HTTP/1.1" 200 40376 "-" "SiteLockSpider [en] (WinNT; I ;Nav)"
184.154.139.38 - - [05/Apr/2026:16:49:26 +0000] "GET /post-a-job/?=Submit&1=employer_signup&CourseofInterest=1&Name=1&PhoneNumber=1&YourEmail=1&_wpcf7=27610&_wpcf7_ak_hp_textarea=1&_wpcf7_ak_js=15&_wpcf7_container_post=29460&_wpcf7_locale=en_US&_wpcf7_posted_data_hash=1&_wpcf7_recaptcha_response=1&_wpcf7_unit_tag=wpcf7-f27610-p29460-o1&_wpcf7_version=6.1.5&crs_signup_nonce= HTTP/1.1" 200 40389 "-" "SiteLockSpider [en] (WinNT; I ;Nav)"
184.154.139.38 - - [05/Apr/2026:16:49:27 +0000] "GET /post-a-job/?CourseofInterest HTTP/1.1" 200 40375 "-" "SiteLockSpider [en] (WinNT; I ;Nav)"
14.163.66.44 - - [05/Apr/2026:16:49:35 +0000] "GET /pin/content-marketing/2c020773266904.html HTTP/1.1" 404 36088 "-" "Mozilla/5.0 (Macintosh; Intel Mac OS X 14_5_1) AppleWebKit/537.36 (KHTML, like Gecko) Chrome/130.0.6723.191 Safari/537.36"
66.249.77.231 - - [05/Apr/2026:16:49:41 +0000] "GET /item/4047616 HTTP/1.1" 404 36083 "-" "Mozilla/5.0 (Linux; Android 6.0.1; Nexus 5X Build/MMB29P) AppleWebKit/537.36 (KHTML, like Gecko) Chrome/146.0.7680.177 Mobile Safari/537.36 (compatible; Googlebot/2.1; +http://www.google.com/bot.html)"
