184.154.139.38 - - [05/Apr/2026:16:49:49 +0000] "GET /jobs/?Name=1&CourseofInterest=1&YourEmail=1&_wpcf7_ak_hp_textarea=1&_wpcf7=27610&_wpcf7_locale=en_US&_wpcf7_unit_tag=wpcf7-f27610-p29462-o1&crs_source=1 HTTP/1.1" 200 40350 "-" "SiteLockSpider [en] (WinNT; I ;Nav)"
184.154.139.38 - - [05/Apr/2026:16:49:50 +0000] "GET /jobs/?crs_remote=1&YourEmail=1&_wpcf7=27610&_wpcf7_ak_hp_textarea=1&Name=1&CourseofInterest=1&_wpcf7_recaptcha_response=1&crs_location=1&crs_source=1 HTTP/1.1" 200 40323 "-" "SiteLockSpider [en] (WinNT; I ;Nav)"
184.154.139.38 - - [05/Apr/2026:16:49:52 +0000] "GET /jobs/?=1&PhoneNumber=1&_wpcf7_locale=en_US&_wpcf7_recaptcha_response=1&_wpcf7_unit_tag=wpcf7-f27610-p29462-o1&crs_keyword=1&crs_location=1&crs_remote=1&crs_source=1 HTTP/1.1" 200 40327 "-" "SiteLockSpider [en] (WinNT; I ;Nav)"
184.154.139.38 - - [05/Apr/2026:16:49:53 +0000] "GET /jobs/?_wpcf7=27610&_wpcf7_unit_tag=wpcf7-f27610-p29462-o1&Name=1&_wpcf7_locale=en_US&CourseofInterest=1&YourEmail=1&_wpcf7_recaptcha_response=1&_wpcf7_ak_hp_textarea=1&PhoneNumber=1&_wpcf7_posted_data_hash=1&crs_keyword=1&_wpcf7_version=6.1.5&crs_source=1 HTTP/1.1" 200 40372 "-" "SiteLockSpider [en] (WinNT; I ;Nav)"
184.154.139.38 - - [05/Apr/2026:16:49:54 +0000] "GET /jobs/?=Submit&CourseofInterest=1&Name=1&PhoneNumber=1&YourEmail=1&_wpcf7=27610&_wpcf7_ak_hp_textarea=1&_wpcf7_ak_js=224&_wpcf7_container_post=29462&_wpcf7_locale=en_US&_wpcf7_posted_data_hash=1&_wpcf7_recaptcha_response=1&_wpcf7_unit_tag=wpcf7-f27610-p29462-o1&_wpcf7_version=6.1.5&crs_keyword=1&crs_source=1 HTTP/1.1" 200 40353 "-" "SiteLockSpider [en] (WinNT; I ;Nav)"
184.154.139.38 - - [05/Apr/2026:16:49:55 +0000] "GET /jobs/?_wpcf7_container_post=29462&_wpcf7_ak_js=154&_wpcf7_version=6.1.5&crs_source=1 HTTP/1.1" 200 40324 "-" "SiteLockSpider [en] (WinNT; I ;Nav)"
184.154.139.38 - - [05/Apr/2026:16:49:57 +0000] "GET /jobs/?PhoneNumber=1&_wpcf7_locale=en_US&_wpcf7_unit_tag=wpcf7-f27610-p29462-o1&crs_location=1&crs_source=1 HTTP/1.1" 200 40354 "-" "SiteLockSpider [en] (WinNT; I ;Nav)"
184.154.139.38 - - [05/Apr/2026:16:49:59 +0000] "GET /jobs/?=1&CourseofInterest=1&Name=1&PhoneNumber=1&_wpcf7_locale=en_US&_wpcf7_unit_tag=wpcf7-f27610-p29462-o1&_wpcf7_version=6.1.5&crs_keyword=1&crs_location=1&crs_remote=1&crs_source=1 HTTP/1.1" 200 40324 "-" "SiteLockSpider [en] (WinNT; I ;Nav)"
184.154.139.38 - - [05/Apr/2026:16:50:00 +0000] "GET /jobs/?=1&PhoneNumber=1&_wpcf7_ak_js=151&_wpcf7_locale=en_US&_wpcf7_recaptcha_response=1&_wpcf7_unit_tag=wpcf7-f27610-p29462-o1&_wpcf7_version=6.1.5&crs_keyword=1&crs_location=1&crs_remote=1&crs_source=1 HTTP/1.1" 200 40320 "-" "SiteLockSpider [en] (WinNT; I ;Nav)"
146.174.172.243 - - [05/Apr/2026:16:50:01 +0000] "GET /pin/content-marketing/302f7399256904.html HTTP/1.1" 404 36071 "-" "Mozilla/5.0 (Macintosh; Intel Mac OS X 10_15_7) AppleWebKit/537.36 (KHTML, like Gecko) Chrome/129.0.6668.58 Safari/537.36"
184.154.139.38 - - [05/Apr/2026:16:50:02 +0000] "GET /jobs/?crs_remote=1&_wpcf7_recaptcha_response=1&_wpcf7_ak_js=156&crs_keyword=1&_wpcf7_version=6.1.5&crs_source=1 HTTP/1.1" 200 40331 "-" "SiteLockSpider [en] (WinNT; I ;Nav)"
52.167.144.216 - - [05/Apr/2026:16:50:04 +0000] "GET /2026/01/08/iso-24419-lead-auditor/ HTTP/1.1" 200 50266 "-" "Mozilla/5.0 AppleWebKit/537.36 (KHTML, like Gecko; compatible; bingbot/2.0; +http://www.bing.com/bingbot.htm) Chrome/116.0.1938.76 Safari/537.36"
184.154.139.38 - - [05/Apr/2026:16:50:22 +0000] "GET /post-a-job/?Name=1&CourseofInterest=1&_wpcf7_posted_data_hash=1&_wpcf7_container_post=29460&YourEmail=1&_wpcf7=27610&_wpcf7_ak_hp_textarea=1&27610=_wpcf7_ak_hp_textarea&PhoneNumber=1&_wpcf7_locale=en_US&_wpcf7_unit_tag=wpcf7-f27610-p29460-o1&_wpcf7_version=6.1.5 HTTP/1.1" 200 40371 "-" "SiteLockSpider [en] (WinNT; I ;Nav)"
184.154.139.38 - - [05/Apr/2026:16:50:24 +0000] "GET /post-a-job/?6_1_5=CourseofInterest&_wpcf7_ak_js=186&_wpcf7_recaptcha_response=1&_wpcf7_version=6.1.5&224=_wpcf7_container_post&_wpcf7_locale=en_US&PhoneNumber=1&_wpcf7_unit_tag=wpcf7-f27610-p29460-o1&en_US=_wpcf7_posted_data_hash&_wpcf7=27610&_wpcf7_ak_hp_textarea=1&27610=_wpcf7_ak_hp_textarea&_wpcf7_posted_data_hash=wpcf7-f27610-p29460-o1&_wpcf7_container_post=29460&YourEmail=1&CourseofInterest=1&1=_wpcf7_unit_tag&wpcf7-f27610-p29460-o1=_wpcf7_version HTTP/1.1" 200 40361 "-" "SiteLockSpider [en] (WinNT; I ;Nav)"
184.154.139.38 - - [05/Apr/2026:16:50:25 +0000] "GET /post-a-job/?=Submit&1=_wpcf7_unit_tag&146=_wpcf7_container_post&29460=employer_signup&6_1_5=crs_signup_nonce&CourseofInterest=1&Name=1&PhoneNumber=1&YourEmail=1&_wpcf7=27610&_wpcf7_ak_hp_textarea=1&_wpcf7_ak_js=16&_wpcf7_container_post=29460&_wpcf7_locale=en_US&_wpcf7_posted_data_hash=1&_wpcf7_recaptcha_response=1&_wpcf7_unit_tag=wpcf7-f27610-p29460-o1&_wpcf7_version=6.1.5&crs_signup_nonce=&email=CourseofInterest HTTP/1.1" 200 40384 "-" "SiteLockSpider [en] (WinNT; I ;Nav)"
184.154.139.38 - - [05/Apr/2026:16:50:27 +0000] "GET /post-a-job/?29460=_wpcf7_locale&Name=1&wpcf7-f27610-p29460-o1=_wpcf7_version HTTP/1.1" 200 40376 "-" "SiteLockSpider [en] (WinNT; I ;Nav)"
184.154.139.38 - - [05/Apr/2026:16:50:29 +0000] "GET /post-a-job/?=Submit&229=_wpcf7_container_post&CourseofInterest=1&Name=1&PhoneNumber=1&YourEmail=1&_wp_http_referer=%2Fpost-a-job%2F%3F229%3D_wpcf7_container_post&_wpcf7=27610&_wpcf7_ak_hp_textarea=1&_wpcf7_ak_js=59&_wpcf7_container_post=29460&_wpcf7_locale=en_US&_wpcf7_posted_data_hash=1&_wpcf7_recaptcha_response=1&_wpcf7_unit_tag=wpcf7-f27610-p29460-o1&_wpcf7_version=6.1.5&crs_signup_nonce=26b39bd7b5&email=1&password=1 HTTP/1.1" 200 40388 "-" "SiteLockSpider [en] (WinNT; I ;Nav)"
184.154.139.38 - - [05/Apr/2026:16:50:30 +0000] "GET /post-a-job/?Name=1&company_name=1&_wpcf7_posted_data_hash=1&_wpcf7_container_post=29460&YourEmail=1&_wpcf7=27610&crs_action=employer_signup&_wpcf7_ak_hp_textarea=1&_wpcf7_locale=en_US&PhoneNumber=1&_wpcf7_unit_tag=wpcf7-f27610-p29460-o1&_wp_http_referer=%2Fpost-a-job%2F%3F_wpcf7_posted_data_hash%3D1&crs_signup_nonce=26b39bd7b5&email=1&password=1 HTTP/1.1" 200 40380 "-" "SiteLockSpider [en] (WinNT; I ;Nav)"
184.154.139.38 - - [05/Apr/2026:16:50:31 +0000] "GET /post-a-job/?_wpcf7_recaptcha_response=1&_wpcf7_ak_js=3&employer_signup HTTP/1.1" 200 40364 "-" "SiteLockSpider [en] (WinNT; I ;Nav)"
8.47.100.138 - - [05/Apr/2026:16:50:32 +0000] "GET /pin/content-marketing/3042a202436903.html HTTP/1.1" 404 36096 "-" "Mozilla/5.0 (Macintosh; Intel Mac OS X 11_7_0) AppleWebKit/537.36 (KHTML, like Gecko) Chrome/134.0.6998.88 Safari/537.36"
184.154.139.38 - - [05/Apr/2026:16:50:33 +0000] "GET /post-a-job/?email=1 HTTP/1.1" 200 40390 "-" "SiteLockSpider [en] (WinNT; I ;Nav)"
184.154.139.38 - - [05/Apr/2026:16:50:34 +0000] "GET /post-a-job/?6_1_5=CourseofInterest&224=_wpcf7_container_post&_wpcf7_version HTTP/1.1" 200 40413 "-" "SiteLockSpider [en] (WinNT; I ;Nav)"
184.154.139.38 - - [05/Apr/2026:16:50:37 +0000] "GET /post-a-job/?=Submit&110=_wpcf7_container_post&27610=_wpcf7_ak_hp_textarea&CourseofInterest=1&Name=1&PhoneNumber=1&YourEmail=1&_wpcf7=27610&_wpcf7_ak_hp_textarea=1&_wpcf7_ak_js=135&_wpcf7_container_post=29460&_wpcf7_locale=en_US&_wpcf7_posted_data_hash=1&_wpcf7_recaptcha_response=1&_wpcf7_unit_tag=wpcf7-f27610-p29460-o1&_wpcf7_version=6.1.5&company_name=en_US HTTP/1.1" 200 40370 "-" "SiteLockSpider [en] (WinNT; I ;Nav)"
113.181.158.86 - - [05/Apr/2026:16:51:01 +0000] "GET /pin/content-marketing/31151548686901.html HTTP/1.1" 404 36090 "-" "Mozilla/5.0 (Macintosh; Intel Mac OS X 11_3_1) AppleWebKit/537.36 (KHTML, like Gecko) Chrome/130.0.6723.116 Safari/537.36"
184.154.139.38 - - [05/Apr/2026:16:51:06 +0000] "GET /jobs/?=1&CourseofInterest=1&Name=1&YourEmail=1&_wpcf7=27610&_wpcf7_ak_hp_textarea=1&_wpcf7_ak_js=1&_wpcf7_container_post=29462&_wpcf7_locale=en_US&_wpcf7_recaptcha_response=1&_wpcf7_unit_tag=wpcf7-f27610-p29462-o1&_wpcf7_version=6.1.5&crs_keyword=1&crs_location=1&crs_remote=1&crs_source=1 HTTP/1.1" 200 40334 "-" "SiteLockSpider [en] (WinNT; I ;Nav)"
184.154.139.38 - - [05/Apr/2026:16:51:08 +0000] "GET /jobs/?_wpcf7_posted_data_hash=1&crs_source=1 HTTP/1.1" 200 40330 "-" "SiteLockSpider [en] (WinNT; I ;Nav)"
184.154.139.38 - - [05/Apr/2026:16:51:10 +0000] "GET /jobs/?=Submit&CourseofInterest=1&Name=1&PhoneNumber=1&YourEmail=1&_wpcf7=27610&_wpcf7_ak_hp_textarea=1&_wpcf7_ak_js=32&_wpcf7_container_post=29462&_wpcf7_locale=en_US&_wpcf7_posted_data_hash=1&_wpcf7_recaptcha_response=1&_wpcf7_unit_tag=wpcf7-f27610-p29462-o1&_wpcf7_version=6.1.5&crs_keyword=1&crs_remote=1&crs_source=1 HTTP/1.1" 200 40338 "-" "SiteLockSpider [en] (WinNT; I ;Nav)"
184.154.139.38 - - [05/Apr/2026:16:51:12 +0000] "GET /jobs/?crs_remote=1&_wpcf7_version=6.1.5&crs_keyword=1&CourseofInterest=1&crs_location=1&crs_source=1 HTTP/1.1" 200 40356 "-" "SiteLockSpider [en] (WinNT; I ;Nav)"
184.154.139.38 - - [05/Apr/2026:16:51:13 +0000] "GET /jobs/?crs_remote=1&_wpcf7_ak_js=1&_wpcf7_recaptcha_response=1&crs_source=1 HTTP/1.1" 200 40323 "-" "SiteLockSpider [en] (WinNT; I ;Nav)"
184.154.139.38 - - [05/Apr/2026:16:51:15 +0000] "GET /jobs/?_wpcf7_locale=en_US&PhoneNumber=1&_wpcf7_unit_tag=wpcf7-f27610-p29462-o1&crs_source=1 HTTP/1.1" 200 40341 "-" "SiteLockSpider [en] (WinNT; I ;Nav)"
184.154.139.38 - - [05/Apr/2026:16:51:17 +0000] "GET /jobs/?=1&CourseofInterest=1&Name=1&PhoneNumber=1&YourEmail=1&_wpcf7=27610&_wpcf7_ak_hp_textarea=1&_wpcf7_locale=en_US&_wpcf7_posted_data_hash=1&_wpcf7_unit_tag=wpcf7-f27610-p29462-o1&crs_keyword=1&crs_location=1&crs_remote=1&crs_source=1 HTTP/1.1" 200 40341 "-" "SiteLockSpider [en] (WinNT; I ;Nav)"
184.154.139.38 - - [05/Apr/2026:16:51:20 +0000] "GET /jobs/?YourEmail=1&_wpcf7_container_post=29462&_wpcf7_posted_data_hash=1&crs_remote=1&_wpcf7_ak_hp_textarea=1&_wpcf7=27610&Name=1&CourseofInterest=1&_wpcf7_recaptcha_response=1&_wpcf7_ak_js=1&_wpcf7_unit_tag=wpcf7-f27610-p29462-o1&_wpcf7_locale=en_US&PhoneNumber=1&_wpcf7_version=6.1.5&crs_source=1 HTTP/1.1" 200 40331 "-" "SiteLockSpider [en] (WinNT; I ;Nav)"
184.154.139.38 - - [05/Apr/2026:16:51:21 +0000] "GET /jobs/?Name=1&_wpcf7_locale=en_US&PhoneNumber=1&_wpcf7_unit_tag=wpcf7-f27610-p29462-o1&crs_source=1 HTTP/1.1" 200 40343 "-" "SiteLockSpider [en] (WinNT; I ;Nav)"
184.154.139.38 - - [05/Apr/2026:16:51:23 +0000] "GET /jobs/?crs_remote=1&_wpcf7_recaptcha_response=1&crs_keyword=1&_wpcf7_version=6.1.5&crs_source=1 HTTP/1.1" 200 40357 "-" "SiteLockSpider [en] (WinNT; I ;Nav)"
202.76.173.213 - - [05/Apr/2026:16:51:29 +0000] "GET /pin/content-marketing/311d7866806903.html HTTP/1.1" 404 36091 "-" "Mozilla/5.0 (Macintosh; Intel Mac OS X 15.1; rv:128.0) Gecko/20100101 Firefox/128.0"
184.154.139.38 - - [05/Apr/2026:16:51:40 +0000] "GET /post-a-job/?=Submit&CourseofInterest=1&Name=1&PhoneNumber=1&YourEmail=1&_wpcf7=27610&_wpcf7_ak_hp_textarea=1&_wpcf7_ak_js=248&_wpcf7_container_post=29460&_wpcf7_locale=en_US&_wpcf7_posted_data_hash=1&_wpcf7_recaptcha_response=1&_wpcf7_unit_tag=wpcf7-f27610-p29460-o1&_wpcf7_version=6.1.5&crs_action=employer_signup&password=1 HTTP/1.1" 200 40400 "-" "SiteLockSpider [en] (WinNT; I ;Nav)"
184.154.139.38 - - [05/Apr/2026:16:51:42 +0000] "GET /post-a-job/?company_name=en_US&CourseofInterest=1&Name=1&_wpcf7_ak_hp_textarea=1&_wpcf7=27610&27610=_wpcf7_ak_hp_textarea&110=_wpcf7_container_post&_wpcf7_posted_data_hash=1&YourEmail=1&_wpcf7_container_post=29460&_wpcf7_version=6.1.5&PhoneNumber=1&_wpcf7_locale=en_US&_wpcf7_posted_data_hash HTTP/1.1" 200 40392 "-" "SiteLockSpider [en] (WinNT; I ;Nav)"
184.154.139.38 - - [05/Apr/2026:16:51:43 +0000] "GET /post-a-job/?_wpcf7_container_post=29460&YourEmail=1&_wpcf7_posted_data_hash=wpcf7-f27610-p29460-o1&27610=_wpcf7_ak_hp_textarea&_wpcf7=27610&en_US=_wpcf7_posted_data_hash&_wpcf7_ak_hp_textarea=1&wpcf7-f27610-p29460-o1=_wpcf7_version HTTP/1.1" 200 40386 "-" "SiteLockSpider [en] (WinNT; I ;Nav)"
184.154.139.38 - - [05/Apr/2026:16:51:44 +0000] "GET /post-a-job/?Name=1&29460=_wpcf7_locale&company_name=employer_signup&CourseofInterest=en_US&1=_wpcf7_unit_tag&_wpcf7_posted_data_hash=wpcf7-f27610-p29460-o1&_wpcf7_container_post=29460&YourEmail=1&_wpcf7_version HTTP/1.1" 200 40394 "-" "SiteLockSpider [en] (WinNT; I ;Nav)"
184.154.139.38 - - [05/Apr/2026:16:51:45 +0000] "GET /post-a-job/?6_1_5=crs_signup_nonce&_wpcf7_ak_hp_textarea=1&_wpcf7_ak_js=16&_wpcf7=27610&_wpcf7_recaptcha_response=1&_wpcf7_posted_data_hash=1&YourEmail=1&_wpcf7_container_post=29460&_wpcf7_version=6.1.5 HTTP/1.1" 200 40360 "-" "SiteLockSpider [en] (WinNT; I ;Nav)"
184.154.139.38 - - [05/Apr/2026:16:51:46 +0000] "GET /post-a-job/?110=_wpcf7_container_post&27610=_wpcf7_ak_hp_textarea&_wpcf7=27610&_wpcf7_version HTTP/1.1" 200 40385 "-" "SiteLockSpider [en] (WinNT; I ;Nav)"
184.154.139.38 - - [05/Apr/2026:16:51:47 +0000] "GET /post-a-job/?=Submit&27610=_wpcf7_ak_hp_textarea&CourseofInterest=1&Name=1&PhoneNumber=1&YourEmail=1&_wpcf7=27610&_wpcf7_ak_hp_textarea=1&_wpcf7_ak_js=89&_wpcf7_container_post=29460&_wpcf7_locale=en_US&_wpcf7_posted_data_hash=1&_wpcf7_recaptcha_response=1&_wpcf7_unit_tag=wpcf7-f27610-p29460-o1&_wpcf7_version=6.1.5 HTTP/1.1" 200 40352 "-" "SiteLockSpider [en] (WinNT; I ;Nav)"
184.154.139.38 - - [05/Apr/2026:16:51:48 +0000] "GET /post-a-job/?_wpcf7_locale=en_US&PhoneNumber=1&_wpcf7_unit_tag=wpcf7-f27610-p29460-o1&_wpcf7_version=6.1.5&_wpcf7_ak_js=17&_wpcf7_recaptcha_response=1&wpcf7-f27610-p29460-o1=email HTTP/1.1" 200 40346 "-" "SiteLockSpider [en] (WinNT; I ;Nav)"
184.154.139.38 - - [05/Apr/2026:16:51:50 +0000] "GET /post-a-job/?=Submit&1=_wpcf7_unit_tag&185=_wpcf7&27610=_wpcf7_recaptcha_response&29460=_wpcf7_ak_hp_textarea&CourseofInterest=1&Name=1&PhoneNumber=1&YourEmail=1&_wp_http_referer=%2Fpost-a-job%2F%3F_wpcf7_posted_data_hash&_wpcf7=27610&_wpcf7_ak_hp_textarea=1&_wpcf7_ak_js=185&_wpcf7_container_post=29460&_wpcf7_locale=en_US&_wpcf7_posted_data_hash=1&_wpcf7_recaptcha_response=1&_wpcf7_unit_tag=wpcf7-f27610-p29460-o1&_wpcf7_version=6.1.5&company_name=1&crs_action=employer_signup&crs_signup_nonce=26b39bd7b5&email=1&en_US=PhoneNumber&password=1&wpcf7-f27610-p29460-o1=email HTTP/1.1" 200 40404 "-" "SiteLockSpider [en] (WinNT; I ;Nav)"
184.154.139.38 - - [05/Apr/2026:16:51:51 +0000] "GET /post-a-job/?_wpcf7_ak_js=248&password=1 HTTP/1.1" 200 40390 "-" "SiteLockSpider [en] (WinNT; I ;Nav)"
184.154.139.38 - - [05/Apr/2026:16:52:04 +0000] "GET /jobs/?=1&PhoneNumber=1&_wpcf7_ak_js=151&_wpcf7_locale=en_US&_wpcf7_recaptcha_response=1&_wpcf7_unit_tag=wpcf7-f27610-p29462-o1&crs_keyword=1&crs_location=1&crs_remote=1&crs_source=1 HTTP/1.1" 200 40352 "-" "SiteLockSpider [en] (WinNT; I ;Nav)"
184.154.139.38 - - [05/Apr/2026:16:52:05 +0000] "GET /jobs/?crs_remote=1&crs_location=1&crs_source=1 HTTP/1.1" 200 40333 "-" "SiteLockSpider [en] (WinNT; I ;Nav)"
184.154.139.38 - - [05/Apr/2026:16:52:06 +0000] "GET /jobs/?Name=1&CourseofInterest=1&YourEmail=1&_wpcf7_container_post=29462&_wpcf7_posted_data_hash=1&_wpcf7_ak_hp_textarea=1&_wpcf7=27610&_wpcf7_version=6.1.5&crs_source=1 HTTP/1.1" 200 40348 "-" "SiteLockSpider [en] (WinNT; I ;Nav)"
184.154.139.38 - - [05/Apr/2026:16:52:08 +0000] "GET /jobs/?Name=1&CourseofInterest=1&YourEmail=1&_wpcf7_posted_data_hash=1&_wpcf7_ak_hp_textarea=1&_wpcf7=27610&_wpcf7_unit_tag=wpcf7-f27610-p29462-o1&PhoneNumber=1&_wpcf7_locale=en_US&crs_source=1 HTTP/1.1" 200 40337 "-" "SiteLockSpider [en] (WinNT; I ;Nav)"
142.118.169.219 - - [05/Apr/2026:16:52:08 +0000] "GET /pin/content-marketing/3220a203966904.html HTTP/1.1" 404 36082 "-" "Mozilla/5.0 (Macintosh; Intel Mac OS X 12.2; rv:131.0) Gecko/20100101 Firefox/131.0"
184.154.139.38 - - [05/Apr/2026:16:52:09 +0000] "GET /jobs/?crs_source=1 HTTP/1.1" 200 40369 "-" "SiteLockSpider [en] (WinNT; I ;Nav)"
184.154.139.38 - - [05/Apr/2026:16:52:10 +0000] "GET /jobs/?=Submit&CourseofInterest=1&Name=1&PhoneNumber=1&YourEmail=1&_wpcf7=27610&_wpcf7_ak_hp_textarea=1&_wpcf7_ak_js=12&_wpcf7_container_post=29462&_wpcf7_locale=en_US&_wpcf7_posted_data_hash=1&_wpcf7_recaptcha_response=1&_wpcf7_unit_tag=wpcf7-f27610-p29462-o1&_wpcf7_version=6.1.5&crs_source=1 HTTP/1.1" 200 40313 "-" "SiteLockSpider [en] (WinNT; I ;Nav)"
184.154.139.38 - - [05/Apr/2026:16:52:11 +0000] "GET /jobs/?Name=1&CourseofInterest=1&_wpcf7_posted_data_hash=1&YourEmail=1&_wpcf7_container_post=29462&_wpcf7_ak_hp_textarea=1&_wpcf7=27610&PhoneNumber=1&_wpcf7_locale=en_US&_wpcf7_unit_tag=wpcf7-f27610-p29462-o1&crs_source=1 HTTP/1.1" 200 40337 "-" "SiteLockSpider [en] (WinNT; I ;Nav)"
184.154.139.38 - - [05/Apr/2026:16:52:12 +0000] "GET /jobs/?_wpcf7_recaptcha_response=1&_wpcf7_unit_tag=wpcf7-f27610-p29462-o1&_wpcf7_locale=en_US&crs_source=1 HTTP/1.1" 200 40344 "-" "SiteLockSpider [en] (WinNT; I ;Nav)"
184.154.139.38 - - [05/Apr/2026:16:52:13 +0000] "GET /jobs/?crs_location=1&crs_source=1 HTTP/1.1" 200 40338 "-" "SiteLockSpider [en] (WinNT; I ;Nav)"
184.154.139.38 - - [05/Apr/2026:16:52:14 +0000] "GET /jobs/?_wpcf7_posted_data_hash=1&PhoneNumber=1&crs_source=1 HTTP/1.1" 200 40328 "-" "SiteLockSpider [en] (WinNT; I ;Nav)"
57.141.18.59 - - [05/Apr/2026:16:52:22 +0000] "GET /item/5494993 HTTP/1.1" 404 36106 "-" "meta-externalagent/1.1 (+https://developers.facebook.com/docs/sharing/webmasters/crawler)"
184.154.139.38 - - [05/Apr/2026:16:52:25 +0000] "GET /post-a-job/?_wpcf7_container_post=29460&YourEmail=1&_wpcf7_posted_data_hash=1&_wpcf7_recaptcha_response=1&_wpcf7=27610&_wpcf7_ak_hp_textarea=1&_wpcf7_ak_js=117&_wpcf7_unit_tag=wpcf7-f27610-p29460-o1&PhoneNumber=1&_wpcf7_locale=en_US&Name=1&crs_signup_nonce=en_US&email=6_1_5&CourseofInterest=1&_wpcf7_version=6.1.5&1=wpcf7-f27610-p29460-o1&employer_signup=crs_signup_nonce HTTP/1.1" 200 40405 "-" "SiteLockSpider [en] (WinNT; I ;Nav)"
184.154.139.38 - - [05/Apr/2026:16:52:26 +0000] "GET /post-a-job/?_wpcf7_ak_js=164&password=1&_wpcf7_recaptcha_response=1&_wp_http_referer=%2Fpost-a-job%2F%3FYourEmail%3D1&email=1 HTTP/1.1" 200 40354 "-" "SiteLockSpider [en] (WinNT; I ;Nav)"
184.154.139.38 - - [05/Apr/2026:16:52:27 +0000] "GET /post-a-job/?=Submit&CourseofInterest=1&Name=1&PhoneNumber=1&YourEmail=1&_wpcf7=27610&_wpcf7_ak_hp_textarea=1&_wpcf7_ak_js=103&_wpcf7_container_post=29460&_wpcf7_locale=en_US&_wpcf7_posted_data_hash=1&_wpcf7_recaptcha_response=1&_wpcf7_unit_tag=wpcf7-f27610-p29460-o1&_wpcf7_version=6.1.5&email=1 HTTP/1.1" 200 40394 "-" "SiteLockSpider [en] (WinNT; I ;Nav)"
184.154.139.38 - - [05/Apr/2026:16:52:28 +0000] "GET /post-a-job/?=Submit&1=&26b39bd7b5=email&CourseofInterest=1&Name=1&PhoneNumber=1&YourEmail=1&_wp_http_referer=%2Fpost-a-job%2F%3F_wpcf7_version&_wpcf7=27610&_wpcf7_ak_hp_textarea=1&_wpcf7_ak_js=247&_wpcf7_container_post=29460&_wpcf7_locale=en_US&_wpcf7_posted_data_hash=1&_wpcf7_recaptcha_response=1&_wpcf7_unit_tag=wpcf7-f27610-p29460-o1&_wpcf7_version=company_name&employer_signup=crs_signup_nonce HTTP/1.1" 200 40386 "-" "SiteLockSpider [en] (WinNT; I ;Nav)"
202.47.43.194 - - [05/Apr/2026:16:52:28 +0000] "GET /pin/content-marketing/32907751426904.html HTTP/1.1" 404 36112 "-" "Mozilla/5.0 (Macintosh; Intel Mac OS X 12_7_2) AppleWebKit/537.36 (KHTML, like Gecko) Chrome/126.0.6478.182 Safari/537.36"
184.154.139.38 - - [05/Apr/2026:16:52:29 +0000] "GET /post-a-job/?company_name=1&CourseofInterest=1&1=_wpcf7_unit_tag&wpcf7-f27610-p29460-o1=email HTTP/1.1" 200 40346 "-" "SiteLockSpider [en] (WinNT; I ;Nav)"
184.154.139.38 - - [05/Apr/2026:16:52:29 +0000] "GET /post-a-job/?_wpcf7_posted_data_hash=1&_wpcf7_container_post=29460&YourEmail=1&_wpcf7=27610&_wpcf7_ak_hp_textarea=1&_wpcf7_ak_js=16&6_1_5=crs_signup_nonce&_wpcf7_recaptcha_response=1&PhoneNumber=1&Name=1&_wpcf7_locale=en_US&29460=employer_signup&_wpcf7_unit_tag=wpcf7-f27610-p29460-o1&146=_wpcf7_container_post&CourseofInterest=1&crs_signup_nonce=email HTTP/1.1" 200 40381 "-" "SiteLockSpider [en] (WinNT; I ;Nav)"
184.154.139.38 - - [05/Apr/2026:16:52:30 +0000] "GET /post-a-job/?=Submit&1=CourseofInterest&CourseofInterest=1&Name=1&PhoneNumber=1&YourEmail=1&_wp_http_referer=%2Fpost-a-job%2F%3FCourseofInterest&_wpcf7=27610&_wpcf7_ak_hp_textarea=1&_wpcf7_ak_js=163&_wpcf7_container_post=29460&_wpcf7_locale=en_US&_wpcf7_posted_data_hash=1&_wpcf7_recaptcha_response=1&_wpcf7_unit_tag=wpcf7-f27610-p29460-o1&_wpcf7_version=6.1.5&company_name=26b39bd7b5&crs_signup_nonce=&email=employer_signup HTTP/1.1" 200 40383 "-" "SiteLockSpider [en] (WinNT; I ;Nav)"
184.154.139.38 - - [05/Apr/2026:16:52:31 +0000] "GET /post-a-job/?_wpcf7_ak_hp_textarea=1&_wpcf7=27610&en_US=_wpcf7_posted_data_hash&27610=_wpcf7_ak_hp_textarea&_wpcf7_posted_data_hash=wpcf7-f27610-p29460-o1&YourEmail=1&_wpcf7_container_post=29460&1=_wpcf7_unit_tag&CourseofInterest=1&wpcf7-f27610-p29460-o1=_wpcf7_version HTTP/1.1" 200 40389 "-" "SiteLockSpider [en] (WinNT; I ;Nav)"
184.154.139.38 - - [05/Apr/2026:16:52:32 +0000] "GET /post-a-job/?%2Fpost-a-job%2F%3F_wpcf7_version=_wpcf7&email=CourseofInterest&en_US=_wpcf7_posted_data_hash&247=_wpcf7_container_post&27610=_wpcf7_ak_hp_textarea&wpcf7-f27610-p29460-o1=_wpcf7_version&crs_signup_nonce HTTP/1.1" 200 40364 "-" "SiteLockSpider [en] (WinNT; I ;Nav)"
184.154.139.38 - - [05/Apr/2026:16:52:33 +0000] "GET /post-a-job/?=Submit&29460=employer_signup&CourseofInterest=1&Name=1&PhoneNumber=1&YourEmail=1&_wpcf7=27610&_wpcf7_ak_hp_textarea=1&_wpcf7_ak_js=201&_wpcf7_container_post=29460&_wpcf7_locale=en_US&_wpcf7_posted_data_hash=1&_wpcf7_recaptcha_response=1&_wpcf7_unit_tag=wpcf7-f27610-p29460-o1&_wpcf7_version=6.1.5&crs_signup_nonce=email HTTP/1.1" 200 40380 "-" "SiteLockSpider [en] (WinNT; I ;Nav)"
209.141.61.34 - - [05/Apr/2026:16:52:34 +0000] "GET /wp-login.php HTTP/1.1" 200 6175 "-" "Mozilla/5.0 (Windows NT 10.0; Win64; x64) AppleWebKit/537.36 (KHTML, like Gecko) Chrome/134.0.0.0 Safari/537.36"
209.141.61.34 - - [05/Apr/2026:16:52:35 +0000] "POST /wp-login.php HTTP/1.1" 403 1013 "https://dutconsulting.com/wp-admin/" "Mozilla/5.0 (Windows NT 10.0; Win64; x64) AppleWebKit/537.36 (KHTML, like Gecko) Chrome/134.0.0.0 Safari/537.36"
209.141.61.34 - - [05/Apr/2026:16:52:36 +0000] "GET /wp-admin/ HTTP/1.1" 302 - "-" "Mozilla/5.0 (Windows NT 10.0; Win64; x64) AppleWebKit/537.36 (KHTML, like Gecko) Chrome/134.0.0.0 Safari/537.36"
209.141.61.34 - - [05/Apr/2026:16:52:36 +0000] "GET /wp-login.php?redirect_to=https%3A%2F%2Fdutconsulting.com%2Fwp-admin%2F&reauth=1 HTTP/1.1" 200 6175 "-" "Mozilla/5.0 (Windows NT 10.0; Win64; x64) AppleWebKit/537.36 (KHTML, like Gecko) Chrome/134.0.0.0 Safari/537.36"
184.154.139.38 - - [05/Apr/2026:16:52:44 +0000] "GET /jobs/?_wpcf7_ak_hp_textarea=1&CourseofInterest=1&_wpcf7_locale=en_US&_wpcf7_recaptcha_response=1&YourEmail=1&Name=1&_wpcf7_unit_tag=wpcf7-f27610-p29462-o1&crs_location=1&_wpcf7=27610&crs_source=1 HTTP/1.1" 200 40322 "-" "SiteLockSpider [en] (WinNT; I ;Nav)"
184.154.139.38 - - [05/Apr/2026:16:52:45 +0000] "GET /jobs/?crs_remote=1&PhoneNumber=1&crs_keyword=1&crs_location=1&crs_source=1 HTTP/1.1" 200 40342 "-" "SiteLockSpider [en] (WinNT; I ;Nav)"
184.154.139.38 - - [05/Apr/2026:16:52:46 +0000] "GET /jobs/?crs_keyword=1&crs_location=1&crs_source=1 HTTP/1.1" 200 40357 "-" "SiteLockSpider [en] (WinNT; I ;Nav)"
184.154.139.38 - - [05/Apr/2026:16:52:47 +0000] "GET /jobs/?_wpcf7_posted_data_hash=1&PhoneNumber=1&_wpcf7_version=6.1.5&crs_source=1 HTTP/1.1" 200 40309 "-" "SiteLockSpider [en] (WinNT; I ;Nav)"
184.154.139.38 - - [05/Apr/2026:16:52:48 +0000] "GET /jobs/?Name=1&CourseofInterest=1&crs_remote=1&YourEmail=1&_wpcf7_container_post=29462&_wpcf7_ak_hp_textarea=1&_wpcf7=27610&_wpcf7_locale=en_US&_wpcf7_unit_tag=wpcf7-f27610-p29462-o1&crs_source=1 HTTP/1.1" 200 40349 "-" "SiteLockSpider [en] (WinNT; I ;Nav)"
184.154.139.38 - - [05/Apr/2026:16:52:49 +0000] "GET /jobs/?=1&_wpcf7_ak_js=250&_wpcf7_container_post=29462&_wpcf7_posted_data_hash=1&crs_keyword=1&crs_location=1&crs_remote=1&crs_source=1 HTTP/1.1" 200 40344 "-" "SiteLockSpider [en] (WinNT; I ;Nav)"
184.154.139.38 - - [05/Apr/2026:16:52:50 +0000] "GET /jobs/?=1&PhoneNumber=1&_wpcf7_version=6.1.5&crs_keyword=1&crs_location=1&crs_remote=1&crs_source=1 HTTP/1.1" 200 40324 "-" "SiteLockSpider [en] (WinNT; I ;Nav)"
184.154.139.38 - - [05/Apr/2026:16:52:50 +0000] "GET /jobs/?_wpcf7_container_post=29462&YourEmail=1&crs_remote=1&_wpcf7_posted_data_hash=1&_wpcf7=27610&_wpcf7_ak_hp_textarea=1&Name=1&CourseofInterest=1&_wpcf7_recaptcha_response=1&_wpcf7_ak_js=245&_wpcf7_unit_tag=wpcf7-f27610-p29462-o1&_wpcf7_locale=en_US&PhoneNumber=1&crs_keyword=1&_wpcf7_version=6.1.5&crs_source=1 HTTP/1.1" 200 40333 "-" "SiteLockSpider [en] (WinNT; I ;Nav)"
184.154.139.38 - - [05/Apr/2026:16:52:51 +0000] "GET /jobs/?Name=1&CourseofInterest=1&_wpcf7_container_post=29462&YourEmail=1&_wpcf7_posted_data_hash=1&_wpcf7=27610&_wpcf7_ak_hp_textarea=1&_wpcf7_unit_tag=wpcf7-f27610-p29462-o1&_wpcf7_locale=en_US&PhoneNumber=1&_wpcf7_version=6.1.5&crs_keyword=1&crs_location=1&crs_source=1 HTTP/1.1" 200 40324 "-" "SiteLockSpider [en] (WinNT; I ;Nav)"
184.154.139.38 - - [05/Apr/2026:16:52:52 +0000] "GET /jobs/?_wpcf7_unit_tag=wpcf7-f27610-p29462-o1&PhoneNumber=1&_wpcf7_locale=en_US&Name=1&CourseofInterest=1&_wpcf7_version=6.1.5&crs_source=1 HTTP/1.1" 200 40333 "-" "SiteLockSpider [en] (WinNT; I ;Nav)"
14.191.164.78 - - [05/Apr/2026:16:52:57 +0000] "GET /pin/content-marketing/43fa1465266903.html HTTP/1.1" 404 36107 "-" "Mozilla/5.0 (Macintosh; Intel Mac OS X 11_7_0) AppleWebKit/537.36 (KHTML, like Gecko) Chrome/134.0.6998.88 Safari/537.36"
184.154.139.38 - - [05/Apr/2026:16:53:02 +0000] "GET /post-a-job/?_wpcf7_ak_js=3&employer_signup HTTP/1.1" 200 40368 "-" "SiteLockSpider [en] (WinNT; I ;Nav)"
184.154.139.38 - - [05/Apr/2026:16:53:03 +0000] "GET /post-a-job/?_wpcf7_recaptcha_response=1&_wpcf7_ak_js=95&_wpcf7_version=6.1.5&_wpcf7_unit_tag=wpcf7-f27610-p29460-o1&PhoneNumber=1&_wpcf7_locale=en_US&110=_wpcf7_container_post&27610=_wpcf7_ak_hp_textarea&_wpcf7=27610&_wpcf7_ak_hp_textarea=1&_wpcf7_container_post=29460&YourEmail=1&_wpcf7_posted_data_hash=wpcf7-f27610-p29460-o1&CourseofInterest=en_US&1=_wpcf7_unit_tag&company_name=email HTTP/1.1" 200 40405 "-" "SiteLockSpider [en] (WinNT; I ;Nav)"
184.154.139.38 - - [05/Apr/2026:16:53:04 +0000] "GET /post-a-job/?crs_signup_nonce=26b39bd7b5&email=1&_wp_http_referer=%2Fpost-a-job%2F%3F_wpcf7_posted_data_hash%3D1&_wpcf7_unit_tag=wpcf7-f27610-p29460-o1&_wpcf7_locale=en_US&PhoneNumber=1&password=1 HTTP/1.1" 200 40368 "-" "SiteLockSpider [en] (WinNT; I ;Nav)"
184.154.139.38 - - [05/Apr/2026:16:53:04 +0000] "GET /post-a-job/?=Submit&1=CourseofInterest&CourseofInterest=1&Name=1&PhoneNumber=1&YourEmail=1&_wpcf7=27610&_wpcf7_ak_hp_textarea=1&_wpcf7_ak_js=99&_wpcf7_container_post=29460&_wpcf7_locale=en_US&_wpcf7_posted_data_hash=1&_wpcf7_recaptcha_response=1&_wpcf7_unit_tag=wpcf7-f27610-p29460-o1&_wpcf7_version=6.1.5&company_name=26b39bd7b5&crs_signup_nonce=email&employer_signup= HTTP/1.1" 200 40394 "-" "SiteLockSpider [en] (WinNT; I ;Nav)"
184.154.139.38 - - [05/Apr/2026:16:53:05 +0000] "GET /post-a-job/?=Submit&1=_wpcf7_unit_tag&29460=_wpcf7_locale&CourseofInterest=1&Name=1&PhoneNumber=1&YourEmail=1&_wpcf7=27610&_wpcf7_ak_hp_textarea=1&_wpcf7_ak_js=198&_wpcf7_container_post=29460&_wpcf7_locale=en_US&_wpcf7_posted_data_hash=1&_wpcf7_recaptcha_response=1&_wpcf7_unit_tag=wpcf7-f27610-p29460-o1&_wpcf7_version=6.1.5&wpcf7-f27610-p29460-o1=_wpcf7_version HTTP/1.1" 200 40411 "-" "SiteLockSpider [en] (WinNT; I ;Nav)"
184.154.139.38 - - [05/Apr/2026:16:53:06 +0000] "GET /post-a-job/?1=_wpcf7_unit_tag&email=CourseofInterest&146=_wpcf7_container_post&6.1.5=crs_signup_nonce&29460=employer_signup&crs_signup_nonce HTTP/1.1" 200 40391 "-" "SiteLockSpider [en] (WinNT; I ;Nav)"
184.154.139.38 - - [05/Apr/2026:16:53:07 +0000] "GET /post-a-job/?=Submit&110=_wpcf7_container_post&27610=_wpcf7_ak_hp_textarea&CourseofInterest=1&Name=1&PhoneNumber=1&YourEmail=1&_wpcf7=27610&_wpcf7_ak_hp_textarea=1&_wpcf7_ak_js=184&_wpcf7_container_post=29460&_wpcf7_locale=en_US&_wpcf7_posted_data_hash=wpcf7-f27610-p29460-o1&_wpcf7_recaptcha_response=1&_wpcf7_unit_tag=wpcf7-f27610-p29460-o1&_wpcf7_version=6.1.5 HTTP/1.1" 200 40362 "-" "SiteLockSpider [en] (WinNT; I ;Nav)"
184.154.139.38 - - [05/Apr/2026:16:53:08 +0000] "GET /post-a-job/?_wpcf7_posted_data_hash=1&YourEmail=1&_wpcf7_container_post=29460&_wpcf7_ak_hp_textarea=1&_wpcf7=27610&Name=1&company_name=26b39bd7b5&1=CourseofInterest&CourseofInterest=1&_wpcf7_ak_js=99&employer_signup HTTP/1.1" 200 40365 "-" "SiteLockSpider [en] (WinNT; I ;Nav)"
184.154.139.38 - - [05/Apr/2026:16:53:09 +0000] "GET /post-a-job/?=Submit&1=_wpcf7_unit_tag&CourseofInterest=1&Name=1&PhoneNumber=1&YourEmail=1&_wpcf7=27610&_wpcf7_ak_hp_textarea=1&_wpcf7_ak_js=49&_wpcf7_container_post=29460&_wpcf7_locale=en_US&_wpcf7_posted_data_hash=1&_wpcf7_recaptcha_response=1&_wpcf7_unit_tag=wpcf7-f27610-p29460-o1&_wpcf7_version=6.1.5&wpcf7-f27610-p29460-o1=_wpcf7_version HTTP/1.1" 200 40393 "-" "SiteLockSpider [en] (WinNT; I ;Nav)"
160.238.242.2 - - [05/Apr/2026:16:53:10 +0000] "GET /wp-login.php HTTP/1.1" 200 6175 "-" "Mozilla/5.0 (Windows NT 10.0; Win64; x64) AppleWebKit/537.36 (KHTML, like Gecko) Chrome/66.0.3359.139 Safari/537.36"
184.154.139.38 - - [05/Apr/2026:16:53:10 +0000] "GET /post-a-job/?=Submit&%2Fpost-a-job%2F%3F_wpcf7_posted_data_hash=&1=_wpcf7_recaptcha_response&242=_wpcf7_container_post&27610=_wpcf7_ak_hp_textarea&29460=_wpcf7_locale&6_1_5=password&CourseofInterest=_wpcf7_version&Name=1&PhoneNumber=1&YourEmail=1&_wpcf7=27610&_wpcf7_ak_hp_textarea=1&_wpcf7_ak_js=email&_wpcf7_container_post=_wpcf7_unit_tag&_wpcf7_locale=en_US&_wpcf7_posted_data_hash=1&_wpcf7_recaptcha_response=1&_wpcf7_unit_tag=wpcf7-f27610-p29460-o1&_wpcf7_version=6.1.5&email=crs_signup_nonce&en_US=_wpcf7_posted_data_hash HTTP/1.1" 200 40389 "-" "SiteLockSpider [en] (WinNT; I ;Nav)"
160.238.242.2 - - [05/Apr/2026:16:53:11 +0000] "POST /wp-login.php HTTP/1.1" 403 1013 "https://dutconsulting.com/wp-login.php" "Mozilla/5.0 (Windows NT 10.0; Win64; x64) AppleWebKit/537.36 (KHTML, like Gecko) Chrome/66.0.3359.139 Safari/537.36"
45.131.195.13 - - [05/Apr/2026:16:53:14 +0000] "POST /wp-login.php HTTP/1.1" 200 6546 "-" "Mozilla/5.0"
184.154.139.38 - - [05/Apr/2026:16:53:19 +0000] "GET /jobs/?_wpcf7_unit_tag=wpcf7-f27610-p29462-o1&PhoneNumber=1&_wpcf7_locale=en_US&_wpcf7_version=6.1.5&crs_source=1 HTTP/1.1" 200 40303 "-" "SiteLockSpider [en] (WinNT; I ;Nav)"
184.154.139.38 - - [05/Apr/2026:16:53:20 +0000] "GET /jobs/?_wpcf7_unit_tag=wpcf7-f27610-p29462-o1&Name=1&_wpcf7_locale=en_US&PhoneNumber=1&crs_keyword=1&_wpcf7_version=6.1.5&CourseofInterest=1&crs_source=1 HTTP/1.1" 200 40330 "-" "SiteLockSpider [en] (WinNT; I ;Nav)"
184.154.139.38 - - [05/Apr/2026:16:53:21 +0000] "GET /jobs/?_wpcf7_recaptcha_response=1&_wpcf7_ak_js=151&_wpcf7_unit_tag=wpcf7-f27610-p29462-o1&_wpcf7_locale=en_US&PhoneNumber=1&crs_keyword=1&crs_source=1 HTTP/1.1" 200 40367 "-" "SiteLockSpider [en] (WinNT; I ;Nav)"
184.154.139.38 - - [05/Apr/2026:16:53:21 +0000] "GET /jobs/?=1&CourseofInterest=1&Name=1&PhoneNumber=1&YourEmail=1&_wpcf7=27610&_wpcf7_ak_hp_textarea=1&_wpcf7_ak_js=114&_wpcf7_container_post=29462&_wpcf7_locale=en_US&_wpcf7_posted_data_hash=1&_wpcf7_recaptcha_response=1&_wpcf7_unit_tag=wpcf7-f27610-p29462-o1&crs_keyword=1&crs_location=1&crs_remote=1&crs_source=1 HTTP/1.1" 200 40319 "-" "SiteLockSpider [en] (WinNT; I ;Nav)"
184.154.139.38 - - [05/Apr/2026:16:53:22 +0000] "GET /jobs/?crs_remote=1&_wpcf7_recaptcha_response=1&_wpcf7_ak_js=151&_wpcf7_unit_tag=wpcf7-f27610-p29462-o1&PhoneNumber=1&_wpcf7_locale=en_US&crs_location=1&crs_source=1 HTTP/1.1" 200 40319 "-" "SiteLockSpider [en] (WinNT; I ;Nav)"
184.154.139.38 - - [05/Apr/2026:16:53:23 +0000] "GET /jobs/?=1&CourseofInterest=1&Name=1&YourEmail=1&_wpcf7=27610&_wpcf7_ak_hp_textarea=1&_wpcf7_container_post=29462&_wpcf7_locale=en_US&_wpcf7_unit_tag=wpcf7-f27610-p29462-o1&crs_keyword=1&crs_location=1&crs_remote=1&crs_source=1 HTTP/1.1" 200 40325 "-" "SiteLockSpider [en] (WinNT; I ;Nav)"
184.154.139.38 - - [05/Apr/2026:16:53:24 +0000] "GET /jobs/?_wpcf7_ak_hp_textarea=1&_wpcf7_locale=en_US&CourseofInterest=1&YourEmail=1&_wpcf7_recaptcha_response=1&_wpcf7_unit_tag=wpcf7-f27610-p29462-o1&Name=1&_wpcf7=27610&crs_location=1&_wpcf7_container_post=29462&_wpcf7_ak_js=1&crs_remote=1&_wpcf7_version=6.1.5&crs_source=1 HTTP/1.1" 200 40353 "-" "SiteLockSpider [en] (WinNT; I ;Nav)"
184.154.139.38 - - [05/Apr/2026:16:53:25 +0000] "GET /jobs/?CourseofInterest=1&Name=1&_wpcf7_ak_hp_textarea=1&_wpcf7=27610&crs_remote=1&YourEmail=1&crs_source=1 HTTP/1.1" 200 40335 "-" "SiteLockSpider [en] (WinNT; I ;Nav)"
184.154.139.38 - - [05/Apr/2026:16:53:26 +0000] "GET /jobs/?_wpcf7_recaptcha_response=1&YourEmail=1&CourseofInterest=1&_wpcf7_locale=en_US&_wpcf7_ak_hp_textarea=1&_wpcf7=27610&Name=1&_wpcf7_unit_tag=wpcf7-f27610-p29462-o1&crs_source=1 HTTP/1.1" 200 40323 "-" "SiteLockSpider [en] (WinNT; I ;Nav)"
111.90.170.234 - - [05/Apr/2026:16:53:27 +0000] "GET /pin/content-marketing/45728942036903.html HTTP/1.1" 404 36125 "-" "Mozilla/5.0 (Macintosh; Intel Mac OS X 12_5_0) AppleWebKit/537.36 (KHTML, like Gecko) Chrome/130.0.6723.69 Safari/537.36"
184.154.139.38 - - [05/Apr/2026:16:53:27 +0000] "GET /jobs/?_wpcf7_locale=en_US&_wpcf7_unit_tag=wpcf7-f27610-p29462-o1&crs_source=1 HTTP/1.1" 200 40357 "-" "SiteLockSpider [en] (WinNT; I ;Nav)"
184.154.139.38 - - [05/Apr/2026:16:53:36 +0000] "GET /post-a-job/?1=employer_signup&crs_signup_nonce=password&email=29460&employer_signup=crs_signup_nonce&1 HTTP/1.1" 200 40376 "-" "SiteLockSpider [en] (WinNT; I ;Nav)"
184.154.139.38 - - [05/Apr/2026:16:53:37 +0000] "GET /post-a-job/?26b39bd7b5=email&1 HTTP/1.1" 200 40399 "-" "SiteLockSpider [en] (WinNT; I ;Nav)"
184.154.139.38 - - [05/Apr/2026:16:53:38 +0000] "GET /post-a-job/?=Submit&1=_wpcf7_unit_tag&229=_wpcf7_container_post&27610=_wpcf7_ak_hp_textarea&29460=_wpcf7_locale&6_1_5=CourseofInterest&CourseofInterest=1&Name=1&PhoneNumber=1&YourEmail=1&_wpcf7=27610&_wpcf7_ak_hp_textarea=1&_wpcf7_ak_js=77&_wpcf7_container_post=29460&_wpcf7_locale=en_US&_wpcf7_posted_data_hash=1&_wpcf7_recaptcha_response=1&_wpcf7_unit_tag=wpcf7-f27610-p29460-o1&_wpcf7_version=6.1.5&en_US=_wpcf7_posted_data_hash&wpcf7-f27610-p29460-o1=_wpcf7_version HTTP/1.1" 200 40366 "-" "SiteLockSpider [en] (WinNT; I ;Nav)"
184.154.139.38 - - [05/Apr/2026:16:53:38 +0000] "GET /post-a-job/?_wpcf7_posted_data_hash=wpcf7-f27610-p29460-o1&YourEmail=1&_wpcf7_container_post=29460&_wpcf7_ak_hp_textarea=1&_wpcf7=27610&Name=1&29460=_wpcf7_locale&company_name=employer_signup HTTP/1.1" 200 40379 "-" "SiteLockSpider [en] (WinNT; I ;Nav)"
184.154.139.38 - - [05/Apr/2026:16:53:39 +0000] "GET /post-a-job/?=Submit&%2Fpost-a-job%2F%3F_wpcf7_version=company_name&1=wpcf7-f27610-p29460-o1&26b39bd7b5=email&CourseofInterest=1&Name=1&PhoneNumber=1&YourEmail=1&_wpcf7=27610&_wpcf7_ak_hp_textarea=1&_wpcf7_ak_js=130&_wpcf7_container_post=29460&_wpcf7_locale=en_US&_wpcf7_posted_data_hash=1&_wpcf7_recaptcha_response=1&_wpcf7_unit_tag=password&_wpcf7_version=6.1.5&company_name=CourseofInterest&crs_signup_nonce=en_US&email=6_1_5&employer_signup=crs_signup_nonce HTTP/1.1" 200 40386 "-" "SiteLockSpider [en] (WinNT; I ;Nav)"
34.233.219.155 - - [05/Apr/2026:16:53:40 +0000] "GET /2016/04/25/expansion-africa-project/ HTTP/1.1" 200 46651 "-" "Mozilla/5.0 AppleWebKit/537.36 (KHTML, like Gecko; compatible; Amazonbot/0.1; +https://developer.amazon.com/support/amazonbot) Chrome/119.0.6045.214 Safari/537.36"
184.154.139.38 - - [05/Apr/2026:16:53:40 +0000] "GET /post-a-job/?_wpcf7_recaptcha_response=_wp_http_referer&%2Fpost-a-job%2F%3F_wpcf7_recaptcha_response=company_name&26b39bd7b5=email&employer_signup=crs_signup_nonce&crs_signup_nonce=password&email=27610&1=employer_signup&1 HTTP/1.1" 200 40384 "-" "SiteLockSpider [en] (WinNT; I ;Nav)"
66.249.77.231 - - [05/Apr/2026:16:53:41 +0000] "GET /pin/discount/9b89447150402.html HTTP/1.1" 404 36095 "-" "Mozilla/5.0 (Linux; Android 6.0.1; Nexus 5X Build/MMB29P) AppleWebKit/537.36 (KHTML, like Gecko) Chrome/146.0.7680.177 Mobile Safari/537.36 (compatible; Googlebot/2.1; +http://www.google.com/bot.html)"
184.154.139.38 - - [05/Apr/2026:16:53:41 +0000] "GET /post-a-job/?_wpcf7_recaptcha_response=1&_wpcf7_ak_js=135&_wpcf7_unit_tag=wpcf7-f27610-p29460-o1&_wpcf7_locale=en_US&PhoneNumber=1&_wpcf7_version=6.1.5&_wpcf7_container_post=29460&YourEmail=1&_wpcf7_posted_data_hash=1&110=_wpcf7_container_post&27610=_wpcf7_ak_hp_textarea&_wpcf7=27610&_wpcf7_ak_hp_textarea=1&Name=1&CourseofInterest=1&company_name=en_US HTTP/1.1" 200 40366 "-" "SiteLockSpider [en] (WinNT; I ;Nav)"
184.154.139.38 - - [05/Apr/2026:16:53:42 +0000] "GET /post-a-job/?=Submit&CourseofInterest=1&Name=1&PhoneNumber=1&YourEmail=1&_wp_http_referer=%2Fpost-a-job%2F%3Fen_US%3D_wpcf7_posted_data_hash&_wpcf7=27610&_wpcf7_ak_hp_textarea=1&_wpcf7_ak_js=95&_wpcf7_container_post=29460&_wpcf7_locale=en_US&_wpcf7_posted_data_hash=1&_wpcf7_recaptcha_response=1&_wpcf7_unit_tag=wpcf7-f27610-p29460-o1&_wpcf7_version=6.1.5&company_name=1&crs_action=employer_signup&crs_signup_nonce=26b39bd7b5&email=1&en_US=_wpcf7_posted_data_hash&password=1 HTTP/1.1" 200 40374 "-" "SiteLockSpider [en] (WinNT; I ;Nav)"
184.154.139.38 - - [05/Apr/2026:16:53:43 +0000] "GET /post-a-job/?_wpcf7_ak_js=185&_wpcf7_ak_hp_textarea=1&_wpcf7=27610&_wpcf7_recaptcha_response=1&_wpcf7_posted_data_hash=1&YourEmail=1&_wpcf7_container_post=29460&1=crs_signup_nonce&crs_signup_nonce=password&CourseofInterest=1&_wpcf7_version=6.1.5&PhoneNumber=1&Name=1&_wpcf7_locale=en_US&email HTTP/1.1" 200 40380 "-" "SiteLockSpider [en] (WinNT; I ;Nav)"
184.154.139.38 - - [05/Apr/2026:16:53:44 +0000] "GET /post-a-job/?_wpcf7_version=6.1.5&email=1&crs_signup_nonce=26b39bd7b5&185=_wpcf7&_wpcf7_unit_tag=wpcf7-f27610-p29460-o1&_wp_http_referer=%2Fpost-a-job%2F%3F_wpcf7_posted_data_hash&_wpcf7_locale=en_US&PhoneNumber=1&_wpcf7_recaptcha_response=1&password=1&_wpcf7_ak_js=185&CourseofInterest=1&1=_wpcf7_unit_tag&company_name=1&29460=_wpcf7_ak_hp_textarea&wpcf7-f27610-p29460-o1=email HTTP/1.1" 200 40425 "-" "SiteLockSpider [en] (WinNT; I ;Nav)"
44.209.187.99 - - [05/Apr/2026:16:53:47 +0000] "GET /portfolios/ HTTP/1.1" 200 87750 "-" "Mozilla/5.0 AppleWebKit/537.36 (KHTML, like Gecko; compatible; Amazonbot/0.1; +https://developer.amazon.com/support/amazonbot) Chrome/119.0.6045.214 Safari/537.36"
184.154.139.38 - - [05/Apr/2026:16:53:53 +0000] "GET /jobs/?PhoneNumber=1&crs_location=1&crs_source=1 HTTP/1.1" 200 40319 "-" "SiteLockSpider [en] (WinNT; I ;Nav)"
14.236.188.188 - - [05/Apr/2026:16:53:54 +0000] "GET /pin/content-marketing/48986340366904.html HTTP/1.1" 404 36125 "-" "Mozilla/5.0 (Windows NT 10.0; Win64; x64) AppleWebKit/537.36 (KHTML, like Gecko) Chrome/131.0.6778.204 Safari/537.36"
184.154.139.38 - - [05/Apr/2026:16:53:54 +0000] "GET /jobs/?=1&YourEmail=1&_wpcf7=27610&_wpcf7_ak_hp_textarea=1&_wpcf7_ak_js=224&_wpcf7_container_post=29462&_wpcf7_posted_data_hash=1&_wpcf7_recaptcha_response=1&crs_keyword=1&crs_location=1&crs_remote=1&crs_source=1 HTTP/1.1" 200 40344 "-" "SiteLockSpider [en] (WinNT; I ;Nav)"
184.154.139.38 - - [05/Apr/2026:16:53:55 +0000] "GET /jobs/?=1&CourseofInterest=1&Name=1&YourEmail=1&_wpcf7=27610&_wpcf7_ak_hp_textarea=1&_wpcf7_locale=en_US&_wpcf7_recaptcha_response=1&_wpcf7_unit_tag=wpcf7-f27610-p29462-o1&crs_keyword=1&crs_location=1&crs_remote=1&crs_source=1 HTTP/1.1" 200 40343 "-" "SiteLockSpider [en] (WinNT; I ;Nav)"
184.154.139.38 - - [05/Apr/2026:16:53:56 +0000] "GET /jobs/?=Submit&CourseofInterest=1&Name=1&PhoneNumber=1&YourEmail=1&_wpcf7=27610&_wpcf7_ak_hp_textarea=1&_wpcf7_ak_js=1&_wpcf7_container_post=29462&_wpcf7_locale=en_US&_wpcf7_posted_data_hash=1&_wpcf7_recaptcha_response=1&_wpcf7_unit_tag=wpcf7-f27610-p29462-o1&_wpcf7_version=6.1.5&crs_location=1&crs_remote=1&crs_source=1 HTTP/1.1" 200 40351 "-" "SiteLockSpider [en] (WinNT; I ;Nav)"
184.154.139.38 - - [05/Apr/2026:16:53:57 +0000] "GET /jobs/?_wpcf7_ak_js=154&crs_keyword=1&_wpcf7_version=6.1.5&crs_location=1&crs_source=1 HTTP/1.1" 200 40337 "-" "SiteLockSpider [en] (WinNT; I ;Nav)"
184.154.139.38 - - [05/Apr/2026:16:53:58 +0000] "GET /jobs/?_wpcf7_version=6.1.5&crs_keyword=1&CourseofInterest=1&crs_location=1&crs_source=1 HTTP/1.1" 200 40342 "-" "SiteLockSpider [en] (WinNT; I ;Nav)"
184.154.139.38 - - [05/Apr/2026:16:53:59 +0000] "GET /jobs/?CourseofInterest=1&Name=1&_wpcf7=27610&_wpcf7_ak_hp_textarea=1&crs_remote=1&YourEmail=1&crs_location=1&crs_source=1 HTTP/1.1" 200 40339 "-" "SiteLockSpider [en] (WinNT; I ;Nav)"
184.154.139.38 - - [05/Apr/2026:16:54:00 +0000] "GET /jobs/?=1&CourseofInterest=1&Name=1&PhoneNumber=1&YourEmail=1&_wpcf7=27610&_wpcf7_ak_hp_textarea=1&_wpcf7_locale=en_US&_wpcf7_posted_data_hash=1&_wpcf7_recaptcha_response=1&_wpcf7_unit_tag=wpcf7-f27610-p29462-o1&crs_keyword=1&crs_location=1&crs_remote=1&crs_source=1 HTTP/1.1" 200 40352 "-" "SiteLockSpider [en] (WinNT; I ;Nav)"
184.154.139.38 - - [05/Apr/2026:16:54:01 +0000] "GET /jobs/?=1&CourseofInterest=1&Name=1&YourEmail=1&_wpcf7=27610&_wpcf7_ak_hp_textarea=1&_wpcf7_locale=en_US&_wpcf7_unit_tag=wpcf7-f27610-p29462-o1&crs_keyword=1&crs_location=1&crs_remote=1&crs_source=1 HTTP/1.1" 200 40344 "-" "SiteLockSpider [en] (WinNT; I ;Nav)"
184.154.139.38 - - [05/Apr/2026:16:54:01 +0000] "GET /jobs/?=1&_wpcf7_locale=en_US&_wpcf7_unit_tag=wpcf7-f27610-p29462-o1&crs_keyword=1&crs_location=1&crs_remote=1&crs_source=1 HTTP/1.1" 200 40339 "-" "SiteLockSpider [en] (WinNT; I ;Nav)"
66.249.77.231 - - [05/Apr/2026:16:54:09 +0000] "GET /pin/email-marketing/07b55179242203.html HTTP/1.1" 404 36106 "-" "Mozilla/5.0 (Linux; Android 6.0.1; Nexus 5X Build/MMB29P) AppleWebKit/537.36 (KHTML, like Gecko) Chrome/146.0.7680.177 Mobile Safari/537.36 (compatible; GoogleOther)"
66.249.77.229 - - [05/Apr/2026:16:54:10 +0000] "GET /item/5127201 HTTP/1.1" 404 36110 "-" "Mozilla/5.0 (Linux; Android 6.0.1; Nexus 5X Build/MMB29P) AppleWebKit/537.36 (KHTML, like Gecko) Chrome/146.0.7680.177 Mobile Safari/537.36 (compatible; Googlebot/2.1; +http://www.google.com/bot.html)"
184.154.139.38 - - [05/Apr/2026:16:54:10 +0000] "GET /post-a-job/?Name=1&wpcf7-f27610-p29460-o1=_wpcf7_version HTTP/1.1" 200 40351 "-" "SiteLockSpider [en] (WinNT; I ;Nav)"
66.249.77.229 - - [05/Apr/2026:16:54:11 +0000] "GET /ads.txt HTTP/1.1" 404 36086 "-" "Mozilla/5.0 (compatible; Googlebot/2.1; +http://www.google.com/bot.html)"
184.154.139.38 - - [05/Apr/2026:16:54:11 +0000] "GET /post-a-job/?=Submit&1=_wpcf7_unit_tag&146=_wpcf7_container_post&29460=employer_signup&6_1_5=crs_signup_nonce&CourseofInterest=1&Name=1&PhoneNumber=1&YourEmail=1&_wpcf7=27610&_wpcf7_ak_hp_textarea=1&_wpcf7_ak_js=16&_wpcf7_container_post=29460&_wpcf7_locale=en_US&_wpcf7_posted_data_hash=1&_wpcf7_recaptcha_response=1&_wpcf7_unit_tag=wpcf7-f27610-p29460-o1&_wpcf7_version=6.1.5&crs_signup_nonce=email HTTP/1.1" 200 40358 "-" "SiteLockSpider [en] (WinNT; I ;Nav)"
66.249.77.229 - - [05/Apr/2026:16:54:12 +0000] "GET /shopdetail/yxgucg_d100116117 HTTP/1.1" 404 36110 "-" "Mozilla/5.0 (compatible; Googlebot/2.1; +http://www.google.com/bot.html)"
184.154.139.38 - - [05/Apr/2026:16:54:12 +0000] "GET /post-a-job/?_wp_http_referer=%2Fpost-a-job%2F%3F_wpcf7_recaptcha_response%3D1&email=1 HTTP/1.1" 200 40390 "-" "SiteLockSpider [en] (WinNT; I ;Nav)"
184.154.139.38 - - [05/Apr/2026:16:54:13 +0000] "GET /post-a-job/?229=_wpcf7_container_post&6_1_5=CourseofInterest&_wpcf7_ak_js=77&_wpcf7_recaptcha_response=1&_wpcf7_locale=en_US&PhoneNumber=1&_wpcf7_unit_tag=wpcf7-f27610-p29460-o1&_wpcf7_version=6.1.5&_wpcf7_posted_data_hash=1&YourEmail=1&_wpcf7_container_post=29460&_wpcf7_ak_hp_textarea=1&_wpcf7=27610&Name=1&wpcf7-f27610-p29460-o1=_wpcf7_version HTTP/1.1" 200 40385 "-" "SiteLockSpider [en] (WinNT; I ;Nav)"
184.154.139.38 - - [05/Apr/2026:16:54:14 +0000] "GET /post-a-job/?1=password&employer_signup=crs_signup_nonce&1 HTTP/1.1" 200 40366 "-" "SiteLockSpider [en] (WinNT; I ;Nav)"
66.249.77.229 - - [05/Apr/2026:16:54:14 +0000] "GET /ads.txt HTTP/1.1" 404 36076 "-" "Mozilla/5.0 (compatible; Googlebot/2.1; +http://www.google.com/bot.html)"
184.154.139.38 - - [05/Apr/2026:16:54:15 +0000] "GET /post-a-job/?YourEmail=1&_wpcf7_container_post=29460&_wpcf7_posted_data_hash=1&_wpcf7_ak_hp_textarea=1&_wpcf7=27610&Name=1&wpcf7-f27610-p29460-o1=_wpcf7_version HTTP/1.1" 200 40388 "-" "SiteLockSpider [en] (WinNT; I ;Nav)"
184.154.139.38 - - [05/Apr/2026:16:54:16 +0000] "GET /post-a-job/?_wpcf7_version=6.1.5&email=1 HTTP/1.1" 200 40389 "-" "SiteLockSpider [en] (WinNT; I ;Nav)"
184.154.139.38 - - [05/Apr/2026:16:54:17 +0000] "GET /post-a-job/?_wpcf7_unit_tag=wpcf7-f27610-p29460-o1&_wpcf7_locale=en_US&PhoneNumber=1&_wpcf7_version=6.1.5 HTTP/1.1" 200 40365 "-" "SiteLockSpider [en] (WinNT; I ;Nav)"
184.154.139.38 - - [05/Apr/2026:16:54:18 +0000] "GET /post-a-job/?_wpcf7=27610&_wpcf7_ak_hp_textarea=1&_wpcf7_container_post=29460&YourEmail=1&_wpcf7_posted_data_hash=1&CourseofInterest=1&1=CourseofInterest&company_name=26b39bd7b5&crs_signup_nonce HTTP/1.1" 200 40408 "-" "SiteLockSpider [en] (WinNT; I ;Nav)"
184.154.139.38 - - [05/Apr/2026:16:54:19 +0000] "GET /post-a-job/?_wpcf7_posted_data_hash=1&YourEmail=1&_wpcf7_container_post=29460&_wpcf7_ak_hp_textarea=1&_wpcf7=27610&crs_action=employer_signup&en_US=PhoneNumber&27610=_wpcf7_recaptcha_response&wpcf7-f27610-p29460-o1=email HTTP/1.1" 200 40367 "-" "SiteLockSpider [en] (WinNT; I ;Nav)"
146.174.179.216 - - [05/Apr/2026:16:54:22 +0000] "GET /pin/content-marketing/495512868886901.html HTTP/1.1" 404 36111 "-" "Mozilla/5.0 (Macintosh; Intel Mac OS X 13_6_3) AppleWebKit/537.36 (KHTML, like Gecko) Chrome/131.0.6778.139 Safari/537.36"
184.154.139.38 - - [05/Apr/2026:16:54:27 +0000] "GET /jobs/?_wpcf7=27610&_wpcf7_ak_hp_textarea=1&_wpcf7_ak_js=224&_wpcf7_recaptcha_response=1&_wpcf7_posted_data_hash=1&_wpcf7_container_post=29462&YourEmail=1&crs_source=1 HTTP/1.1" 200 40365 "-" "SiteLockSpider [en] (WinNT; I ;Nav)"
184.154.139.38 - - [05/Apr/2026:16:54:28 +0000] "GET /jobs/?=1&CourseofInterest=1&Name=1&YourEmail=1&_wpcf7=27610&_wpcf7_ak_hp_textarea=1&crs_keyword=1&crs_location=1&crs_remote=1&crs_source=1 HTTP/1.1" 200 40349 "-" "SiteLockSpider [en] (WinNT; I ;Nav)"
184.154.139.38 - - [05/Apr/2026:16:54:29 +0000] "GET /jobs/?=1&_wpcf7_recaptcha_response=1&_wpcf7_version=6.1.5&crs_keyword=1&crs_location=1&crs_remote=1&crs_source=1 HTTP/1.1" 200 40314 "-" "SiteLockSpider [en] (WinNT; I ;Nav)"
184.154.139.38 - - [05/Apr/2026:16:54:30 +0000] "GET /jobs/?crs_remote=1&_wpcf7_version=6.1.5&crs_source=1 HTTP/1.1" 200 40329 "-" "SiteLockSpider [en] (WinNT; I ;Nav)"
184.154.139.38 - - [05/Apr/2026:16:54:31 +0000] "GET /jobs/?=1&CourseofInterest=1&_wpcf7_version=6.1.5&crs_keyword=1&crs_location=1&crs_remote=1&crs_source=1 HTTP/1.1" 200 40339 "-" "SiteLockSpider [en] (WinNT; I ;Nav)"
184.154.139.38 - - [05/Apr/2026:16:54:32 +0000] "GET /jobs/?_wpcf7_ak_hp_textarea=1&_wpcf7=27610&YourEmail=1&crs_remote=1&_wpcf7_posted_data_hash=1&CourseofInterest=1&Name=1&_wpcf7_recaptcha_response=1&crs_source=1 HTTP/1.1" 200 40340 "-" "SiteLockSpider [en] (WinNT; I ;Nav)"
184.154.139.38 - - [05/Apr/2026:16:54:33 +0000] "GET /jobs/?_wpcf7_unit_tag=wpcf7-f27610-p29462-o1&_wpcf7_locale=en_US&crs_keyword=1&crs_location=1&crs_source=1 HTTP/1.1" 200 40325 "-" "SiteLockSpider [en] (WinNT; I ;Nav)"
114.119.148.108 - - [05/Apr/2026:16:54:33 +0000] "GET /calendar/action~oneday/exact_date~19-8-2021 HTTP/1.1" 301 - "https://www.dutconsulting.com/calendar/action~month/exact_date~1627776000/request_format~json" "Mozilla/5.0 (Linux; Android 7.0;) AppleWebKit/537.36 (KHTML, like Gecko) Mobile Safari/537.36 (compatible; PetalBot;+https://webmaster.petalsearch.com/site/petalbot)"
184.154.139.38 - - [05/Apr/2026:16:54:34 +0000] "GET /jobs/?=1&CourseofInterest=1&Name=1&PhoneNumber=1&YourEmail=1&_wpcf7=27610&_wpcf7_ak_hp_textarea=1&_wpcf7_container_post=29462&_wpcf7_locale=en_US&_wpcf7_posted_data_hash=1&_wpcf7_unit_tag=wpcf7-f27610-p29462-o1&_wpcf7_version=6.1.5&crs_keyword=1&crs_location=1&crs_remote=1&crs_source=1 HTTP/1.1" 200 40361 "-" "SiteLockSpider [en] (WinNT; I ;Nav)"
114.119.148.108 - - [05/Apr/2026:16:54:35 +0000] "GET /calendar/action~oneday/exact_date~19-8-2021 HTTP/1.1" 404 36093 "https://www.dutconsulting.com/calendar/action~month/exact_date~1627776000/request_format~json" "Mozilla/5.0 (Linux; Android 7.0;) AppleWebKit/537.36 (KHTML, like Gecko) Mobile Safari/537.36 (compatible; PetalBot;+https://webmaster.petalsearch.com/site/petalbot)"
184.154.139.38 - - [05/Apr/2026:16:54:35 +0000] "GET /jobs/?=1&_wpcf7_ak_js=156&_wpcf7_recaptcha_response=1&_wpcf7_version=6.1.5&crs_keyword=1&crs_location=1&crs_remote=1&crs_source=1 HTTP/1.1" 200 40324 "-" "SiteLockSpider [en] (WinNT; I ;Nav)"
184.154.139.38 - - [05/Apr/2026:16:54:36 +0000] "GET /jobs/?_wpcf7_recaptcha_response=1&crs_source=1 HTTP/1.1" 200 40354 "-" "SiteLockSpider [en] (WinNT; I ;Nav)"
3.94.199.128 - - [05/Apr/2026:16:54:36 +0000] "GET /2017/ HTTP/1.1" 200 45344 "-" "Mozilla/5.0 AppleWebKit/537.36 (KHTML, like Gecko; compatible; Amazonbot/0.1; +https://developer.amazon.com/support/amazonbot) Chrome/119.0.6045.214 Safari/537.36"
184.154.139.38 - - [05/Apr/2026:16:54:45 +0000] "GET /post-a-job/?wpcf7-f27610-p29460-o1=_wpcf7_version&29460=_wpcf7_locale&1=_wpcf7_unit_tag&en_US=_wpcf7_posted_data_hash&27610=_wpcf7_ak_hp_textarea&6.1.5 HTTP/1.1" 200 40393 "-" "SiteLockSpider [en] (WinNT; I ;Nav)"
184.154.139.38 - - [05/Apr/2026:16:54:45 +0000] "GET /post-a-job/?CourseofInterest=1&Name=1&_wpcf7_ak_hp_textarea=1&_wpcf7=27610&YourEmail=1&_wpcf7_container_post=29460&_wpcf7_posted_data_hash=1&224=_wpcf7_container_post&_wpcf7_version=6.1.5 HTTP/1.1" 200 40414 "-" "SiteLockSpider [en] (WinNT; I ;Nav)"
184.154.139.38 - - [05/Apr/2026:16:54:46 +0000] "GET /post-a-job/?=1&Name=1&PhoneNumber=1&YourEmail=1&_wp_http_referer=%2Fpost-a-job%2F%3F_wpcf7_posted_data_hash%3D1&_wpcf7=27610&_wpcf7_ak_hp_textarea=1&_wpcf7_container_post=29460&_wpcf7_locale=en_US&_wpcf7_posted_data_hash=1&_wpcf7_unit_tag=wpcf7-f27610-p29460-o1&company_name=1&crs_action=employer_signup&crs_signup_nonce=26b39bd7b5&email=1&password=1 HTTP/1.1" 200 40388 "-" "SiteLockSpider [en] (WinNT; I ;Nav)"
